{"id":711297,"date":"2025-08-27T16:44:05","date_gmt":"2025-08-27T13:44:05","guid":{"rendered":"https:\/\/roveyayinevi.com.tr\/index.php\/urun\/fotografi-elestirmek-imgeleri-anlamaya-giris\/"},"modified":"2026-03-12T02:27:25","modified_gmt":"2026-03-11T23:27:25","slug":"fotografi-elestirmek-imgeleri-anlamaya-giris","status":"publish","type":"product","link":"https:\/\/roveyayinevi.com.tr\/index.php\/urun\/fotografi-elestirmek-imgeleri-anlamaya-giris\/","title":{"rendered":"Foto\u011fraf\u0131 Ele\u015ftirmek \u0130mgeleri Anlamaya Giri\u015f"},"content":{"rendered":"<p>Elinizdeki kitab\u0131n ikinci bask\u0131s\u0131na renkli ve siyah beyaz olmak \u00fczere 50 yeni ve ilgi \u00e7ekici foto\u011fraf eklendi. Bu harika metin size, ele\u015ftirinin temel aktivitelerine (betimleme, yorumlama, yarg\u0131da bulunma ve kuramsalla\u015ft\u0131rma) dayanarak, ele\u015ftirel s\u00fcre\u00e7lere dahil olman\u0131z\u0131 sa\u011flayacak kolay anla\u015f\u0131l\u0131r bir \u00e7er\u00e7eve ve s\u00f6z da\u011farc\u0131\u011f\u0131 sunuyor.           \u201cBarrett\u2019in foto\u011fraflar hakk\u0131nda ele\u015ftirel yarg\u0131larda bulurken ak\u0131lda tutmay\u0131 \u00f6nerdi\u011fi kavramsal \u00e7er\u00e7eveden etkilenmemek elde de\u011fil.\u201d Studies in Art Education, JEROME HAUSMAN       \u201cCanl\u0131 ve cazip bir kitap bu ve ele\u015ftiri prati\u011fi ve i\u015flevinin alt\u0131nda yatan toplumsal ve siyasi varsay\u0131mlar\u0131 a\u00e7\u0131k\u00e7a ortaya koyuyor.\u201d Caucus on Sacial Theory, NAEA News, SALLY HAGAMAN       \u201cBu kitap tan\u0131mlar, \u00f6rnekler ve fikirlerle dolu bir hazine sand\u0131\u011f\u0131. Fotografik yakla\u015f\u0131mlara ve ele\u015ftirel seslere ili\u015fikin bir \u00e7e\u015fitlili\u011fi ke\u015ffederken, okuru yarat\u0131c\u0131 d\u00fc\u015f\u00fcncenin zengin d\u00fcnyas\u0131na g\u00f6t\u00fcr\u00fcyor. Focal Point, ANNE CANRIGHT       \u201cBu kuru bir akademik \u00e7al\u0131\u015fma de\u011fil; ele\u015ftiri esteti\u011finde kuram ve pratik aras\u0131 ili\u015fkileri ke\u015ffetme denemesi\u2026 Ak\u0131c\u0131, net, okumak zevk veriyor, ister ele\u015ftiri kuramlar\u0131 \u00fczerine bir temel kitap, ister pedagojik bir kaynak kitap olarak\u201d Journal of Art and Design, Great Britain, MICHAEL RAWDING <\/p>\n","protected":false},"excerpt":{"rendered":"<p>Elinizdeki kitab\u0131n ikinci bask\u0131s\u0131na renkli ve siyah beyaz olmak \u00fczere 50 yeni ve ilgi \u00e7ekici foto\u011fraf eklendi. Bu harika metin size, ele\u015ftirinin temel aktivitelerine (betimleme, yorumlama,<span class=\"excerpt-hellip\"> [\u2026]<\/span><\/p>\n","protected":false},"featured_media":0,"template":"","meta":{"_monsterinsights_skip_tracking":false,"_monsterinsights_sitenote_active":false,"_monsterinsights_sitenote_note":"","_monsterinsights_sitenote_category":0},"product_brand":[],"product_cat":[12409,12408],"product_tag":[],"class_list":{"0":"post-711297","1":"product","2":"type-product","3":"status-publish","5":"product_cat-fotograf-sinema-tiyatro","6":"product_cat-sanat","7":"pa_cilt-ciltsiz","8":"pa_tur-kitap","9":"pa_yayinevi-hayalperest-yayinlari","10":"pa_yazar-terry-barrett","12":"first","13":"instock","14":"sale","15":"shipping-taxable","16":"purchasable","17":"product-type-simple"},"_links":{"self":[{"href":"https:\/\/roveyayinevi.com.tr\/index.php\/wp-json\/wp\/v2\/product\/711297","targetHints":{"allow":["GET"]}}],"collection":[{"href":"https:\/\/roveyayinevi.com.tr\/index.php\/wp-json\/wp\/v2\/product"}],"about":[{"href":"https:\/\/roveyayinevi.com.tr\/index.php\/wp-json\/wp\/v2\/types\/product"}],"wp:attachment":[{"href":"https:\/\/roveyayinevi.com.tr\/index.php\/wp-json\/wp\/v2\/media?parent=711297"}],"wp:term":[{"taxonomy":"product_brand","embeddable":true,"href":"https:\/\/roveyayinevi.com.tr\/index.php\/wp-json\/wp\/v2\/product_brand?post=711297"},{"taxonomy":"product_cat","embeddable":true,"href":"https:\/\/roveyayinevi.com.tr\/index.php\/wp-json\/wp\/v2\/product_cat?post=711297"},{"taxonomy":"product_tag","embeddable":true,"href":"https:\/\/roveyayinevi.com.tr\/index.php\/wp-json\/wp\/v2\/product_tag?post=711297"}],"curies":[{"name":"wp","href":"https:\/\/api.w.org\/{rel}","templated":true}]}}