{"id":711295,"date":"2025-08-27T16:44:04","date_gmt":"2025-08-27T13:44:04","guid":{"rendered":"https:\/\/roveyayinevi.com.tr\/index.php\/urun\/muhurler-sandigi-gizli-gorev-roma\/"},"modified":"2026-04-16T02:19:51","modified_gmt":"2026-04-15T23:19:51","slug":"muhurler-sandigi-gizli-gorev-roma","status":"publish","type":"product","link":"https:\/\/roveyayinevi.com.tr\/index.php\/urun\/muhurler-sandigi-gizli-gorev-roma\/","title":{"rendered":"M\u00fch\u00fcrler Sand\u0131\u011f\u0131 &#8211; Gizli G\u00f6rev: Roma"},"content":{"rendered":"<p>SIKI DUR! M\u00fch\u00fcrler Sand\u0131\u011f\u0131 serisinin d\u00f6rd\u00fcnc\u00fc kitab\u0131 Gizli G\u00f6rev: Roma ile kendini antik bir uygarl\u0131\u011f\u0131n gizemli koridorlar\u0131nda soluk solu\u011fa bir maceran\u0131n i\u00e7inde bulacaks\u0131n!   Ba\u015fak, Alp ve T\u00fclay (nam-\u0131 di\u011fer Olay!)  insanl\u0131\u011f\u0131n kaderini de\u011fi\u015ftirecek S\u00fcmer m\u00fch\u00fcrlerini toplamak i\u00e7in zamanda seyahat etmeye devam ediyorlar.   M\u00fch\u00fcrler Sand\u0131\u011f\u0131 bu defa onlar\u0131 g\u00f6rkemli bir k\u00fclt\u00fcrel miras\u0131n y\u00fckseldi\u011fi Antik Roma\u2019ya g\u00f6t\u00fcr\u00fcyor. \u015eehrin dev arenas\u0131 Kolezyum\u2019da gladyat\u00f6r d\u00f6v\u00fc\u015flerinin yap\u0131ld\u0131\u011f\u0131 d\u00f6neme \u015fahit olan iki karde\u015f ve \u00e7\u0131lg\u0131n arkada\u015flar\u0131 T\u00fclay, k\u00f6le Spartak\u00fcs ile tan\u0131\u015f\u0131yorlar. \u00d6zg\u00fcrl\u00fc\u011f\u00fcne kavu\u015fmak isteyen \u00fcnl\u00fc gladyat\u00f6re yard\u0131m ederken ba\u015flar\u0131na neler geliyor neler\u2026 <\/p>\n","protected":false},"excerpt":{"rendered":"<p>SIKI DUR! M\u00fch\u00fcrler Sand\u0131\u011f\u0131 serisinin d\u00f6rd\u00fcnc\u00fc kitab\u0131 Gizli G\u00f6rev: Roma ile kendini antik bir uygarl\u0131\u011f\u0131n gizemli koridorlar\u0131nda soluk solu\u011fa bir maceran\u0131n i\u00e7inde bulacaks\u0131n! Ba\u015fak, Alp ve<span class=\"excerpt-hellip\"> [\u2026]<\/span><\/p>\n","protected":false},"featured_media":0,"template":"","meta":{"_monsterinsights_skip_tracking":false,"_monsterinsights_sitenote_active":false,"_monsterinsights_sitenote_note":"","_monsterinsights_sitenote_category":0},"product_brand":[],"product_cat":[12275,12274],"product_tag":[],"class_list":{"0":"post-711295","1":"product","2":"type-product","3":"status-publish","5":"product_cat-6-12-yas-kitaplari","6":"product_cat-cocuk-ve-genclik-kitaplari","7":"pa_cilt-ciltsiz","8":"pa_tur-kitap","9":"pa_yayinevi-dogan-egmont-yayincilik","10":"pa_yazar-birsen-ekim-ozen","12":"first","13":"instock","14":"sale","15":"shipping-taxable","16":"purchasable","17":"product-type-simple"},"_links":{"self":[{"href":"https:\/\/roveyayinevi.com.tr\/index.php\/wp-json\/wp\/v2\/product\/711295","targetHints":{"allow":["GET"]}}],"collection":[{"href":"https:\/\/roveyayinevi.com.tr\/index.php\/wp-json\/wp\/v2\/product"}],"about":[{"href":"https:\/\/roveyayinevi.com.tr\/index.php\/wp-json\/wp\/v2\/types\/product"}],"wp:attachment":[{"href":"https:\/\/roveyayinevi.com.tr\/index.php\/wp-json\/wp\/v2\/media?parent=711295"}],"wp:term":[{"taxonomy":"product_brand","embeddable":true,"href":"https:\/\/roveyayinevi.com.tr\/index.php\/wp-json\/wp\/v2\/product_brand?post=711295"},{"taxonomy":"product_cat","embeddable":true,"href":"https:\/\/roveyayinevi.com.tr\/index.php\/wp-json\/wp\/v2\/product_cat?post=711295"},{"taxonomy":"product_tag","embeddable":true,"href":"https:\/\/roveyayinevi.com.tr\/index.php\/wp-json\/wp\/v2\/product_tag?post=711295"}],"curies":[{"name":"wp","href":"https:\/\/api.w.org\/{rel}","templated":true}]}}