{"id":711282,"date":"2025-08-27T16:43:57","date_gmt":"2025-08-27T13:43:57","guid":{"rendered":"https:\/\/roveyayinevi.com.tr\/index.php\/urun\/deniz-kizi\/"},"modified":"2026-04-16T02:19:51","modified_gmt":"2026-04-15T23:19:51","slug":"deniz-kizi","status":"publish","type":"product","link":"https:\/\/roveyayinevi.com.tr\/index.php\/urun\/deniz-kizi\/","title":{"rendered":"Deniz K\u0131z\u0131"},"content":{"rendered":"<p>Ge\u00e7mi\u015f intikam al\u0131yor   K\u00fc\u00e7\u00fck ve sakin \u0130sve\u00e7 kasabas\u0131Fj\u00e4llbacka, yine gizemli bir cinayetle sars\u0131l\u0131yor.   ChristianThydell\u2019in hayali ger\u00e7ek olmu\u015ftu. \u0130lk roman\u0131 Denizk\u0131z\u0131 yay\u0131mlanm\u0131\u015f, b\u00fcy\u00fck ses getirmi\u015fti. \u00d6yleyse neden bu kadar mutsuzdu? Onu yay\u0131n camias\u0131na tan\u0131tan Erica arkada\u015f\u0131 olduklar\u0131n\u0131 d\u00fc\u015f\u00fcn\u00fcyor, ama Christian hakk\u0131nda \u00e7ok az \u015fey biliyordu. Christian\u2019\u0131n yak\u0131n arkada\u015f\u0131 Magnus\u00f6l\u00fc bulununca, EricaChristian\u2019\u0131n ge\u00e7mi\u015fini merak etmeye ba\u015flad\u0131. E\u015fi dedektif Patrik\u2019le beraber olay\u0131n derinlerine indiklerinde o g\u00fcne dek dostlar aras\u0131nda kalm\u0131\u015f b\u00fcy\u00fck s\u0131rr\u0131n perdesi yava\u015f yava\u015f aralanacakt\u0131. <\/p>\n","protected":false},"excerpt":{"rendered":"<p>Ge\u00e7mi\u015f intikam al\u0131yor K\u00fc\u00e7\u00fck ve sakin \u0130sve\u00e7 kasabas\u0131Fj\u00e4llbacka, yine gizemli bir cinayetle sars\u0131l\u0131yor. ChristianThydell\u2019in hayali ger\u00e7ek olmu\u015ftu. \u0130lk roman\u0131 Denizk\u0131z\u0131 yay\u0131mlanm\u0131\u015f, b\u00fcy\u00fck ses getirmi\u015fti. \u00d6yleyse neden<span class=\"excerpt-hellip\"> [\u2026]<\/span><\/p>\n","protected":false},"featured_media":0,"template":"","meta":{"_monsterinsights_skip_tracking":false,"_monsterinsights_sitenote_active":false,"_monsterinsights_sitenote_note":"","_monsterinsights_sitenote_category":0},"product_brand":[],"product_cat":[12291,15445],"product_tag":[],"class_list":{"0":"post-711282","1":"product","2":"type-product","3":"status-publish","5":"product_cat-edebiyat","6":"product_cat-polisiye","7":"pa_cilt-ciltsiz","8":"pa_tur-kitap","9":"pa_yayinevi-dogan-kitap","10":"pa_yazar-camilla-lackberg","12":"first","13":"instock","14":"sale","15":"shipping-taxable","16":"purchasable","17":"product-type-simple"},"_links":{"self":[{"href":"https:\/\/roveyayinevi.com.tr\/index.php\/wp-json\/wp\/v2\/product\/711282","targetHints":{"allow":["GET"]}}],"collection":[{"href":"https:\/\/roveyayinevi.com.tr\/index.php\/wp-json\/wp\/v2\/product"}],"about":[{"href":"https:\/\/roveyayinevi.com.tr\/index.php\/wp-json\/wp\/v2\/types\/product"}],"wp:attachment":[{"href":"https:\/\/roveyayinevi.com.tr\/index.php\/wp-json\/wp\/v2\/media?parent=711282"}],"wp:term":[{"taxonomy":"product_brand","embeddable":true,"href":"https:\/\/roveyayinevi.com.tr\/index.php\/wp-json\/wp\/v2\/product_brand?post=711282"},{"taxonomy":"product_cat","embeddable":true,"href":"https:\/\/roveyayinevi.com.tr\/index.php\/wp-json\/wp\/v2\/product_cat?post=711282"},{"taxonomy":"product_tag","embeddable":true,"href":"https:\/\/roveyayinevi.com.tr\/index.php\/wp-json\/wp\/v2\/product_tag?post=711282"}],"curies":[{"name":"wp","href":"https:\/\/api.w.org\/{rel}","templated":true}]}}