{"id":711277,"date":"2025-08-27T16:43:54","date_gmt":"2025-08-27T13:43:54","guid":{"rendered":"https:\/\/roveyayinevi.com.tr\/index.php\/urun\/hailt-ziya-usakligil-siyah-bir-adam-bende-kalan-sanata-dairler\/"},"modified":"2026-04-16T02:19:51","modified_gmt":"2026-04-15T23:19:51","slug":"hailt-ziya-usakligil-siyah-bir-adam-bende-kalan-sanata-dairler","status":"publish","type":"product","link":"https:\/\/roveyayinevi.com.tr\/index.php\/urun\/hailt-ziya-usakligil-siyah-bir-adam-bende-kalan-sanata-dairler\/","title":{"rendered":"Hailt Ziya U\u015fakl\u0131gil Siyah Bir Adam Bende Kalan &#8221;Sanat&#8217;a Dair&#8221;ler"},"content":{"rendered":"<p>D\u00f6rt cilt halinde yay\u0131mlanan Sanata Dair yay\u0131mland\u0131\u011f\u0131 d\u00f6nem de \u00e7ok ilgi \u00e7ekmi\u015fti. Bu d\u00f6rt ciltte U\u015fakl\u0131gil\u2019in entelekt\u00fcel ilgileri, T\u00fcrk ve d\u00fcnya edebiyat\u0131na dair fikirleri, o b\u00fcy\u00fck \u00fcslup\u00e7ulu\u011fuyla a\u00e7t\u0131\u011f\u0131 tart\u0131\u015fmalar, dil ve edebiyat meselelerine yakla\u015f\u0131mlar\u0131 bir aradayd\u0131. Siyah Bir Adam, d\u00f6rt cildin i\u00e7inden Selim \u0130leri\u2019nin se\u00e7tikleri ve notland\u0131rmas\u0131yla okuyucunun kar\u015f\u0131s\u0131na \u00e7\u0131k\u0131yor&#8230; Selim \u0130leri bizi bu defa U\u015fakl\u0131gil yolculu\u011funa davet ediyor.   Halid Ziya, Edebiyat-\u0131 Cedide\u2019nin en \u00fcnl\u00fc \u015fairini \u00f6nce K\u0131rk Y\u0131l\u2019da anlat\u0131r. Bu hat\u0131rlay\u0131\u015f yaz\u0131s\u0131yla Fikret\u2019e bir kez daha geri d\u00f6nmek ihtiyac\u0131n\u0131 duymu\u015f. K\u0131rk Y\u0131l\u2019daki Fikret\u2019le Sanata Dair\u2019deki \u201cSis\u201d \u015fairi, ikisi de \u201csiyah bir adam\u201d diye nitelendirilmi\u015ftir.   Fikret \u201cSis\u201d \u015fairi olarak ya\u015fayacakt\u0131r diyor Halid Ziya. Lise sonda okudu\u011fum, dilini s\u00f6kmekte zorland\u0131\u011f\u0131m \u201cSis\u201d, ezgisiyle beni b\u00fcy\u00fclemi\u015fti. Bu \u015fiiri yerle bir edici ilen\u00e7leri sebebiyle Yahya Kemal yan\u0131tlam\u0131\u015f: \u201cSiste S\u00f6yleni\u015f\u201d&#8230; \u201cO beddu\u00e2&#8230;\u201d diyor. A\u015fk-\u0131 Memnu romanc\u0131s\u0131yla \u201cSiste S\u00f6yleni\u015f\u201d \u015fairinin kar\u015f\u0131t yakla\u015f\u0131mlar\u0131 g\u00fcncelli\u011fini bence h\u00e2l\u00e2 koruyor.   Selim \u0130leri <\/p>\n","protected":false},"excerpt":{"rendered":"<p>D\u00f6rt cilt halinde yay\u0131mlanan Sanata Dair yay\u0131mland\u0131\u011f\u0131 d\u00f6nem de \u00e7ok ilgi \u00e7ekmi\u015fti. Bu d\u00f6rt ciltte U\u015fakl\u0131gil\u2019in entelekt\u00fcel ilgileri, T\u00fcrk ve d\u00fcnya edebiyat\u0131na dair fikirleri, o b\u00fcy\u00fck<span class=\"excerpt-hellip\"> [\u2026]<\/span><\/p>\n","protected":false},"featured_media":0,"template":"","meta":{"_monsterinsights_skip_tracking":false,"_monsterinsights_sitenote_active":false,"_monsterinsights_sitenote_note":"","_monsterinsights_sitenote_category":0},"product_brand":[],"product_cat":[14009,12291],"product_tag":[],"class_list":{"0":"post-711277","1":"product","2":"type-product","3":"status-publish","5":"product_cat-biyografi-otobiyografi-edebiyat","6":"product_cat-edebiyat","7":"pa_cilt-ciltsiz","8":"pa_tur-kitap","9":"pa_yayinevi-everest-yayinlari","10":"pa_yazar-selim-ileri","12":"first","13":"instock","14":"sale","15":"shipping-taxable","16":"purchasable","17":"product-type-simple"},"_links":{"self":[{"href":"https:\/\/roveyayinevi.com.tr\/index.php\/wp-json\/wp\/v2\/product\/711277","targetHints":{"allow":["GET"]}}],"collection":[{"href":"https:\/\/roveyayinevi.com.tr\/index.php\/wp-json\/wp\/v2\/product"}],"about":[{"href":"https:\/\/roveyayinevi.com.tr\/index.php\/wp-json\/wp\/v2\/types\/product"}],"wp:attachment":[{"href":"https:\/\/roveyayinevi.com.tr\/index.php\/wp-json\/wp\/v2\/media?parent=711277"}],"wp:term":[{"taxonomy":"product_brand","embeddable":true,"href":"https:\/\/roveyayinevi.com.tr\/index.php\/wp-json\/wp\/v2\/product_brand?post=711277"},{"taxonomy":"product_cat","embeddable":true,"href":"https:\/\/roveyayinevi.com.tr\/index.php\/wp-json\/wp\/v2\/product_cat?post=711277"},{"taxonomy":"product_tag","embeddable":true,"href":"https:\/\/roveyayinevi.com.tr\/index.php\/wp-json\/wp\/v2\/product_tag?post=711277"}],"curies":[{"name":"wp","href":"https:\/\/api.w.org\/{rel}","templated":true}]}}