{"id":711265,"date":"2025-08-27T16:43:48","date_gmt":"2025-08-27T13:43:48","guid":{"rendered":"https:\/\/roveyayinevi.com.tr\/index.php\/urun\/sorularla-turkiye-cumhuriyeti-tarihi\/"},"modified":"2026-04-16T02:19:51","modified_gmt":"2026-04-15T23:19:51","slug":"sorularla-turkiye-cumhuriyeti-tarihi","status":"publish","type":"product","link":"https:\/\/roveyayinevi.com.tr\/index.php\/urun\/sorularla-turkiye-cumhuriyeti-tarihi\/","title":{"rendered":"Sorularla T\u00fcrkiye Cumhuriyeti Tarihi"},"content":{"rendered":"<p>T\u00fcrkiye Cumhuriyeti nas\u0131l in\u015fa edildi? G\u00fcn\u00fcm\u00fczde bu sorunun cevab\u0131 bir\u00e7ok farkl\u0131 bak\u0131\u015f a\u00e7s\u0131s\u0131 ile farkl\u0131 yorumlarla ele al\u0131nmakta ve de\u011ferlendirilmektedir. Kamuoyunu me\u015fgul eden tart\u0131\u015fmalara do\u011fru bir yakla\u015f\u0131mla cevap vermek ne kadar m\u00fcmk\u00fcnd\u00fcr? Bu kitapta, Mondros M\u00fctakeresi\u2019nin nas\u0131l imzaland\u0131\u011f\u0131ndan, i\u015fgal g\u00fcnlerinde \u0130stanbul\u2019daki hayata, TBMM\u2019nin nas\u0131l a\u00e7\u0131ld\u0131\u011f\u0131ndan, Sakarya Meydan Muharebesi\u2019ne, Sevr Anla\u015fmas\u0131\u2019ndan Lozan\u2019a, Saltanat\u0131n neden kald\u0131r\u0131ld\u0131\u011f\u0131ndan T\u00fcrkiye\u2019deki anayasal s\u00fcrecin nas\u0131l ba\u015flad\u0131\u011f\u0131na, misyoner okullar\u0131n durumundan T\u00fcrk Ocaklar\u0131n\u0131n neden kapat\u0131ld\u0131\u011f\u0131na, G\u00fcne\u015f Dil Teorisi\u2019nden kad\u0131n haklar\u0131na,  T\u00fcrkiye Cumhuriyeti\u2019nin ilk yolsuzluk davas\u0131ndan \u00c7erkez Ethem\u2019e, \u0130stiklal Mahkemelerinden Dersim isyan\u0131na ve Atat\u00fcrk\u2019\u00fcn Nutuk\u2019undan \u00f6l\u00fcm\u00fcne kadar T\u00fcrkiye Cumhuriyeti\u2019ne dair bir\u00e7ok tart\u0131\u015fmal\u0131 soruya do\u011fru cevaplar\u0131 vermek kayg\u0131s\u0131 ile kaleme al\u0131nm\u0131\u015ft\u0131r.Yazar, akademik bir kalemle ve pop\u00fcler bir \u00fcslupla zihinlerdeki Yak\u0131n D\u00f6neme ait sorular\u0131m\u0131za k\u0131sa ve \u00f6z cevaplar vermektedir. <\/p>\n","protected":false},"excerpt":{"rendered":"<p>T\u00fcrkiye Cumhuriyeti nas\u0131l in\u015fa edildi? G\u00fcn\u00fcm\u00fczde bu sorunun cevab\u0131 bir\u00e7ok farkl\u0131 bak\u0131\u015f a\u00e7s\u0131s\u0131 ile farkl\u0131 yorumlarla ele al\u0131nmakta ve de\u011ferlendirilmektedir. Kamuoyunu me\u015fgul eden tart\u0131\u015fmalara do\u011fru bir<span class=\"excerpt-hellip\"> [\u2026]<\/span><\/p>\n","protected":false},"featured_media":0,"template":"","meta":{"_monsterinsights_skip_tracking":false,"_monsterinsights_sitenote_active":false,"_monsterinsights_sitenote_note":"","_monsterinsights_sitenote_category":0},"product_brand":[],"product_cat":[12304,13493],"product_tag":[],"class_list":{"0":"post-711265","1":"product","2":"type-product","3":"status-publish","5":"product_cat-tarih","6":"product_cat-turkiye-ve-cumhuriyet-tarihi","7":"pa_cilt-ciltsiz","8":"pa_tur-kitap","9":"pa_yayinevi-yeditepe-yayinevi","10":"pa_yazar-haluk-selvi","12":"first","13":"instock","14":"sale","15":"shipping-taxable","16":"purchasable","17":"product-type-simple"},"_links":{"self":[{"href":"https:\/\/roveyayinevi.com.tr\/index.php\/wp-json\/wp\/v2\/product\/711265","targetHints":{"allow":["GET"]}}],"collection":[{"href":"https:\/\/roveyayinevi.com.tr\/index.php\/wp-json\/wp\/v2\/product"}],"about":[{"href":"https:\/\/roveyayinevi.com.tr\/index.php\/wp-json\/wp\/v2\/types\/product"}],"wp:attachment":[{"href":"https:\/\/roveyayinevi.com.tr\/index.php\/wp-json\/wp\/v2\/media?parent=711265"}],"wp:term":[{"taxonomy":"product_brand","embeddable":true,"href":"https:\/\/roveyayinevi.com.tr\/index.php\/wp-json\/wp\/v2\/product_brand?post=711265"},{"taxonomy":"product_cat","embeddable":true,"href":"https:\/\/roveyayinevi.com.tr\/index.php\/wp-json\/wp\/v2\/product_cat?post=711265"},{"taxonomy":"product_tag","embeddable":true,"href":"https:\/\/roveyayinevi.com.tr\/index.php\/wp-json\/wp\/v2\/product_tag?post=711265"}],"curies":[{"name":"wp","href":"https:\/\/api.w.org\/{rel}","templated":true}]}}