{"id":711256,"date":"2025-08-27T16:43:42","date_gmt":"2025-08-27T13:43:42","guid":{"rendered":"https:\/\/roveyayinevi.com.tr\/index.php\/urun\/ikiden-az-birden-fazla\/"},"modified":"2026-04-16T02:19:50","modified_gmt":"2026-04-15T23:19:50","slug":"ikiden-az-birden-fazla","status":"publish","type":"product","link":"https:\/\/roveyayinevi.com.tr\/index.php\/urun\/ikiden-az-birden-fazla\/","title":{"rendered":"\u0130kiden Az Birden Fazla"},"content":{"rendered":"<p>Ben kendimi biliyorum. Hay\u0131r, \u00f6yle de\u011filsin, demeyin bo\u015funa. Ben, herkesin s\u00f6ylemek istedi\u011fi ama i\u00e7ine att\u0131\u011f\u0131 s\u00f6zlerim. Ben, hilek\u00e2r\u0131m, yalanc\u0131y\u0131m, d\u00fczenbaz\u0131m. Ben kimsenin duymak istemedi\u011fi ama gece olunca kendilerine itiraf etti\u011fi s\u00f6zlerim. Ben, hepinizin bo\u015fa harcad\u0131\u011f\u0131 zaman\u0131m. Bo\u015fa ge\u00e7en zamana d\u00f6n\u00fcp bakt\u0131\u011f\u0131n\u0131zda, gen\u00e7 olmak istedi\u011finiz o pi\u015fmanl\u0131k dolu an\u0131m. Ben, sizlerin gizledi\u011finiz, saklad\u0131\u011f\u0131n\u0131z, \u00fcst\u00fcne duvar \u00f6r\u00fcp arkan\u0131zda b\u0131rakt\u0131\u011f\u0131n\u0131z\u0131m. Ben, bir tart\u0131\u015fmada akl\u0131n\u0131za gelmeyen s\u00f6zleri, gece kendinize s\u00f6yledi\u011finiz zek\u00e2n\u0131z\u0131m. Ben, yar\u0131n size ne olaca\u011f\u0131n\u0131 g\u00f6steren gelecek zaman\u0131m. Ben, sizin yapmak istedi\u011finiz ama yapamad\u0131klar\u0131n\u0131z\u0131m. Ben, sizin aynadaki aksinizim. \u0130\u00e7iniz kan a\u011flarken, dudaklar\u0131n\u0131zdaki sahte g\u00fcl\u00fc\u015f&amp;uu ml;m. Ben, sizin yalan\u0131n\u0131z\u0131m. Ben, i\u00e7inizde kanayan yaray\u0131m. Ben, sevi\u015firken, bir ba\u015fkas\u0131n\u0131 hayal eden taraf\u0131n\u0131z\u0131m. Ben, ilgilenmiyor gibi yapt\u0131\u011f\u0131n\u0131z ama k\u0131skand\u0131\u011f\u0131n\u0131z\u0131m. K\u0131skan\u00e7l\u0131kla, ac\u0131mas\u0131zca ba\u015fkas\u0131na att\u0131\u011f\u0131n\u0131z \u00e7amurum ben. Ben, gelece\u011finiz i\u00e7in, bug\u00fcn\u00fcn\u00fcz\u00fc satt\u0131\u011f\u0131n\u0131z her \u015feyim. Ben sizin her \u015feyinizim, Ben sizin hi\u00e7bir \u015feyinizim\u2026 \ufffcTan\u0131t\u0131m Metni<\/p>\n","protected":false},"excerpt":{"rendered":"<p>Ben kendimi biliyorum. Hay\u0131r, \u00f6yle de\u011filsin, demeyin bo\u015funa. Ben, herkesin s\u00f6ylemek istedi\u011fi ama i\u00e7ine att\u0131\u011f\u0131 s\u00f6zlerim. Ben, hilek\u00e2r\u0131m, yalanc\u0131y\u0131m, d\u00fczenbaz\u0131m. Ben kimsenin duymak istemedi\u011fi ama gece<span class=\"excerpt-hellip\"> [\u2026]<\/span><\/p>\n","protected":false},"featured_media":0,"template":"","meta":{"_monsterinsights_skip_tracking":false,"_monsterinsights_sitenote_active":false,"_monsterinsights_sitenote_note":"","_monsterinsights_sitenote_category":0},"product_brand":[],"product_cat":[12291,12711],"product_tag":[],"class_list":{"0":"post-711256","1":"product","2":"type-product","3":"status-publish","5":"product_cat-edebiyat","6":"product_cat-roman-oyku","7":"pa_cilt-ciltsiz","8":"pa_tur-kitap","9":"pa_yayinevi-dokuz-yayinlari","10":"pa_yazar-sehrin-delikanlisi","12":"first","13":"instock","14":"sale","15":"shipping-taxable","16":"purchasable","17":"product-type-simple"},"_links":{"self":[{"href":"https:\/\/roveyayinevi.com.tr\/index.php\/wp-json\/wp\/v2\/product\/711256","targetHints":{"allow":["GET"]}}],"collection":[{"href":"https:\/\/roveyayinevi.com.tr\/index.php\/wp-json\/wp\/v2\/product"}],"about":[{"href":"https:\/\/roveyayinevi.com.tr\/index.php\/wp-json\/wp\/v2\/types\/product"}],"wp:attachment":[{"href":"https:\/\/roveyayinevi.com.tr\/index.php\/wp-json\/wp\/v2\/media?parent=711256"}],"wp:term":[{"taxonomy":"product_brand","embeddable":true,"href":"https:\/\/roveyayinevi.com.tr\/index.php\/wp-json\/wp\/v2\/product_brand?post=711256"},{"taxonomy":"product_cat","embeddable":true,"href":"https:\/\/roveyayinevi.com.tr\/index.php\/wp-json\/wp\/v2\/product_cat?post=711256"},{"taxonomy":"product_tag","embeddable":true,"href":"https:\/\/roveyayinevi.com.tr\/index.php\/wp-json\/wp\/v2\/product_tag?post=711256"}],"curies":[{"name":"wp","href":"https:\/\/api.w.org\/{rel}","templated":true}]}}