{"id":711229,"date":"2025-08-27T16:43:23","date_gmt":"2025-08-27T13:43:23","guid":{"rendered":"https:\/\/roveyayinevi.com.tr\/index.php\/urun\/cumhuriyetin-trajedisi\/"},"modified":"2026-04-16T02:19:50","modified_gmt":"2026-04-15T23:19:50","slug":"cumhuriyetin-trajedisi","status":"publish","type":"product","link":"https:\/\/roveyayinevi.com.tr\/index.php\/urun\/cumhuriyetin-trajedisi\/","title":{"rendered":"Cumhuriyet&#8217;in Trajedisi"},"content":{"rendered":"<p>Cumhuriyet\u2019in trajedisi her anlam\u0131yla T\u00fcrkiye\u2019nin son d\u00f6neminin aynas\u0131olma \u00f6zelli\u011fini ta\u015f\u0131yor. Herkesin g\u00f6z\u00fcn\u00fcn \u00f6n\u00fcnde olan ama dikkatimizi\u00e7ekmeyen bir s\u00fcr\u00fc olay\u0131 ayr\u0131nt\u0131lar\u0131 ile yaz\u0131yor \u00dcmit Zileli&#8230;Cumhuriyet ve demokrasi kar\u015f\u0131t\u0131 cephenin kar\u015f\u0131s\u0131na adeta bir \u015f\u00f6valyecesaretiyle dikilip hi\u00e7 \u00e7ekinmeden s\u00f6yl\u00fcyor s\u00f6ylemek istediklerimizi.Ayd\u0131nlanman\u0131n kar\u015f\u0131s\u0131nda yer alan karanl\u0131\u011f\u0131 anlat\u0131yor ve soruyorhepimize, \u201cH\u00e2l\u00e2 anlamad\u0131n\u0131z m\u0131? \u00c7anlar hepimiz i\u00e7in \u00e7al\u0131yor!\u201d <\/p>\n","protected":false},"excerpt":{"rendered":"<p>Cumhuriyet\u2019in trajedisi her anlam\u0131yla T\u00fcrkiye\u2019nin son d\u00f6neminin aynas\u0131olma \u00f6zelli\u011fini ta\u015f\u0131yor. Herkesin g\u00f6z\u00fcn\u00fcn \u00f6n\u00fcnde olan ama dikkatimizi\u00e7ekmeyen bir s\u00fcr\u00fc olay\u0131 ayr\u0131nt\u0131lar\u0131 ile yaz\u0131yor \u00dcmit Zileli&#8230;Cumhuriyet ve demokrasi<span class=\"excerpt-hellip\"> [\u2026]<\/span><\/p>\n","protected":false},"featured_media":0,"template":"","meta":{"_monsterinsights_skip_tracking":false,"_monsterinsights_sitenote_active":false,"_monsterinsights_sitenote_note":"","_monsterinsights_sitenote_category":0},"product_brand":[],"product_cat":[12370,12304],"product_tag":[],"class_list":{"0":"post-711229","1":"product","2":"type-product","3":"status-publish","5":"product_cat-arastirma-inceleme","6":"product_cat-tarih","7":"pa_cilt-ciltsiz","8":"pa_tur-kitap","9":"pa_yayinevi-asi-kitap","10":"pa_yazar-umit-zileli","12":"first","13":"instock","14":"sale","15":"shipping-taxable","16":"purchasable","17":"product-type-simple"},"_links":{"self":[{"href":"https:\/\/roveyayinevi.com.tr\/index.php\/wp-json\/wp\/v2\/product\/711229","targetHints":{"allow":["GET"]}}],"collection":[{"href":"https:\/\/roveyayinevi.com.tr\/index.php\/wp-json\/wp\/v2\/product"}],"about":[{"href":"https:\/\/roveyayinevi.com.tr\/index.php\/wp-json\/wp\/v2\/types\/product"}],"wp:attachment":[{"href":"https:\/\/roveyayinevi.com.tr\/index.php\/wp-json\/wp\/v2\/media?parent=711229"}],"wp:term":[{"taxonomy":"product_brand","embeddable":true,"href":"https:\/\/roveyayinevi.com.tr\/index.php\/wp-json\/wp\/v2\/product_brand?post=711229"},{"taxonomy":"product_cat","embeddable":true,"href":"https:\/\/roveyayinevi.com.tr\/index.php\/wp-json\/wp\/v2\/product_cat?post=711229"},{"taxonomy":"product_tag","embeddable":true,"href":"https:\/\/roveyayinevi.com.tr\/index.php\/wp-json\/wp\/v2\/product_tag?post=711229"}],"curies":[{"name":"wp","href":"https:\/\/api.w.org\/{rel}","templated":true}]}}

<p>Cumhuriyet’in trajedisi her anlamıyla Türkiye’nin son döneminin aynasıolma özelliğini taşıyor. Herkesin gözünün önünde olan ama dikkatimiziçekmeyen bir sürü olayı ayrıntıları ile yazıyor Ümit Zileli&#8230;Cumhuriyet ve demokrasi karşıtı cephenin karşısına adeta bir şövalyecesaretiyle dikilip hiç çekinmeden söylüyor söylemek istediklerimizi.Aydınlanmanın karşısında yer alan karanlığı anlatıyor ve soruyorhepimize, “Hâlâ anlamadınız mı? Çanlar hepimiz için çalıyor!” </p>

<p>Cumhuriyet’in trajedisi her anlamıyla Türkiye’nin son döneminin aynasıolma özelliğini taşıyor. Herkesin gözünün önünde olan ama dikkatimiziçekmeyen bir sürü olayı ayrıntıları ile yazıyor Ümit Zileli&#8230;Cumhuriyet ve demokrasi<span class="excerpt-hellip"> […]</span></p>
