{"id":711227,"date":"2025-08-27T16:43:22","date_gmt":"2025-08-27T13:43:22","guid":{"rendered":"https:\/\/roveyayinevi.com.tr\/index.php\/urun\/ejderha-avcilari-okulu-18-asla-bir-trole-guvenme\/"},"modified":"2026-04-16T02:19:50","modified_gmt":"2026-04-15T23:19:50","slug":"ejderha-avcilari-okulu-18-asla-bir-trole-guvenme","status":"publish","type":"product","link":"https:\/\/roveyayinevi.com.tr\/index.php\/urun\/ejderha-avcilari-okulu-18-asla-bir-trole-guvenme\/","title":{"rendered":"Ejderha Avc\u0131lar\u0131 Okulu 18 &#8211; Asla Bir Trol&#8217;e G\u00fcvenme"},"content":{"rendered":"<p>Wiglaf tatil bitti\u011fi ve ikinci s\u0131n\u0131fa ba\u015flayaca\u011f\u0131 i\u00e7in \u00e7ok sevin\u00e7liydi.Karde\u015fi Dudwin\u2019le birlikte Ejderha Avc\u0131lar\u0131 Okulu\u2019na d\u00f6nd\u00fc.Fakat o da ne? EAO\u2019ya, di\u011ferlerinden \u00e7ok farkl\u0131 bir \u00f6\u011frenci ba\u015flam\u0131\u015ft\u0131.Bu, s\u00fcrekli yalan s\u00f6yleyen ve bunun e\u011flenceli oldu\u011funu sanankocaman bir trold\u00fc. Wiglaf ve arkada\u015flar\u0131, trol\u00fc k\u00f6t\u00fc al\u0131\u015fkanl\u0131klar\u0131ndan vazge\u00e7irmeye \u00e7al\u0131\u015f\u0131rken EAO\u2019ya bir su ejderhas\u0131 geldi.Ve ejderha, bir s\u00fcr\u00fc sorunu beraberinde getirdi\u2026 <\/p>\n","protected":false},"excerpt":{"rendered":"<p>Wiglaf tatil bitti\u011fi ve ikinci s\u0131n\u0131fa ba\u015flayaca\u011f\u0131 i\u00e7in \u00e7ok sevin\u00e7liydi.Karde\u015fi Dudwin\u2019le birlikte Ejderha Avc\u0131lar\u0131 Okulu\u2019na d\u00f6nd\u00fc.Fakat o da ne? EAO\u2019ya, di\u011ferlerinden \u00e7ok farkl\u0131 bir \u00f6\u011frenci ba\u015flam\u0131\u015ft\u0131.Bu,<span class=\"excerpt-hellip\"> [\u2026]<\/span><\/p>\n","protected":false},"featured_media":0,"template":"","meta":{"_monsterinsights_skip_tracking":false,"_monsterinsights_sitenote_active":false,"_monsterinsights_sitenote_note":"","_monsterinsights_sitenote_category":0},"product_brand":[],"product_cat":[12291,14777],"product_tag":[],"class_list":{"0":"post-711227","1":"product","2":"type-product","3":"status-publish","5":"product_cat-edebiyat","6":"product_cat-fantastik","7":"pa_cilt-ciltsiz","8":"pa_tur-kitap","9":"pa_yayinevi-beyaz-balina-yayinlari","10":"pa_yazar-kate-mcmullan","12":"first","13":"instock","14":"sale","15":"shipping-taxable","16":"purchasable","17":"product-type-simple"},"_links":{"self":[{"href":"https:\/\/roveyayinevi.com.tr\/index.php\/wp-json\/wp\/v2\/product\/711227","targetHints":{"allow":["GET"]}}],"collection":[{"href":"https:\/\/roveyayinevi.com.tr\/index.php\/wp-json\/wp\/v2\/product"}],"about":[{"href":"https:\/\/roveyayinevi.com.tr\/index.php\/wp-json\/wp\/v2\/types\/product"}],"wp:attachment":[{"href":"https:\/\/roveyayinevi.com.tr\/index.php\/wp-json\/wp\/v2\/media?parent=711227"}],"wp:term":[{"taxonomy":"product_brand","embeddable":true,"href":"https:\/\/roveyayinevi.com.tr\/index.php\/wp-json\/wp\/v2\/product_brand?post=711227"},{"taxonomy":"product_cat","embeddable":true,"href":"https:\/\/roveyayinevi.com.tr\/index.php\/wp-json\/wp\/v2\/product_cat?post=711227"},{"taxonomy":"product_tag","embeddable":true,"href":"https:\/\/roveyayinevi.com.tr\/index.php\/wp-json\/wp\/v2\/product_tag?post=711227"}],"curies":[{"name":"wp","href":"https:\/\/api.w.org\/{rel}","templated":true}]}}