{"id":711220,"date":"2025-08-27T16:43:18","date_gmt":"2025-08-27T13:43:18","guid":{"rendered":"https:\/\/roveyayinevi.com.tr\/index.php\/urun\/nutuk-cocuklar-ve-gencler-icin\/"},"modified":"2026-04-16T02:19:50","modified_gmt":"2026-04-15T23:19:50","slug":"nutuk-cocuklar-ve-gencler-icin","status":"publish","type":"product","link":"https:\/\/roveyayinevi.com.tr\/index.php\/urun\/nutuk-cocuklar-ve-gencler-icin\/","title":{"rendered":"Nutuk (\u00c7ocuklar ve Gen\u00e7ler i\u00e7in)"},"content":{"rendered":"<p>&#8220;Ey T\u00fcrk Gen\u00e7li\u011fi!\u2026Bir g\u00fcn, ba\u011f\u0131ms\u0131zl\u0131\u011f\u0131 ve Cumhuriyeti savunmak zorunda kal\u0131rsan, g\u00f6reve at\u0131lmak i\u00e7in i\u00e7inde bulunaca\u011f\u0131n durumun olanaklar\u0131n\u0131 ve ko\u015fullar\u0131n\u0131 d\u00fc\u015f\u00fcnmeyeceksin! Bu olanaklar ve ko\u015fullar \u00e7ok elveri\u015fsiz bir durumda belirebilir. Ba\u011f\u0131ms\u0131zl\u0131\u011f\u0131na ve Cumhuriyetine g\u00f6z koyacak d\u00fc\u015fmanlar, b\u00fct\u00fcn d\u00fcnyada benzeri g\u00f6r\u00fclmedik bir zaferin temsilcisi olabilirler. Zorla ve hile ile kutsal yurdun b\u00fct\u00fcn kaleleri al\u0131nm\u0131\u015f, b\u00fct\u00fcn tersanelerine girilmi\u015f, b\u00fct\u00fcn ordular\u0131 da\u011f\u0131t\u0131lm\u0131\u015f, yurdun her k\u00f6\u015fesi a\u00e7\u0131k\u00e7a i\u015fgal edilmi\u015f olabilir. B\u00fct\u00fcn bu ko\u015fullardan daha ac\u0131kl\u0131 ve korkun\u00e7 olmak \u00fczere, yurti\u00e7inde iktidara sahip olanlar, aymazl\u0131k ve sapk\u0131nl\u0131k, dahas\u0131 hainlik i\u00e7inde bulunabilirler. Dahas\u0131 bu iktidar sahipleri, ki\u015fisel \u00e7\u0131karlar\u0131n\u0131, istilac\u0131lar\u0131n siyasal emelleriyle birle\u015ftirebilirler. Ulus, yoksulluk ve s\u0131k\u0131nt\u0131 i\u00e7inde harap ve bitkin d\u00fc\u015fm\u00fc\u015f olabilir.Ey T\u00fcrk gelece\u011finin evlad\u0131!\u0130\u015fte bu durumlar ve ko\u015fullar i\u00e7inde bile g\u00f6revin, T\u00fcrk ba\u011f\u0131ms\u0131zl\u0131\u011f\u0131n\u0131 ve T\u00fcrk Cumhuriyeti\u2019ni kurtarmakt\u0131r. Muhta\u00e7 oldu\u011fun kudret, damarlar\u0131ndaki asil kanda mevcuttur!&#8221;***Bug\u00fcn\u00fc do\u011fru anlayabilmek ve gelece\u011fi do\u011fru kurabilmek i\u00e7in ge\u00e7mi\u015fi, buraya nas\u0131l, nerelerden ge\u00e7erek geldi\u011fimizi iyi bilmek gerekir.NUTUK, d\u00fcnyada emperyalizme kar\u015f\u0131 kazan\u0131lan ilk Kurtulu\u015f Sava\u015f\u0131&#8217;n\u0131 ve T\u00fcrkiye Cumhuriyeti&#8217;nin kurulu\u015f s\u00fcrecini birinci a\u011f\u0131zdan anlatan temel eser olma \u00f6zelli\u011fini koruyor, \u00fclkemizin bug\u00fcn\u00fc ve gelece\u011fi i\u00e7in de yol g\u00f6stermeye devam ediyor. Hidayet Karaku\u015f, NUTUK&#8217;u \u00e7ocuklar ve gen\u00e7ler i\u00e7in sadele\u015ftirerek haz\u0131rlad\u0131. <\/p>\n","protected":false},"excerpt":{"rendered":"<p>&#8220;Ey T\u00fcrk Gen\u00e7li\u011fi!\u2026Bir g\u00fcn, ba\u011f\u0131ms\u0131zl\u0131\u011f\u0131 ve Cumhuriyeti savunmak zorunda kal\u0131rsan, g\u00f6reve at\u0131lmak i\u00e7in i\u00e7inde bulunaca\u011f\u0131n durumun olanaklar\u0131n\u0131 ve ko\u015fullar\u0131n\u0131 d\u00fc\u015f\u00fcnmeyeceksin! Bu olanaklar ve ko\u015fullar \u00e7ok elveri\u015fsiz<span class=\"excerpt-hellip\"> [\u2026]<\/span><\/p>\n","protected":false},"featured_media":0,"template":"","meta":{"_monsterinsights_skip_tracking":false,"_monsterinsights_sitenote_active":false,"_monsterinsights_sitenote_note":"","_monsterinsights_sitenote_category":0},"product_brand":[],"product_cat":[25175,12357],"product_tag":[],"class_list":{"0":"post-711220","1":"product","2":"type-product","3":"status-publish","5":"product_cat-egitim-psikolojisi","6":"product_cat-psikoloji","7":"pa_cilt-ciltsiz","8":"pa_tur-kitap","9":"pa_yayinevi-bilgi-yayinevi-cocuk","10":"pa_yazar-mustafa-kemal-ataturk","12":"first","13":"instock","14":"sale","15":"shipping-taxable","16":"purchasable","17":"product-type-simple"},"_links":{"self":[{"href":"https:\/\/roveyayinevi.com.tr\/index.php\/wp-json\/wp\/v2\/product\/711220","targetHints":{"allow":["GET"]}}],"collection":[{"href":"https:\/\/roveyayinevi.com.tr\/index.php\/wp-json\/wp\/v2\/product"}],"about":[{"href":"https:\/\/roveyayinevi.com.tr\/index.php\/wp-json\/wp\/v2\/types\/product"}],"wp:attachment":[{"href":"https:\/\/roveyayinevi.com.tr\/index.php\/wp-json\/wp\/v2\/media?parent=711220"}],"wp:term":[{"taxonomy":"product_brand","embeddable":true,"href":"https:\/\/roveyayinevi.com.tr\/index.php\/wp-json\/wp\/v2\/product_brand?post=711220"},{"taxonomy":"product_cat","embeddable":true,"href":"https:\/\/roveyayinevi.com.tr\/index.php\/wp-json\/wp\/v2\/product_cat?post=711220"},{"taxonomy":"product_tag","embeddable":true,"href":"https:\/\/roveyayinevi.com.tr\/index.php\/wp-json\/wp\/v2\/product_tag?post=711220"}],"curies":[{"name":"wp","href":"https:\/\/api.w.org\/{rel}","templated":true}]}}