{"id":711183,"date":"2025-08-27T16:42:59","date_gmt":"2025-08-27T13:42:59","guid":{"rendered":"https:\/\/roveyayinevi.com.tr\/index.php\/urun\/akilla-bir-konusmam-oldu\/"},"modified":"2025-11-22T04:24:10","modified_gmt":"2025-11-22T01:24:10","slug":"akilla-bir-konusmam-oldu","status":"publish","type":"product","link":"https:\/\/roveyayinevi.com.tr\/index.php\/urun\/akilla-bir-konusmam-oldu\/","title":{"rendered":"Ak\u0131lla Bir Konu\u015fmam Oldu"},"content":{"rendered":"<p>\u0130nsan iyi hissederse iyi ya\u015far.\u201c\u0130yi\u201d ile sarmaland\u0131\u011f\u0131nda iyi \u015feyler \u00fcretir.\u0130yi hissetmeyi, iyiye inan\u0131rsa bulur. \u201c\u0130yi\u201dyi kimi insan Tanr\u0131&#8217;da bulur, kimisi meleklerde.Kimisi \u00e7i\u00e7eklerde, kimisi a\u011fa\u00e7larda. Kimisi a\u015fkta, kimisi sevgilide, kimisi \u00e7ocuklarda, kimisi m\u00fczikte, kimisi fizikte. \u0130yiden ald\u0131\u011f\u0131m\u0131z g\u00fc\u00e7le ya\u015far\u0131z. \u0130yinin dokundu\u011fu yerden filizleniriz. \u0130yiden ald\u0131\u011f\u0131m\u0131z g\u00fc\u00e7le yapt\u0131klar\u0131m\u0131z \u201cumut\u201d olur. Tabular ve \u00f6nyarg\u0131larla insanlar birbirini d\u00fc\u015fman ilan ediyor.\u00c7ok da iyi bir d\u00fcnya de\u011fil asl\u0131nda buras\u0131. Yine de umutlar\u0131n\u0131z\u0131 yok etmeyin. Bu evrende iyi de var. Sab\u0131rl\u0131 ol. G\u00fc\u00e7l\u00fc ol. \u0130\u00e7ine \u00e7ek nefesi. Hayat\u0131, iyiyi i\u00e7ine \u00e7ek. \u201cEvrendeki iyiden asla vazge\u00e7me.\u201d <\/p>\n","protected":false},"excerpt":{"rendered":"<p>\u0130nsan iyi hissederse iyi ya\u015far.\u201c\u0130yi\u201d ile sarmaland\u0131\u011f\u0131nda iyi \u015feyler \u00fcretir.\u0130yi hissetmeyi, iyiye inan\u0131rsa bulur. \u201c\u0130yi\u201dyi kimi insan Tanr\u0131&#8217;da bulur, kimisi meleklerde.Kimisi \u00e7i\u00e7eklerde, kimisi a\u011fa\u00e7larda. Kimisi a\u015fkta,<span class=\"excerpt-hellip\"> [\u2026]<\/span><\/p>\n","protected":false},"featured_media":0,"template":"","meta":{"_monsterinsights_skip_tracking":false,"_monsterinsights_sitenote_active":false,"_monsterinsights_sitenote_note":"","_monsterinsights_sitenote_category":0},"product_brand":[],"product_cat":[12777,12291],"product_tag":[],"class_list":{"0":"post-711183","1":"product","2":"type-product","3":"status-publish","5":"product_cat-deneme","6":"product_cat-edebiyat","7":"pa_cilt-ciltsiz","8":"pa_tur-kitap","9":"pa_yayinevi-dogan-kitap","10":"pa_yazar-fazil-say","12":"first","13":"instock","14":"sale","15":"shipping-taxable","16":"purchasable","17":"product-type-simple"},"_links":{"self":[{"href":"https:\/\/roveyayinevi.com.tr\/index.php\/wp-json\/wp\/v2\/product\/711183","targetHints":{"allow":["GET"]}}],"collection":[{"href":"https:\/\/roveyayinevi.com.tr\/index.php\/wp-json\/wp\/v2\/product"}],"about":[{"href":"https:\/\/roveyayinevi.com.tr\/index.php\/wp-json\/wp\/v2\/types\/product"}],"wp:attachment":[{"href":"https:\/\/roveyayinevi.com.tr\/index.php\/wp-json\/wp\/v2\/media?parent=711183"}],"wp:term":[{"taxonomy":"product_brand","embeddable":true,"href":"https:\/\/roveyayinevi.com.tr\/index.php\/wp-json\/wp\/v2\/product_brand?post=711183"},{"taxonomy":"product_cat","embeddable":true,"href":"https:\/\/roveyayinevi.com.tr\/index.php\/wp-json\/wp\/v2\/product_cat?post=711183"},{"taxonomy":"product_tag","embeddable":true,"href":"https:\/\/roveyayinevi.com.tr\/index.php\/wp-json\/wp\/v2\/product_tag?post=711183"}],"curies":[{"name":"wp","href":"https:\/\/api.w.org\/{rel}","templated":true}]}}