{"id":711181,"date":"2025-08-27T16:42:58","date_gmt":"2025-08-27T13:42:58","guid":{"rendered":"https:\/\/roveyayinevi.com.tr\/index.php\/urun\/taynikma-7-kitap-henzelin-tuzagi-ve-8-kitap-golgeler-ormani-ciltli\/"},"modified":"2026-04-16T02:19:49","modified_gmt":"2026-04-15T23:19:49","slug":"taynikma-7-kitap-henzelin-tuzagi-ve-8-kitap-golgeler-ormani-ciltli","status":"publish","type":"product","link":"https:\/\/roveyayinevi.com.tr\/index.php\/urun\/taynikma-7-kitap-henzelin-tuzagi-ve-8-kitap-golgeler-ormani-ciltli\/","title":{"rendered":"Taynikma &#8211; 7. Kitap Henzel&#8217;in Tuza\u011f\u0131 ve 8. Kitap G\u00f6lgeler Orman\u0131 (Ciltli)"},"content":{"rendered":"<p>Henzel&#8217;in Tuza\u011f\u0131 Koto, tuza\u011fa d\u00fc\u015fmek \u00fczeredir. Monto, onu kurtarmak i\u00e7in Artan ve Sarina ile birlikte tehlikeli Noma Orman\u0131&#8217;n\u0131 ge\u00e7er. Ama onlar\u0131 orman\u0131n d\u0131\u015f\u0131nda daha tehlikeli bir \u015fey beklemektedir! G\u00f6lgeler Orman\u0131 Koto&#8217;nun anne ve babas\u0131, muhaf\u0131zlar taraf\u0131ndan yakalan\u0131r. Kahramanlar\u0131m\u0131z, deh\u015fet verici bir yolculu\u011fa \u00e7\u0131karlar.En b\u00fcy\u00fck tehlike, Koto&#8217;yu haz\u0131rl\u0131ks\u0131z oldu\u011fu bir zamanda yakalar. <\/p>\n","protected":false},"excerpt":{"rendered":"<p>Henzel&#8217;in Tuza\u011f\u0131 Koto, tuza\u011fa d\u00fc\u015fmek \u00fczeredir. Monto, onu kurtarmak i\u00e7in Artan ve Sarina ile birlikte tehlikeli Noma Orman\u0131&#8217;n\u0131 ge\u00e7er. Ama onlar\u0131 orman\u0131n d\u0131\u015f\u0131nda daha tehlikeli bir<span class=\"excerpt-hellip\"> [\u2026]<\/span><\/p>\n","protected":false},"featured_media":0,"template":"","meta":{"_monsterinsights_skip_tracking":false,"_monsterinsights_sitenote_active":false,"_monsterinsights_sitenote_note":"","_monsterinsights_sitenote_category":0},"product_brand":[],"product_cat":[12275,12274],"product_tag":[],"class_list":{"0":"post-711181","1":"product","2":"type-product","3":"status-publish","5":"product_cat-6-12-yas-kitaplari","6":"product_cat-cocuk-ve-genclik-kitaplari","7":"pa_cilt-ciltsiz","8":"pa_tur-kitap","9":"pa_yayinevi-beyaz-balina-yayinlari","10":"pa_yazar-jan-kjaer-merlin-p-mann","12":"first","13":"instock","14":"sale","15":"shipping-taxable","16":"purchasable","17":"product-type-simple"},"_links":{"self":[{"href":"https:\/\/roveyayinevi.com.tr\/index.php\/wp-json\/wp\/v2\/product\/711181","targetHints":{"allow":["GET"]}}],"collection":[{"href":"https:\/\/roveyayinevi.com.tr\/index.php\/wp-json\/wp\/v2\/product"}],"about":[{"href":"https:\/\/roveyayinevi.com.tr\/index.php\/wp-json\/wp\/v2\/types\/product"}],"wp:attachment":[{"href":"https:\/\/roveyayinevi.com.tr\/index.php\/wp-json\/wp\/v2\/media?parent=711181"}],"wp:term":[{"taxonomy":"product_brand","embeddable":true,"href":"https:\/\/roveyayinevi.com.tr\/index.php\/wp-json\/wp\/v2\/product_brand?post=711181"},{"taxonomy":"product_cat","embeddable":true,"href":"https:\/\/roveyayinevi.com.tr\/index.php\/wp-json\/wp\/v2\/product_cat?post=711181"},{"taxonomy":"product_tag","embeddable":true,"href":"https:\/\/roveyayinevi.com.tr\/index.php\/wp-json\/wp\/v2\/product_tag?post=711181"}],"curies":[{"name":"wp","href":"https:\/\/api.w.org\/{rel}","templated":true}]}}