{"id":711179,"date":"2025-08-27T16:42:57","date_gmt":"2025-08-27T13:42:57","guid":{"rendered":"https:\/\/roveyayinevi.com.tr\/index.php\/urun\/yahsi-bati\/"},"modified":"2026-04-16T02:19:49","modified_gmt":"2026-04-15T23:19:49","slug":"yahsi-bati","status":"publish","type":"product","link":"https:\/\/roveyayinevi.com.tr\/index.php\/urun\/yahsi-bati\/","title":{"rendered":"Yah\u015fi Bat\u0131"},"content":{"rendered":"<p>\u201c\u00d6zkan Abi\u2019ye en g\u0131ll\u0131g\u0131\u015fl\u0131, k\u00f6st\u00fcml\u00fc, makyajl\u0131, zahmetli karakterler d\u00fc\u015fer. Bir keresinde isyan etti\u011fini hat\u0131rl\u0131yorum, \u201cO\u011flum bi normal adam yaz bana art\u0131k,\u201d diye. Cem Y\u0131lmaz   YAH\u015e\u0130 BATI \u201cBizi, bize en iyi anlatan adam\u201d konumundaki Cem Y\u0131lmaz, Yah\u015fi Bat\u0131\u2019da bu \u00f6zelli\u011fini Aslan Cinotri\u2019lerin topraklar\u0131nda bir kez daha in\u015fa ediyor. Filmin genel iskeletine g\u00f6z at\u0131ld\u0131\u011f\u0131nda da esprilerin \u00e7o\u011fu, bu kez T\u00fcrk olman\u0131n, Bat\u0131 (ama daha \u00e7ok da Western) \u00e2lemindeki \u00e7eli\u015fkileri \u00fczerine kurulmu\u015f. Matbaan\u0131n ge\u00e7 gelmesinden \u201cBizi d\u00f6rt kar\u0131l\u0131 biliyorlar ama kimse \u2018Yedi Kocal\u0131 H\u00fcrm\u00fcz\u2019den bahsetmiyor\u201da uzanan halkada, Y\u0131lmaz b\u00fct\u00fcn zek\u00e2s\u0131n\u0131 ve \u201cince g\u00f6rme\u201d yetene\u011fini konu\u015fturmu\u015f. Arada da mesela \u015eerif Lloyd\u2019un hem kanun adam\u0131 hem de papaz olmas\u0131ndan m\u00fctevellit, ki\u015fili\u011fine y\u00f6nelik \u201cdin ve devlet i\u015flerini ay\u0131rmas\u0131\u201d y\u00f6n\u00fcndeki uyar\u0131 t\u00fcr\u00fcnden \u201ch\u0131rs\u0131zl\u0131k\u201dlar da var. K\u0131z\u0131lderili \u00e2lemlerindeki \u201cBar\u0131\u015f \u00c7ubu\u011fu Partisi\u201d sahnesi ise m\u00fckemmel. Ayr\u0131ca Aziz Bey\u2019in Suzan\u2019a yazd\u0131\u011f\u0131 sahne de G.O.R.A.\u2019daki Brad Pitt\u2019i \u00f6verek ba\u015flan\u0131p ama sonu\u00e7ta Rasim \u00d6ztekin y\u00fcz\u00fcnden nihayete erdirilemeyen sahne kadar hem ba\u015far\u0131l\u0131 hem de sonu\u00e7 bak\u0131m\u0131ndan (bu kez \u00f6p\u00fcyor) daha bir \u201csonu\u00e7 verici\u201d. Binaenaleyh, Yah\u015fi Bat\u0131, Cem Y\u0131lmaz\u2019\u0131n sinema ser\u00fcveni i\u00e7inde o k\u0131vrak zek\u00e2s\u0131n\u0131, g\u00f6zlemcili\u011fini ve \u00e7eli\u015fkilerimizi y\u00fcz\u00fcm\u00fcze vuruculu\u011funu bir kez daha kan\u0131tl\u0131yor. Senaryosu, rejisi ve oyunculuklar\u0131yla&#8230; U\u011fur Vardan <\/p>\n","protected":false},"excerpt":{"rendered":"<p>\u201c\u00d6zkan Abi\u2019ye en g\u0131ll\u0131g\u0131\u015fl\u0131, k\u00f6st\u00fcml\u00fc, makyajl\u0131, zahmetli karakterler d\u00fc\u015fer. Bir keresinde isyan etti\u011fini hat\u0131rl\u0131yorum, \u201cO\u011flum bi normal adam yaz bana art\u0131k,\u201d diye. Cem Y\u0131lmaz YAH\u015e\u0130 BATI<span class=\"excerpt-hellip\"> [\u2026]<\/span><\/p>\n","protected":false},"featured_media":0,"template":"","meta":{"_monsterinsights_skip_tracking":false,"_monsterinsights_sitenote_active":false,"_monsterinsights_sitenote_note":"","_monsterinsights_sitenote_category":0},"product_brand":[],"product_cat":[12409,12408],"product_tag":[],"class_list":{"0":"post-711179","1":"product","2":"type-product","3":"status-publish","5":"product_cat-fotograf-sinema-tiyatro","6":"product_cat-sanat","7":"pa_cilt-ciltsiz","8":"pa_tur-kitap","9":"pa_yayinevi-inkilap-kitabevi","10":"pa_yazar-cem-yilmaz","12":"first","13":"instock","14":"sale","15":"shipping-taxable","16":"purchasable","17":"product-type-simple"},"_links":{"self":[{"href":"https:\/\/roveyayinevi.com.tr\/index.php\/wp-json\/wp\/v2\/product\/711179","targetHints":{"allow":["GET"]}}],"collection":[{"href":"https:\/\/roveyayinevi.com.tr\/index.php\/wp-json\/wp\/v2\/product"}],"about":[{"href":"https:\/\/roveyayinevi.com.tr\/index.php\/wp-json\/wp\/v2\/types\/product"}],"wp:attachment":[{"href":"https:\/\/roveyayinevi.com.tr\/index.php\/wp-json\/wp\/v2\/media?parent=711179"}],"wp:term":[{"taxonomy":"product_brand","embeddable":true,"href":"https:\/\/roveyayinevi.com.tr\/index.php\/wp-json\/wp\/v2\/product_brand?post=711179"},{"taxonomy":"product_cat","embeddable":true,"href":"https:\/\/roveyayinevi.com.tr\/index.php\/wp-json\/wp\/v2\/product_cat?post=711179"},{"taxonomy":"product_tag","embeddable":true,"href":"https:\/\/roveyayinevi.com.tr\/index.php\/wp-json\/wp\/v2\/product_tag?post=711179"}],"curies":[{"name":"wp","href":"https:\/\/api.w.org\/{rel}","templated":true}]}}