{"id":711178,"date":"2025-08-27T16:42:56","date_gmt":"2025-08-27T13:42:56","guid":{"rendered":"https:\/\/roveyayinevi.com.tr\/index.php\/urun\/pek-yakinda\/"},"modified":"2026-04-16T02:19:49","modified_gmt":"2026-04-15T23:19:49","slug":"pek-yakinda","status":"publish","type":"product","link":"https:\/\/roveyayinevi.com.tr\/index.php\/urun\/pek-yakinda\/","title":{"rendered":"Pek Yak\u0131nda"},"content":{"rendered":"<p>Pek Yak\u0131nda filmini 8 haftada \u0130stanbul\u2019da \u00e7ektik. Belki fark edilmeyen \u2013ki bu iyi bir \u015fey\u2013 bir\u00e7ok i\u00e7 mek\u00e2n\u0131 tasar\u0131m\/dekor olan filmin renkleri ve kost\u00fcmleri \u00f6zenlidir.  Gulyabani gibi, Hafize Ana\u2019n\u0131n Hababam S\u0131n\u0131f\u0131\u2019ndaki zili gibi, Badi Ekrem\u2019in e\u015fofman\u0131 gibi, Davaro filmindeki mikserden Sadri Al\u0131\u015f\u0131k\u2019\u0131n \u015fapkas\u0131na kadar bir\u00e7ok nostaljik ve as\u0131l \u201ck\u0131ymetli\u201d objeyi bar\u0131nd\u0131r\u0131r film.  Ve tabii teneke zannedilen bir oyuncak\u2026 O oyuncak \u015fu anda bende, yaz\u0131hanemizde duruyor ve bize hep o g\u00fczel g\u00fcnleri, film yapman\u0131n bir yalan\u0131 do\u011fruya d\u00f6n\u00fc\u015ft\u00fcrebilece\u011fini hat\u0131rlat\u0131yor.   Cem Y\u0131lmaz <\/p>\n","protected":false},"excerpt":{"rendered":"<p>Pek Yak\u0131nda filmini 8 haftada \u0130stanbul\u2019da \u00e7ektik. Belki fark edilmeyen \u2013ki bu iyi bir \u015fey\u2013 bir\u00e7ok i\u00e7 mek\u00e2n\u0131 tasar\u0131m\/dekor olan filmin renkleri ve kost\u00fcmleri \u00f6zenlidir. Gulyabani<span class=\"excerpt-hellip\"> [\u2026]<\/span><\/p>\n","protected":false},"featured_media":0,"template":"","meta":{"_monsterinsights_skip_tracking":false,"_monsterinsights_sitenote_active":false,"_monsterinsights_sitenote_note":"","_monsterinsights_sitenote_category":0},"product_brand":[],"product_cat":[12408],"product_tag":[],"class_list":{"0":"post-711178","1":"product","2":"type-product","3":"status-publish","5":"product_cat-sanat","6":"pa_cilt-ciltsiz","7":"pa_tur-kitap","8":"pa_yayinevi-inkilap-kitabevi","9":"pa_yazar-cem-yilmaz","11":"first","12":"instock","13":"sale","14":"shipping-taxable","15":"purchasable","16":"product-type-simple"},"_links":{"self":[{"href":"https:\/\/roveyayinevi.com.tr\/index.php\/wp-json\/wp\/v2\/product\/711178","targetHints":{"allow":["GET"]}}],"collection":[{"href":"https:\/\/roveyayinevi.com.tr\/index.php\/wp-json\/wp\/v2\/product"}],"about":[{"href":"https:\/\/roveyayinevi.com.tr\/index.php\/wp-json\/wp\/v2\/types\/product"}],"wp:attachment":[{"href":"https:\/\/roveyayinevi.com.tr\/index.php\/wp-json\/wp\/v2\/media?parent=711178"}],"wp:term":[{"taxonomy":"product_brand","embeddable":true,"href":"https:\/\/roveyayinevi.com.tr\/index.php\/wp-json\/wp\/v2\/product_brand?post=711178"},{"taxonomy":"product_cat","embeddable":true,"href":"https:\/\/roveyayinevi.com.tr\/index.php\/wp-json\/wp\/v2\/product_cat?post=711178"},{"taxonomy":"product_tag","embeddable":true,"href":"https:\/\/roveyayinevi.com.tr\/index.php\/wp-json\/wp\/v2\/product_tag?post=711178"}],"curies":[{"name":"wp","href":"https:\/\/api.w.org\/{rel}","templated":true}]}}