{"id":711156,"date":"2025-08-27T16:42:44","date_gmt":"2025-08-27T13:42:44","guid":{"rendered":"https:\/\/roveyayinevi.com.tr\/index.php\/urun\/seruven-pesinde-13-kayip-prens\/"},"modified":"2026-04-16T02:19:48","modified_gmt":"2026-04-15T23:19:48","slug":"seruven-pesinde-13-kayip-prens","status":"publish","type":"product","link":"https:\/\/roveyayinevi.com.tr\/index.php\/urun\/seruven-pesinde-13-kayip-prens\/","title":{"rendered":"Ser\u00fcven Pe\u015finde 13 Kay\u0131p Prens"},"content":{"rendered":"<p>Samanyolu&#8217;ndaki b\u00fcy\u00fck bir g\u00f6k ada sava\u015f\u0131n e\u015fi\u011findedir. K\u00f6t\u00fcl\u00fck ve karanl\u0131k, iyili\u011fi ve ayd\u0131nl\u0131\u011f\u0131 yenmek i\u00e7in sinsi bir haz\u0131rl\u0131k i\u00e7indedir. Sava\u015f yanl\u0131lar\u0131, bar\u0131\u015f\u0131n tek g\u00fcvencesi olan Prens Ki-ju\u2019yu ka\u00e7\u0131r\u0131rlar ve onu bir kaps\u00fcl\u00fcn i\u00e7inde uzay bo\u015flu\u011funa f\u0131rlat\u0131rlar.  Ancak \u00e7ocuk prensin yolu Ufakl\u0131k ve Gizem&#8217;le kesi\u015fir. Siz de Ufakl\u0131k ve Gizem&#8217;le birlikte Prens Ki-ju&#8217;ya yard\u0131m etmek istemez misiniz? E\u011fer dilerseniz, bir \u0131\u015f\u0131k sava\u015f\u00e7\u0131s\u0131 olarak Karanl\u0131klar Lordu&#8217;na ve onun amans\u0131z sava\u015f\u00e7\u0131lar\u0131na kar\u015f\u0131 sava\u015fabilir, tehlikelerle dolu bir evrende benzersiz ser\u00fcvenler ya\u015fayabilirsiniz. Bu kitapta soluk kesen bir heyecan f\u0131rt\u0131nas\u0131 sizi bekliyor.   \u0130yili\u011fi ve ayd\u0131nl\u0131\u011f\u0131 evrene yaymak, bar\u0131\u015f\u0131 ya\u015fatmak i\u00e7in;   HAYD\u0130 \u00c7OCUKLAR, SER\u00dcVEN PE\u015e\u0130NE&#8230; <\/p>\n","protected":false},"excerpt":{"rendered":"<p>Samanyolu&#8217;ndaki b\u00fcy\u00fck bir g\u00f6k ada sava\u015f\u0131n e\u015fi\u011findedir. K\u00f6t\u00fcl\u00fck ve karanl\u0131k, iyili\u011fi ve ayd\u0131nl\u0131\u011f\u0131 yenmek i\u00e7in sinsi bir haz\u0131rl\u0131k i\u00e7indedir. Sava\u015f yanl\u0131lar\u0131, bar\u0131\u015f\u0131n tek g\u00fcvencesi olan Prens<span class=\"excerpt-hellip\"> [\u2026]<\/span><\/p>\n","protected":false},"featured_media":0,"template":"","meta":{"_monsterinsights_skip_tracking":false,"_monsterinsights_sitenote_active":false,"_monsterinsights_sitenote_note":"","_monsterinsights_sitenote_category":0},"product_brand":[],"product_cat":[12275,12274],"product_tag":[],"class_list":{"0":"post-711156","1":"product","2":"type-product","3":"status-publish","5":"product_cat-6-12-yas-kitaplari","6":"product_cat-cocuk-ve-genclik-kitaplari","7":"pa_cilt-ciltsiz","8":"pa_tur-kitap","9":"pa_yayinevi-genc-hayat","10":"pa_yazar-tuncel-altinkopru","12":"first","13":"instock","14":"sale","15":"shipping-taxable","16":"purchasable","17":"product-type-simple"},"_links":{"self":[{"href":"https:\/\/roveyayinevi.com.tr\/index.php\/wp-json\/wp\/v2\/product\/711156","targetHints":{"allow":["GET"]}}],"collection":[{"href":"https:\/\/roveyayinevi.com.tr\/index.php\/wp-json\/wp\/v2\/product"}],"about":[{"href":"https:\/\/roveyayinevi.com.tr\/index.php\/wp-json\/wp\/v2\/types\/product"}],"wp:attachment":[{"href":"https:\/\/roveyayinevi.com.tr\/index.php\/wp-json\/wp\/v2\/media?parent=711156"}],"wp:term":[{"taxonomy":"product_brand","embeddable":true,"href":"https:\/\/roveyayinevi.com.tr\/index.php\/wp-json\/wp\/v2\/product_brand?post=711156"},{"taxonomy":"product_cat","embeddable":true,"href":"https:\/\/roveyayinevi.com.tr\/index.php\/wp-json\/wp\/v2\/product_cat?post=711156"},{"taxonomy":"product_tag","embeddable":true,"href":"https:\/\/roveyayinevi.com.tr\/index.php\/wp-json\/wp\/v2\/product_tag?post=711156"}],"curies":[{"name":"wp","href":"https:\/\/api.w.org\/{rel}","templated":true}]}}