{"id":711154,"date":"2025-08-27T16:42:43","date_gmt":"2025-08-27T13:42:43","guid":{"rendered":"https:\/\/roveyayinevi.com.tr\/index.php\/urun\/gizemli-ada-uzay-maceralari-2\/"},"modified":"2026-04-16T02:19:48","modified_gmt":"2026-04-15T23:19:48","slug":"gizemli-ada-uzay-maceralari-2","status":"publish","type":"product","link":"https:\/\/roveyayinevi.com.tr\/index.php\/urun\/gizemli-ada-uzay-maceralari-2\/","title":{"rendered":"Gizemli Ada &#8211; Uzay Maceralar\u0131 2"},"content":{"rendered":"<p>E\u011eLENCE VE HEYECAN DOLU UZAY MACERASI S\u0130Z\u0130 BEKL\u0130YOR! U\u00e7ukka\u00e7\u0131kya\u2019dan ba\u015flayan uzay yolculu\u011funun yeni dura\u011f\u0131 Yutayiler Adas\u0131; Gezginlerimiz, uzay haramilerinin sald\u0131r\u0131s\u0131ndan kurtulabilecekler mi? Yutayililer nas\u0131l oluyor da durmadan yiyip i\u00e7ip yan gelip yatabiliyorlar? Bilge Yutayi\u2019nin t\u00fcm adadan gizledi\u011fi ger\u00e7ekler neler? Yutayi halk\u0131n\u0131 uyarmaya \u00e7al\u0131\u015f\u0131rken kahramanlar\u0131m\u0131z\u0131 hangi tehlikeler bekliyor? Cevriye Teyze, Yutayi Adas\u0131\u2019n\u0131n cazibesine kap\u0131l\u0131p kaybolan torununu bulabilecek mi? Evrenin ke\u015ffedilmemi\u015f k\u00f6\u015felerindeki tuhaf gezegenlerde ya\u015fanan maceralara kat\u0131lmak istiyorsan kitab\u0131n kapa\u011f\u0131n\u0131 arala&#8230; Uzay Macerac\u0131lar\u0131yla birlikte sen de kat\u0131l bu yolculu\u011fa! <\/p>\n","protected":false},"excerpt":{"rendered":"<p>E\u011eLENCE VE HEYECAN DOLU UZAY MACERASI S\u0130Z\u0130 BEKL\u0130YOR! U\u00e7ukka\u00e7\u0131kya\u2019dan ba\u015flayan uzay yolculu\u011funun yeni dura\u011f\u0131 Yutayiler Adas\u0131; Gezginlerimiz, uzay haramilerinin sald\u0131r\u0131s\u0131ndan kurtulabilecekler mi? Yutayililer nas\u0131l oluyor da<span class=\"excerpt-hellip\"> [\u2026]<\/span><\/p>\n","protected":false},"featured_media":0,"template":"","meta":{"_monsterinsights_skip_tracking":false,"_monsterinsights_sitenote_active":false,"_monsterinsights_sitenote_note":"","_monsterinsights_sitenote_category":0},"product_brand":[],"product_cat":[12275,12274],"product_tag":[],"class_list":{"0":"post-711154","1":"product","2":"type-product","3":"status-publish","5":"product_cat-6-12-yas-kitaplari","6":"product_cat-cocuk-ve-genclik-kitaplari","7":"pa_cilt-ciltsiz","8":"pa_tur-kitap","9":"pa_yayinevi-genc-hayat","10":"pa_yazar-nazli-aspay-sener","12":"first","13":"instock","14":"sale","15":"shipping-taxable","16":"purchasable","17":"product-type-simple"},"_links":{"self":[{"href":"https:\/\/roveyayinevi.com.tr\/index.php\/wp-json\/wp\/v2\/product\/711154","targetHints":{"allow":["GET"]}}],"collection":[{"href":"https:\/\/roveyayinevi.com.tr\/index.php\/wp-json\/wp\/v2\/product"}],"about":[{"href":"https:\/\/roveyayinevi.com.tr\/index.php\/wp-json\/wp\/v2\/types\/product"}],"wp:attachment":[{"href":"https:\/\/roveyayinevi.com.tr\/index.php\/wp-json\/wp\/v2\/media?parent=711154"}],"wp:term":[{"taxonomy":"product_brand","embeddable":true,"href":"https:\/\/roveyayinevi.com.tr\/index.php\/wp-json\/wp\/v2\/product_brand?post=711154"},{"taxonomy":"product_cat","embeddable":true,"href":"https:\/\/roveyayinevi.com.tr\/index.php\/wp-json\/wp\/v2\/product_cat?post=711154"},{"taxonomy":"product_tag","embeddable":true,"href":"https:\/\/roveyayinevi.com.tr\/index.php\/wp-json\/wp\/v2\/product_tag?post=711154"}],"curies":[{"name":"wp","href":"https:\/\/api.w.org\/{rel}","templated":true}]}}