{"id":711146,"date":"2025-08-27T16:42:39","date_gmt":"2025-08-27T13:42:39","guid":{"rendered":"https:\/\/roveyayinevi.com.tr\/index.php\/urun\/tip-tarihi-nedir\/"},"modified":"2026-04-16T02:19:48","modified_gmt":"2026-04-15T23:19:48","slug":"tip-tarihi-nedir","status":"publish","type":"product","link":"https:\/\/roveyayinevi.com.tr\/index.php\/urun\/tip-tarihi-nedir\/","title":{"rendered":"T\u0131p Tarihi Nedir?"},"content":{"rendered":"<p>\u201cBu kitap geni\u015f bir zaman \u00e7er\u00e7evesinden \u00e7izilen \u00f6rneklerle ard\u0131\u015f\u0131k nesillerin t\u0131p tarihi konusunu neden \u00e7ok etkileyici bulduklar\u0131n\u0131 g\u00f6stermektedir. \u00c7e\u015fitli temalar i\u00e7ine organize olarak ve canl\u0131 ula\u015f\u0131labilir \u015fekilde yaz\u0131larak en tart\u0131\u015fmal\u0131 alanlara bile dengeli bir a\u00e7\u0131klama getirebilmektedir.\u201d Mark Harrison (Oxford \u00dcniversitesi, T\u0131p Tarihi B\u00f6l\u00fcm\u00fc) Son zamanlarda t\u0131p ve sa\u011fl\u0131k tarihi alan\u0131 ola\u011fan\u00fcst\u00fc bir \u015fekilde geni\u015flemi\u015ftir. Bu kitapta John Burnham konuyu \u00e7ok az bilenler i\u00e7in t\u0131p tarihini tan\u0131tarak bu geli\u015fmenin nedenlerini ke\u015ffetmektedir. Bir zamanlar b\u00fct\u00fcn\u00fcyle hekimler taraf\u0131ndan yaz\u0131lm\u0131\u015f ancak \u015fimdi sadece genel tarih\u00e7ileri de\u011fil hem politikac\u0131lar\u0131 hem de her \u00e7e\u015fit sa\u011fl\u0131k \u00e7al\u0131\u015fan\u0131n\u0131 cezbeden bir alana \u0131\u015f\u0131k tutmaktad\u0131r. Burnham, insanlar\u0131n a\u015fa\u011f\u0131da belirtilen hik\u00e2yelerin \u00f6z\u00fcnde olan 5 drama hakk\u0131nda okuma ve yazma i\u00e7erisine \u00e7ekildi\u011fini a\u00e7\u0131klamaktad\u0131r: *) T\u00fcm zaman ve mek\u00e2nlardaki efsunculardan teknik uzmanlara kadar \u015fifac\u0131lar; *) T\u00fcm y\u00fczy\u0131llar ve k\u00fclt\u00fcrlerden hastalar; *) \u015eeytanlar taraf\u0131ndan sahip olunandan, her yar\u0131m saatte 1 in\u00e7 geni\u015fleme h\u0131z\u0131ndaki enfeksiyonlara ve \u00e7\u00f6z\u00fcm\u00fc zor olan \u00e7evresel zehirlere kadar hastal\u0131klar; *) B\u00fcy\u00fck ve \u00f6nemsiz, kusurlu ve parlak fikirlerin ileti\u015fimi ve ke\u015ffi; *) Y\u00fczy\u0131llar i\u00e7erisinde sa\u011fl\u0131k sisteminin toplumlar ve sosyal kurulu\u015flardan \u015fekillenme ve toplumlar\u0131 etkileme y\u00f6ntemleri etraf\u0131ndaki s\u00fcren tart\u0131\u015fmalar. Burnham t\u00fcm bunlar\u0131 birle\u015ftirmenin medikalizasyon ve demedikalizasyon g\u00fc\u00e7leri aras\u0131ndaki gerilim oldu\u011funu g\u00f6stermi\u015ftir. Belirgin ve \u00e7ok y\u00f6nl\u00fc bir t\u0131p ve sa\u011fl\u0131k tarih\u00e7isi olan Burnham bu dinamik alandaki cevaplanmam\u0131\u015f sorular\u0131n kendilerini ortaya \u00e7\u0131karan bilim kadar \u00e7ekici oldu\u011funu ileri s\u00fcrmektedir. T\u0131p tarihi nedir? T\u0131p ve bilim tarihi \u00f6\u011frencileri i\u00e7in paha bi\u00e7ilmez bir kaynak olacakt\u0131r ve sa\u011fl\u0131k bak\u0131m\u0131yla ilgilenen herhangi bir ki\u015fiyi de kapsayacak \u015fekilde genel okuyucu i\u00e7in bir\u00e7ok kavram sunacakt\u0131r. <\/p>\n","protected":false},"excerpt":{"rendered":"<p>\u201cBu kitap geni\u015f bir zaman \u00e7er\u00e7evesinden \u00e7izilen \u00f6rneklerle ard\u0131\u015f\u0131k nesillerin t\u0131p tarihi konusunu neden \u00e7ok etkileyici bulduklar\u0131n\u0131 g\u00f6stermektedir. \u00c7e\u015fitli temalar i\u00e7ine organize olarak ve canl\u0131 ula\u015f\u0131labilir<span class=\"excerpt-hellip\"> [\u2026]<\/span><\/p>\n","protected":false},"featured_media":0,"template":"","meta":{"_monsterinsights_skip_tracking":false,"_monsterinsights_sitenote_active":false,"_monsterinsights_sitenote_note":"","_monsterinsights_sitenote_category":0},"product_brand":[],"product_cat":[13005,15998],"product_tag":[],"class_list":{"0":"post-711146","1":"product","2":"type-product","3":"status-publish","5":"product_cat-bilim-muhendislik","6":"product_cat-bilim-tarihi","7":"pa_cilt-ciltsiz","8":"pa_tur-kitap","9":"pa_yayinevi-islik-yayinlari","10":"pa_yazar-john-c-burnham","12":"first","13":"instock","14":"sale","15":"shipping-taxable","16":"purchasable","17":"product-type-simple"},"_links":{"self":[{"href":"https:\/\/roveyayinevi.com.tr\/index.php\/wp-json\/wp\/v2\/product\/711146","targetHints":{"allow":["GET"]}}],"collection":[{"href":"https:\/\/roveyayinevi.com.tr\/index.php\/wp-json\/wp\/v2\/product"}],"about":[{"href":"https:\/\/roveyayinevi.com.tr\/index.php\/wp-json\/wp\/v2\/types\/product"}],"wp:attachment":[{"href":"https:\/\/roveyayinevi.com.tr\/index.php\/wp-json\/wp\/v2\/media?parent=711146"}],"wp:term":[{"taxonomy":"product_brand","embeddable":true,"href":"https:\/\/roveyayinevi.com.tr\/index.php\/wp-json\/wp\/v2\/product_brand?post=711146"},{"taxonomy":"product_cat","embeddable":true,"href":"https:\/\/roveyayinevi.com.tr\/index.php\/wp-json\/wp\/v2\/product_cat?post=711146"},{"taxonomy":"product_tag","embeddable":true,"href":"https:\/\/roveyayinevi.com.tr\/index.php\/wp-json\/wp\/v2\/product_tag?post=711146"}],"curies":[{"name":"wp","href":"https:\/\/api.w.org\/{rel}","templated":true}]}}