{"id":711116,"date":"2025-08-27T16:42:23","date_gmt":"2025-08-27T13:42:23","guid":{"rendered":"https:\/\/roveyayinevi.com.tr\/index.php\/urun\/imparatorluktan-cumhuriyete-azinliklar\/"},"modified":"2026-04-16T02:19:48","modified_gmt":"2026-04-15T23:19:48","slug":"imparatorluktan-cumhuriyete-azinliklar","status":"publish","type":"product","link":"https:\/\/roveyayinevi.com.tr\/index.php\/urun\/imparatorluktan-cumhuriyete-azinliklar\/","title":{"rendered":"\u0130mparatorluktan Cumhuriyete Az\u0131nl\u0131klar"},"content":{"rendered":"<p>\u0130MPARATORLUKTAN CUMHUR\u0130YETETAR\u0130H\u0130N VE CO\u011eRAFYANIN KADER ORTA\u011eI:AZINLIKLAR&#8230;\u0130slam hukukunda az\u0131nl\u0131k kavram\u0131n\u0131n k\u00f6kleri Hz. Muhammed zaman\u0131na kadar gidebilir. Osmanl\u0131&#8217;yla birlikte bilhassa Rumlar, Ermeniler ve Yahudiler az\u0131nl\u0131k kavram\u0131n\u0131n i\u00e7inde de\u011ferlendirilmi\u015f, 19. y\u00fczy\u0131lda Bat\u0131\u2019da esen milliyet\u00e7ilik r\u00fczgarlar\u0131 \u00e7er\u00e7evesinde bu kavram daha hassas bir h\u00e2l alm\u0131\u015ft\u0131r. Bu durumun etkisiyle Tanzimat D\u00f6nemi\u2019nde birtak\u0131m d\u00fczenlemeler yap\u0131lm\u0131\u015f ancak konunun hassasiyeti sonraki y\u0131llarda da devam etmi\u015ftir. Osmanl\u0131 tarihinin gerek mekansal gerekse toplumsal konular\u0131na hassasiyetle e\u011filen ve bu alanlarda titiz \u00e7al\u0131\u015fmalar kaleme alan \u00d6nder Kaya, bu kez de az\u0131nl\u0131klar \u00fczerine bilgi birikimini aktar\u0131yor. \u0130slamiyet&#8217;in ilk y\u0131llar\u0131ndan itibaren, \u00f6zellikle de \u0130slam Hukuku&#8217;na g\u00f6re gayrim\u00fcslimlerin durumlar\u0131n\u0131 ele alarak ara\u015ft\u0131rmas\u0131na ba\u015fl\u0131yor. \u0130lk T\u00fcrk-\u0130slam devletlerinin akabinde Osmanl\u0131 \u0130mparatorlu\u011fu&#8217;ndaki az\u0131nl\u0131klar\u0131n ya\u015famlar\u0131n\u0131 ve devlet i\u00e7indeki konumlar\u0131n\u0131 derinlemesine inceleyerek Milli M\u00fccadele d\u00f6nemine kadar uzan\u0131yor. Erzurum ve Sivas kongreleri, Amasya g\u00f6r\u00fc\u015fmeleri, Misak-\u0131 Milli ve Lozan Bar\u0131\u015f Konferans\u0131\u2019nda az\u0131nl\u0131klar\u0131n ve haklar\u0131n\u0131n nas\u0131l de\u011ferlendirildi\u011fini anlatarak ara\u015ft\u0131rmas\u0131n\u0131 sonland\u0131r\u0131yor. Osmanl\u0131 tarihine ve Az\u0131nl\u0131klar konusuna ilgi duyan okurlar, bu \u00e7al\u0131\u015fmada \u00d6nder Kaya\u2019n\u0131n kaleminden pek \u00e7ok ilgin\u00e7 bilgi ve anekdotla kar\u015f\u0131la\u015facak. <\/p>\n","protected":false},"excerpt":{"rendered":"<p>\u0130MPARATORLUKTAN CUMHUR\u0130YETETAR\u0130H\u0130N VE CO\u011eRAFYANIN KADER ORTA\u011eI:AZINLIKLAR&#8230;\u0130slam hukukunda az\u0131nl\u0131k kavram\u0131n\u0131n k\u00f6kleri Hz. Muhammed zaman\u0131na kadar gidebilir. Osmanl\u0131&#8217;yla birlikte bilhassa Rumlar, Ermeniler ve Yahudiler az\u0131nl\u0131k kavram\u0131n\u0131n i\u00e7inde de\u011ferlendirilmi\u015f,<span class=\"excerpt-hellip\"> [\u2026]<\/span><\/p>\n","protected":false},"featured_media":0,"template":"","meta":{"_monsterinsights_skip_tracking":false,"_monsterinsights_sitenote_active":false,"_monsterinsights_sitenote_note":"","_monsterinsights_sitenote_category":0},"product_brand":[],"product_cat":[13517,12304],"product_tag":[],"class_list":{"0":"post-711116","1":"product","2":"type-product","3":"status-publish","5":"product_cat-osmanli-tarihi","6":"product_cat-tarih","7":"pa_cilt-ciltsiz","8":"pa_tur-kitap","9":"pa_yayinevi-kronik-kitap","10":"pa_yazar-onder-kaya","12":"first","13":"instock","14":"sale","15":"shipping-taxable","16":"purchasable","17":"product-type-simple"},"_links":{"self":[{"href":"https:\/\/roveyayinevi.com.tr\/index.php\/wp-json\/wp\/v2\/product\/711116","targetHints":{"allow":["GET"]}}],"collection":[{"href":"https:\/\/roveyayinevi.com.tr\/index.php\/wp-json\/wp\/v2\/product"}],"about":[{"href":"https:\/\/roveyayinevi.com.tr\/index.php\/wp-json\/wp\/v2\/types\/product"}],"wp:attachment":[{"href":"https:\/\/roveyayinevi.com.tr\/index.php\/wp-json\/wp\/v2\/media?parent=711116"}],"wp:term":[{"taxonomy":"product_brand","embeddable":true,"href":"https:\/\/roveyayinevi.com.tr\/index.php\/wp-json\/wp\/v2\/product_brand?post=711116"},{"taxonomy":"product_cat","embeddable":true,"href":"https:\/\/roveyayinevi.com.tr\/index.php\/wp-json\/wp\/v2\/product_cat?post=711116"},{"taxonomy":"product_tag","embeddable":true,"href":"https:\/\/roveyayinevi.com.tr\/index.php\/wp-json\/wp\/v2\/product_tag?post=711116"}],"curies":[{"name":"wp","href":"https:\/\/api.w.org\/{rel}","templated":true}]}}