{"id":711115,"date":"2025-08-27T16:42:23","date_gmt":"2025-08-27T13:42:23","guid":{"rendered":"https:\/\/roveyayinevi.com.tr\/index.php\/urun\/sipahi-bir-osmanli-suvarisi\/"},"modified":"2026-04-16T02:19:47","modified_gmt":"2026-04-15T23:19:47","slug":"sipahi-bir-osmanli-suvarisi","status":"publish","type":"product","link":"https:\/\/roveyayinevi.com.tr\/index.php\/urun\/sipahi-bir-osmanli-suvarisi\/","title":{"rendered":"Sipahi Bir Osmanl\u0131 S\u00fcvarisi"},"content":{"rendered":"<p>1648 Anadolu\u2019su\u2026 \u0130syanlarla yorgun d\u00fc\u015fm\u00fc\u015f bir halk\u2026 Ehliyetsiz muhterislerin ele ge\u00e7irdi\u011fi bir payitaht\u2026 B\u00f6yle bir isyan\u0131n ortas\u0131nda kalm\u0131\u015f t\u0131marl\u0131 sipahiler\u2026 Felaketle sonu\u00e7lanm\u0131\u015f bir a\u015fk\u2026 Bitmeyen bir kan davas\u0131\u2026 Ac\u0131mas\u0131z bir sipahi beyi: S\u00fcleyman\u2026 17. y\u00fczy\u0131l, Osmanl\u0131 co\u011frafyas\u0131nda b\u00fcy\u00fck toplumsal \u00e7alkant\u0131lar\u0131n ya\u015fand\u0131\u011f\u0131 ve zengin hik\u00e2yeler ihtiva eden bir d\u00f6neme rastlar. Celali \u0130syanlar\u0131 bu d\u00f6neme damgas\u0131n\u0131 vurmu\u015ftur. Osmanl\u0131 ordusunun belkemi\u011fini olu\u015fturan t\u0131marl\u0131 sipahiler bu isyanlar\u0131n bazen bast\u0131r\u0131c\u0131lar\u0131 bazen de sebepleri olmu\u015ftur. T\u00fcrk ok\u00e7ulu\u011funu ya\u015fatmaya \u00f6mr\u00fcn\u00fc adam\u0131\u015f isimlerin \u00f6nde gelenlerinden Ya\u015far Metin Aksoy, S\u0130PAH\u0130-Bir Osmanl\u0131 S\u00fcvarisi adl\u0131 bu roman\u0131yla tam bir d\u00f6nem filmi \u00e7ekiyor. Sipahilerin 17. y\u00fczy\u0131ldaki hik\u00e2yesini, e\u015fsiz bir \u00fcslupla anlat\u0131yor. Okuyucu sayfalar boyunca at s\u0131rt\u0131nda geziyor, u\u00e7suz bucaks\u0131z co\u011frafyalara, unutulmaz olaylara \u015fahitlik ediyor&#8230; Osmanl\u0131 Devleti\u2019nin duraklama d\u00f6neminde Anadolu pa\u015falar\u0131 etraflar\u0131nda ordular kurmakta ve zaman zaman merkezi y\u00f6netimle ters d\u00fc\u015fmektedirler. Bu \u00e7alkant\u0131l\u0131 y\u0131llarda Terekeci Ahmet Pa\u015fa taraf\u0131ndan k\u0131\u015fk\u0131rt\u0131lan Sivas Valisi Varvar Ali Pa\u015fa ba\u015fkald\u0131rarak Cel\u00e2li olur. Etraf\u0131nda toplad\u0131\u011f\u0131 bir ordu ile kendine yak\u0131n di\u011fer pa\u015falarla da ittifak ederek \u0130stanbul\u2019u bas\u0131p Terekeci Ahmet Pa\u015fa ile hesapla\u015fmak arzusundad\u0131r. Amasya\u2019da Sipahi Beyi olan S\u00fcleyman ise k\u0131sa zaman i\u00e7inde kendini ve adamlar\u0131n\u0131 bu sava\u015f\u0131n ortas\u0131nda bulur. Eski bir sipahi olan Niksarl\u0131 Naz\u0131m\u2019la aras\u0131 a\u00e7\u0131ld\u0131ktan sonra bu \u00e7at\u0131\u015fmada taraf olmak zorunda kal\u0131r. \u0130syan\u0131n bast\u0131r\u0131lmas\u0131nda b\u00fcy\u00fck rol al\u0131r ve nihayetinde isyan bast\u0131r\u0131l\u0131r. Ancak bu isyan s\u0131ras\u0131nda kapat\u0131lmayan bir hesap y\u0131llar sonras\u0131nda kar\u015f\u0131s\u0131na \u00e7\u0131kacakt\u0131r\u2026 \ufffcTan\u0131t\u0131m Metni<\/p>\n","protected":false},"excerpt":{"rendered":"<p>1648 Anadolu\u2019su\u2026 \u0130syanlarla yorgun d\u00fc\u015fm\u00fc\u015f bir halk\u2026 Ehliyetsiz muhterislerin ele ge\u00e7irdi\u011fi bir payitaht\u2026 B\u00f6yle bir isyan\u0131n ortas\u0131nda kalm\u0131\u015f t\u0131marl\u0131 sipahiler\u2026 Felaketle sonu\u00e7lanm\u0131\u015f bir a\u015fk\u2026 Bitmeyen bir<span class=\"excerpt-hellip\"> [\u2026]<\/span><\/p>\n","protected":false},"featured_media":0,"template":"","meta":{"_monsterinsights_skip_tracking":false,"_monsterinsights_sitenote_active":false,"_monsterinsights_sitenote_note":"","_monsterinsights_sitenote_category":0},"product_brand":[],"product_cat":[12291,12745],"product_tag":[],"class_list":{"0":"post-711115","1":"product","2":"type-product","3":"status-publish","5":"product_cat-edebiyat","6":"product_cat-tarihi-roman","7":"pa_cilt-ciltsiz","8":"pa_tur-kitap","9":"pa_yayinevi-kronik-kitap","10":"pa_yazar-yasar-metin-aksoy","12":"first","13":"instock","14":"sale","15":"shipping-taxable","16":"purchasable","17":"product-type-simple"},"_links":{"self":[{"href":"https:\/\/roveyayinevi.com.tr\/index.php\/wp-json\/wp\/v2\/product\/711115","targetHints":{"allow":["GET"]}}],"collection":[{"href":"https:\/\/roveyayinevi.com.tr\/index.php\/wp-json\/wp\/v2\/product"}],"about":[{"href":"https:\/\/roveyayinevi.com.tr\/index.php\/wp-json\/wp\/v2\/types\/product"}],"wp:attachment":[{"href":"https:\/\/roveyayinevi.com.tr\/index.php\/wp-json\/wp\/v2\/media?parent=711115"}],"wp:term":[{"taxonomy":"product_brand","embeddable":true,"href":"https:\/\/roveyayinevi.com.tr\/index.php\/wp-json\/wp\/v2\/product_brand?post=711115"},{"taxonomy":"product_cat","embeddable":true,"href":"https:\/\/roveyayinevi.com.tr\/index.php\/wp-json\/wp\/v2\/product_cat?post=711115"},{"taxonomy":"product_tag","embeddable":true,"href":"https:\/\/roveyayinevi.com.tr\/index.php\/wp-json\/wp\/v2\/product_tag?post=711115"}],"curies":[{"name":"wp","href":"https:\/\/api.w.org\/{rel}","templated":true}]}}