{"id":711105,"date":"2025-08-27T16:42:17","date_gmt":"2025-08-27T13:42:17","guid":{"rendered":"https:\/\/roveyayinevi.com.tr\/index.php\/urun\/akil-cagi-2\/"},"modified":"2026-04-16T02:19:47","modified_gmt":"2026-04-15T23:19:47","slug":"akil-cagi-2","status":"publish","type":"product","link":"https:\/\/roveyayinevi.com.tr\/index.php\/urun\/akil-cagi-2\/","title":{"rendered":"Ak\u0131l \u00c7a\u011f\u0131"},"content":{"rendered":"<p>Ak\u0131l \u00c7a\u011f\u0131\u2019nda Thomas Paine kurumsalla\u015fm\u0131\u015f dini ve Kitab\u0131 Mukaddes\u2019in me\u015fruiyetini sorgular, deizmi felsefi a\u00e7\u0131dan tart\u0131\u015f\u0131r. H\u0131ristiyan Kilisesinin yozla\u015fm\u0131\u015f bir yap\u0131 oldu\u011funa ve siyasal iktidar elde etmek i\u00e7in \u00e7abalad\u0131\u011f\u0131na i\u015faret eder. \u0130nsanlar\u0131n vahiy yerine akl\u0131n pe\u015finden gitmeleri gerekti\u011fini, mucize diye bir \u015fey olmad\u0131\u011f\u0131n\u0131 ve Kitab\u0131 Mukaddes\u2019in tanr\u0131sal esin i\u00e7ermeyen s\u0131radan bir metin oldu\u011funu \u00f6ne s\u00fcrer. Paine\u2019e g\u00f6re, sorgulanamayacak hi\u00e7bir \u015fey yoktur, \u00f6zellikle de din sorgulanmal\u0131d\u0131r. O Newtoncudur, yani evrendeki her \u015feyin, hatta Tanr\u0131\u2019n\u0131n bile evrenin yasalar\u0131na tabi olmas\u0131 gerekti\u011fine inan\u0131r. Her \u015feyin yasalara tabi oldu\u011fu evrende mucizeye ve vahye yer yoktur. Tanr\u0131 evreni yasalar\u0131yla birlikte tasarlam\u0131\u015f ve yaratm\u0131\u015ft\u0131r ama art\u0131k ona ne vahiyle dolayl\u0131 olarak ne de iradesiyle do\u011frudan m\u00fcdahale edebilir. Kimilerine g\u00f6re Ak\u0131l \u00c7a\u011f\u0131 ile Paine deizme yeni, sald\u0131rgan ve a\u00e7\u0131k\u00e7a H\u0131ristiyanl\u0131k kar\u015f\u0131t\u0131 bir renk katm\u0131\u015ft\u0131r. D\u00f6neminin ele\u015ftirmenleri onun s\u00f6ylemini \u201ckaba\u201d ve \u201csayg\u0131s\u0131z\u201d bulmu\u015ftur. Yazar\u0131n bu t\u00fcr ele\u015ftirilere hedef olmas\u0131n\u0131n sebebi mesaj\u0131n\u0131 toplumun her kesimine ula\u015ft\u0131rmak istemesidir. <\/p>\n","protected":false},"excerpt":{"rendered":"<p>Ak\u0131l \u00c7a\u011f\u0131\u2019nda Thomas Paine kurumsalla\u015fm\u0131\u015f dini ve Kitab\u0131 Mukaddes\u2019in me\u015fruiyetini sorgular, deizmi felsefi a\u00e7\u0131dan tart\u0131\u015f\u0131r. H\u0131ristiyan Kilisesinin yozla\u015fm\u0131\u015f bir yap\u0131 oldu\u011funa ve siyasal iktidar elde etmek<span class=\"excerpt-hellip\"> [\u2026]<\/span><\/p>\n","protected":false},"featured_media":0,"template":"","meta":{"_monsterinsights_skip_tracking":false,"_monsterinsights_sitenote_active":false,"_monsterinsights_sitenote_note":"","_monsterinsights_sitenote_category":0},"product_brand":[],"product_cat":[12388],"product_tag":[],"class_list":{"0":"post-711105","1":"product","2":"type-product","3":"status-publish","5":"product_cat-felsefe","6":"pa_cilt-ciltsiz","7":"pa_tur-kitap","8":"pa_yayinevi-say-yayinlari","9":"pa_yazar-thomas-paine","11":"first","12":"instock","13":"sale","14":"shipping-taxable","15":"purchasable","16":"product-type-simple"},"_links":{"self":[{"href":"https:\/\/roveyayinevi.com.tr\/index.php\/wp-json\/wp\/v2\/product\/711105","targetHints":{"allow":["GET"]}}],"collection":[{"href":"https:\/\/roveyayinevi.com.tr\/index.php\/wp-json\/wp\/v2\/product"}],"about":[{"href":"https:\/\/roveyayinevi.com.tr\/index.php\/wp-json\/wp\/v2\/types\/product"}],"wp:attachment":[{"href":"https:\/\/roveyayinevi.com.tr\/index.php\/wp-json\/wp\/v2\/media?parent=711105"}],"wp:term":[{"taxonomy":"product_brand","embeddable":true,"href":"https:\/\/roveyayinevi.com.tr\/index.php\/wp-json\/wp\/v2\/product_brand?post=711105"},{"taxonomy":"product_cat","embeddable":true,"href":"https:\/\/roveyayinevi.com.tr\/index.php\/wp-json\/wp\/v2\/product_cat?post=711105"},{"taxonomy":"product_tag","embeddable":true,"href":"https:\/\/roveyayinevi.com.tr\/index.php\/wp-json\/wp\/v2\/product_tag?post=711105"}],"curies":[{"name":"wp","href":"https:\/\/api.w.org\/{rel}","templated":true}]}}