{"id":711102,"date":"2025-08-27T16:42:16","date_gmt":"2025-08-27T13:42:16","guid":{"rendered":"https:\/\/roveyayinevi.com.tr\/index.php\/urun\/gerceksen\/"},"modified":"2026-04-05T02:23:07","modified_gmt":"2026-04-04T23:23:07","slug":"gerceksen","status":"publish","type":"product","link":"https:\/\/roveyayinevi.com.tr\/index.php\/urun\/gerceksen\/","title":{"rendered":"Ger\u00e7eksen"},"content":{"rendered":"<p>Asl\u0131nda bizler ger\u00e7ekle\u015ftirebilmeye dair ihtimalleri severiz. Hen\u00fcz ger\u00e7ekle\u015ftirmi\u015f olmasak da bu ihtimal bizi hayat\u0131n i\u00e7inde tutar.   Mesela; sevebilme, sevilebilme, \u00e2\u015f\u0131k olabilme, genel m\u00fcd\u00fcr olabilme, zengin, huzurlu olabilme, mutlu olabilme, anne-baba olabilme, fenomen, yazar olabilme, hayallerini ger\u00e7ekle\u015ftirebilme\u2026 Ve daha bir\u00e7ok ihtimal.   En \u00f6nemlisi de kendin gibi olabilme ihtimali. \u0130\u015fte bunu ger\u00e7ekle\u015ftirebilmeni \u00e7ok isterdim. O zaman yukar\u0131da sayd\u0131\u011f\u0131m t\u00fcm ihtimaller zaten olsa da olmasa da hayat\u0131 seveceksin.   Buna dair payla\u015f\u0131mlar elinde tuttu\u011fun kitab\u0131n yolu oldu.   Ben senin bir\u00e7ok \u015feyi ger\u00e7ekle\u015ftirebilme ihtimalini sevmeye devam edece\u011fim\u2026   Sen ise daha fazla bekleme, yap gitsin. <\/p>\n","protected":false},"excerpt":{"rendered":"<p>Asl\u0131nda bizler ger\u00e7ekle\u015ftirebilmeye dair ihtimalleri severiz. Hen\u00fcz ger\u00e7ekle\u015ftirmi\u015f olmasak da bu ihtimal bizi hayat\u0131n i\u00e7inde tutar. Mesela; sevebilme, sevilebilme, \u00e2\u015f\u0131k olabilme, genel m\u00fcd\u00fcr olabilme, zengin, huzurlu<span class=\"excerpt-hellip\"> [\u2026]<\/span><\/p>\n","protected":false},"featured_media":0,"template":"","meta":{"_monsterinsights_skip_tracking":false,"_monsterinsights_sitenote_active":false,"_monsterinsights_sitenote_note":"","_monsterinsights_sitenote_category":0},"product_brand":[],"product_cat":[12364,12376],"product_tag":[],"class_list":{"0":"post-711102","1":"product","2":"type-product","3":"status-publish","5":"product_cat-genel-konular","6":"product_cat-kisisel-gelisim","7":"pa_cilt-ciltsiz","8":"pa_tur-kitap","9":"pa_yayinevi-hayykitap","10":"pa_yazar-yucel-congur","12":"first","13":"instock","14":"sale","15":"shipping-taxable","16":"purchasable","17":"product-type-simple"},"_links":{"self":[{"href":"https:\/\/roveyayinevi.com.tr\/index.php\/wp-json\/wp\/v2\/product\/711102","targetHints":{"allow":["GET"]}}],"collection":[{"href":"https:\/\/roveyayinevi.com.tr\/index.php\/wp-json\/wp\/v2\/product"}],"about":[{"href":"https:\/\/roveyayinevi.com.tr\/index.php\/wp-json\/wp\/v2\/types\/product"}],"wp:attachment":[{"href":"https:\/\/roveyayinevi.com.tr\/index.php\/wp-json\/wp\/v2\/media?parent=711102"}],"wp:term":[{"taxonomy":"product_brand","embeddable":true,"href":"https:\/\/roveyayinevi.com.tr\/index.php\/wp-json\/wp\/v2\/product_brand?post=711102"},{"taxonomy":"product_cat","embeddable":true,"href":"https:\/\/roveyayinevi.com.tr\/index.php\/wp-json\/wp\/v2\/product_cat?post=711102"},{"taxonomy":"product_tag","embeddable":true,"href":"https:\/\/roveyayinevi.com.tr\/index.php\/wp-json\/wp\/v2\/product_tag?post=711102"}],"curies":[{"name":"wp","href":"https:\/\/api.w.org\/{rel}","templated":true}]}}