{"id":711100,"date":"2025-08-27T16:42:15","date_gmt":"2025-08-27T13:42:15","guid":{"rendered":"https:\/\/roveyayinevi.com.tr\/index.php\/urun\/3-10-yas-cocuklar-icin-oyun-ve-etkinlikler\/"},"modified":"2026-04-16T02:19:47","modified_gmt":"2026-04-15T23:19:47","slug":"3-10-yas-cocuklar-icin-oyun-ve-etkinlikler","status":"publish","type":"product","link":"https:\/\/roveyayinevi.com.tr\/index.php\/urun\/3-10-yas-cocuklar-icin-oyun-ve-etkinlikler\/","title":{"rendered":"3-10 Ya\u015f \u00c7ocuklar \u0130\u00e7in Oyun Ve Etkinlikler"},"content":{"rendered":"<p>Oyun terapisi teknikleri ile zenginle\u015ftirilmi\u015f uygulamalarlaT\u00fcrkiye&#8217;de bir ilk! 3-10 ya\u015f, \u00e7ocu\u011funuzun benlik bilincinin geli\u015fti\u011fi d\u00f6nemdir. Sonras\u0131nda, \u00e7ocu\u011funuz edindi\u011fi bu bilinci d\u0131\u015f d\u00fcnyada deneyimler. \u0130\u015fte bu hayati d\u00f6nemde \u00e7ocu\u011funuzun en \u00f6nemli s\u0131n\u0131f\u0131 eviniz, koridorlar\u0131n\u0131z ve en yak\u0131n \u00f6\u011fretmeni de sizsiniz. Onu \u00f6zg\u00fcvenli, fark\u0131ndal\u0131k sahibi, benlik ve duygusal bilinci geli\u015fmi\u015f, ileti\u015fim ve ba\u015f etme becerilerine sahip g\u00fc\u00e7l\u00fc bir \u00e7ocuk olarak yeti\u015ftirmek,  k\u00fc\u00e7\u00fck \u00f6zel anlarda ya\u015fad\u0131\u011f\u0131n\u0131z ili\u015fkiyle, verdi\u011finiz emekle sizin elinizde. B\u00fct\u00fcn bu duygusal zeka becerileri \u00e7ocu\u011funuza kendi gibi  ba\u011f\u0131ms\u0131z bir birey olmay\u0131 kazand\u0131racak.     Peki bunu nas\u0131l yapacaks\u0131n\u0131z?   Cancana kurdu\u011funuz bir ili\u015fkiyle, ay\u0131rd\u0131\u011f\u0131n\u0131z zamanla ve \u00e7ocuklar\u0131n en temel g\u0131das\u0131 olan oyunlarla, masallarla ve etkinliklerle\u2026   Elinizdeki bu kitap, onlarca anne baba ve \u00e7ocuk psikoterapisti taraf\u0131ndan uygulanm\u0131\u015f, geli\u015ftirilmi\u015f, 3-10 ya\u015f aral\u0131\u011f\u0131 i\u00e7in tam 70 oyun ve etkinli\u011fin yer ald\u0131\u011f\u0131 \u00e7ok \u00f6nemli bir kaynak, tam bir tecr\u00fcbe kitab\u0131d\u0131r. Bu oyun ve etkinliklerin her biri hem \u00e7ocu\u011funuzun geli\u015fmesini, hem de onun bilmedi\u011finiz y\u00f6nlerini ke\u015ffetmenizi, yak\u0131nla\u015fman\u0131z\u0131, problemlerini anlaman\u0131z\u0131, yavrunuza ve kendinize daha etkin yollarla yard\u0131m etmenizi sa\u011flayacak.   Bu tecr\u00fcbe kitab\u0131 sizi \u00e7ocuklar\u0131n\u0131z\u0131n ruhlar\u0131nda bug\u00fcnden yar\u0131na biriktirip saklayabilece\u011finiz g\u00fc\u00e7l\u00fc an\u0131lar olu\u015fturmaya davet eder. <\/p>\n","protected":false},"excerpt":{"rendered":"<p>Oyun terapisi teknikleri ile zenginle\u015ftirilmi\u015f uygulamalarlaT\u00fcrkiye&#8217;de bir ilk! 3-10 ya\u015f, \u00e7ocu\u011funuzun benlik bilincinin geli\u015fti\u011fi d\u00f6nemdir. Sonras\u0131nda, \u00e7ocu\u011funuz edindi\u011fi bu bilinci d\u0131\u015f d\u00fcnyada deneyimler. \u0130\u015fte bu hayati<span class=\"excerpt-hellip\"> [\u2026]<\/span><\/p>\n","protected":false},"featured_media":0,"template":"","meta":{"_monsterinsights_skip_tracking":false,"_monsterinsights_sitenote_active":false,"_monsterinsights_sitenote_note":"","_monsterinsights_sitenote_category":0},"product_brand":[],"product_cat":[12831,12324],"product_tag":[],"class_list":{"0":"post-711100","1":"product","2":"type-product","3":"status-publish","5":"product_cat-aile-ve-cocuk","6":"product_cat-sosyoloji","7":"pa_cilt-ciltsiz","8":"pa_tur-kitap","9":"pa_yayinevi-hayykitap","10":"pa_yazar-kudret-eren-yavuz","12":"first","13":"instock","14":"sale","15":"shipping-taxable","16":"purchasable","17":"product-type-simple"},"_links":{"self":[{"href":"https:\/\/roveyayinevi.com.tr\/index.php\/wp-json\/wp\/v2\/product\/711100","targetHints":{"allow":["GET"]}}],"collection":[{"href":"https:\/\/roveyayinevi.com.tr\/index.php\/wp-json\/wp\/v2\/product"}],"about":[{"href":"https:\/\/roveyayinevi.com.tr\/index.php\/wp-json\/wp\/v2\/types\/product"}],"wp:attachment":[{"href":"https:\/\/roveyayinevi.com.tr\/index.php\/wp-json\/wp\/v2\/media?parent=711100"}],"wp:term":[{"taxonomy":"product_brand","embeddable":true,"href":"https:\/\/roveyayinevi.com.tr\/index.php\/wp-json\/wp\/v2\/product_brand?post=711100"},{"taxonomy":"product_cat","embeddable":true,"href":"https:\/\/roveyayinevi.com.tr\/index.php\/wp-json\/wp\/v2\/product_cat?post=711100"},{"taxonomy":"product_tag","embeddable":true,"href":"https:\/\/roveyayinevi.com.tr\/index.php\/wp-json\/wp\/v2\/product_tag?post=711100"}],"curies":[{"name":"wp","href":"https:\/\/api.w.org\/{rel}","templated":true}]}}