{"id":711089,"date":"2025-08-27T16:42:09","date_gmt":"2025-08-27T13:42:09","guid":{"rendered":"https:\/\/roveyayinevi.com.tr\/index.php\/urun\/cocukluk-ne-guzel-sey\/"},"modified":"2026-04-16T02:19:47","modified_gmt":"2026-04-15T23:19:47","slug":"cocukluk-ne-guzel-sey","status":"publish","type":"product","link":"https:\/\/roveyayinevi.com.tr\/index.php\/urun\/cocukluk-ne-guzel-sey\/","title":{"rendered":"\u00c7ocukluk\u2026 Ne G\u00fczel \u015eey\u2026"},"content":{"rendered":"<p>\u00c7ocuklu\u011fumda ben \u00e7ok fakirdim. E\u011fer \u00e7ocuklu\u011fumda elime ge\u00e7en iki kuru\u015ftan birini kitaplara vermeseydim, bug\u00fcn yapabildi\u011fim i\u015flerin hi\u00e7birini yapamazd\u0131m. M. Kemal ATAT\u00dcRK <\/p>\n","protected":false},"excerpt":{"rendered":"<p>\u00c7ocuklu\u011fumda ben \u00e7ok fakirdim. E\u011fer \u00e7ocuklu\u011fumda elime ge\u00e7en iki kuru\u015ftan birini kitaplara vermeseydim, bug\u00fcn yapabildi\u011fim i\u015flerin hi\u00e7birini yapamazd\u0131m. M. Kemal ATAT\u00dcRK<\/p>\n","protected":false},"featured_media":0,"template":"","meta":{"_monsterinsights_skip_tracking":false,"_monsterinsights_sitenote_active":false,"_monsterinsights_sitenote_note":"","_monsterinsights_sitenote_category":0},"product_brand":[],"product_cat":[12274],"product_tag":[],"class_list":{"0":"post-711089","1":"product","2":"type-product","3":"status-publish","5":"product_cat-cocuk-ve-genclik-kitaplari","6":"pa_cilt-ciltsiz","7":"pa_tur-kitap","8":"pa_yayinevi-epsilon-ozel-urun","9":"pa_yazar-ilknur-gunturkun-kalipci","11":"first","12":"instock","13":"sale","14":"shipping-taxable","15":"purchasable","16":"product-type-simple"},"_links":{"self":[{"href":"https:\/\/roveyayinevi.com.tr\/index.php\/wp-json\/wp\/v2\/product\/711089","targetHints":{"allow":["GET"]}}],"collection":[{"href":"https:\/\/roveyayinevi.com.tr\/index.php\/wp-json\/wp\/v2\/product"}],"about":[{"href":"https:\/\/roveyayinevi.com.tr\/index.php\/wp-json\/wp\/v2\/types\/product"}],"wp:attachment":[{"href":"https:\/\/roveyayinevi.com.tr\/index.php\/wp-json\/wp\/v2\/media?parent=711089"}],"wp:term":[{"taxonomy":"product_brand","embeddable":true,"href":"https:\/\/roveyayinevi.com.tr\/index.php\/wp-json\/wp\/v2\/product_brand?post=711089"},{"taxonomy":"product_cat","embeddable":true,"href":"https:\/\/roveyayinevi.com.tr\/index.php\/wp-json\/wp\/v2\/product_cat?post=711089"},{"taxonomy":"product_tag","embeddable":true,"href":"https:\/\/roveyayinevi.com.tr\/index.php\/wp-json\/wp\/v2\/product_tag?post=711089"}],"curies":[{"name":"wp","href":"https:\/\/api.w.org\/{rel}","templated":true}]}}