{"id":711087,"date":"2025-08-27T16:42:08","date_gmt":"2025-08-27T13:42:08","guid":{"rendered":"https:\/\/roveyayinevi.com.tr\/index.php\/urun\/donemec-ii\/"},"modified":"2026-04-11T13:39:32","modified_gmt":"2026-04-11T10:39:32","slug":"donemec-ii","status":"publish","type":"product","link":"https:\/\/roveyayinevi.com.tr\/index.php\/urun\/donemec-ii\/","title":{"rendered":"D\u00f6neme\u00e7 II"},"content":{"rendered":"<p>Akar Ye\u015fil\u0131rmak\u2026 A\u015fk\u0131 sevday\u0131, dostlu\u011fu ve vefay\u0131 ta\u015f\u0131r g\u00f6k ye\u015fili sular\u0131nda. Suskundur bazen, bazen h\u0131r\u00e7\u0131n dolan\u0131r d\u00f6neme\u00e7leri. Karanl\u0131k vadileri ge\u00e7ip verimli ovalara d\u00fc\u015f\u00fcnce yolu; dura\u011fanla\u015f\u0131r, meyveye durur g\u00f6kleri \u00fcle\u015fen bahar dallar\u0131nda. G\u00fcne\u015fe g\u00fcl\u00fcmseyen kiraz \u00e7i\u00e7e\u011finin yinelenen umudu olur. Duyumsasa da ihaneti, kelep\u00e7eye vurulsa da bilekleri, zul\u00fcm zindanlar\u0131nda i\u015fkencelere u\u011frasa da ruhu ve bedeni; ta\u015far bulutlar\u0131n tan\u0131kl\u0131\u011f\u0131nda, y\u0131kar bentleri. Naz\u0131m\u2019\u0131n: \u201cBulutuyla gemisiyle, bal\u0131\u011f\u0131yla yosunuyla, deniz olunmal\u0131\u2026\u201d dedi\u011fi gibi, deniz olmakt\u0131r ere\u011fi. 12 Eyl\u00fcl sonras\u0131nda ya\u015fananlar\u0131n anlat\u0131ld\u0131\u011f\u0131 D\u00f6neme\u00e7 II, D\u00f6neme\u00e7\u2019in devam\u0131 ve bir Amasya roman\u0131d\u0131r.<\/p>\n","protected":false},"excerpt":{"rendered":"<p>Akar Ye\u015fil\u0131rmak\u2026 A\u015fk\u0131 sevday\u0131, dostlu\u011fu ve vefay\u0131 ta\u015f\u0131r g\u00f6k ye\u015fili sular\u0131nda. Suskundur bazen, bazen h\u0131r\u00e7\u0131n dolan\u0131r d\u00f6neme\u00e7leri. Karanl\u0131k vadileri ge\u00e7ip verimli ovalara d\u00fc\u015f\u00fcnce yolu; dura\u011fanla\u015f\u0131r, meyveye<span class=\"excerpt-hellip\"> [\u2026]<\/span><\/p>\n","protected":false},"featured_media":0,"template":"","meta":{"_monsterinsights_skip_tracking":false,"_monsterinsights_sitenote_active":false,"_monsterinsights_sitenote_note":"","_monsterinsights_sitenote_category":0},"product_brand":[],"product_cat":[12291,12711],"product_tag":[],"class_list":{"0":"post-711087","1":"product","2":"type-product","3":"status-publish","5":"product_cat-edebiyat","6":"product_cat-roman-oyku","7":"pa_cilt-ciltsiz","8":"pa_tur-kitap","9":"pa_yayinevi-la-kitap-yayinlari","10":"pa_yazar-ahmet-tahsin","12":"first","13":"instock","14":"sale","15":"shipping-taxable","16":"purchasable","17":"product-type-simple"},"_links":{"self":[{"href":"https:\/\/roveyayinevi.com.tr\/index.php\/wp-json\/wp\/v2\/product\/711087","targetHints":{"allow":["GET"]}}],"collection":[{"href":"https:\/\/roveyayinevi.com.tr\/index.php\/wp-json\/wp\/v2\/product"}],"about":[{"href":"https:\/\/roveyayinevi.com.tr\/index.php\/wp-json\/wp\/v2\/types\/product"}],"wp:attachment":[{"href":"https:\/\/roveyayinevi.com.tr\/index.php\/wp-json\/wp\/v2\/media?parent=711087"}],"wp:term":[{"taxonomy":"product_brand","embeddable":true,"href":"https:\/\/roveyayinevi.com.tr\/index.php\/wp-json\/wp\/v2\/product_brand?post=711087"},{"taxonomy":"product_cat","embeddable":true,"href":"https:\/\/roveyayinevi.com.tr\/index.php\/wp-json\/wp\/v2\/product_cat?post=711087"},{"taxonomy":"product_tag","embeddable":true,"href":"https:\/\/roveyayinevi.com.tr\/index.php\/wp-json\/wp\/v2\/product_tag?post=711087"}],"curies":[{"name":"wp","href":"https:\/\/api.w.org\/{rel}","templated":true}]}}