{"id":711077,"date":"2025-08-27T16:42:02","date_gmt":"2025-08-27T13:42:02","guid":{"rendered":"https:\/\/roveyayinevi.com.tr\/index.php\/urun\/ergen-beyni\/"},"modified":"2026-04-16T02:19:47","modified_gmt":"2026-04-15T23:19:47","slug":"ergen-beyni","status":"publish","type":"product","link":"https:\/\/roveyayinevi.com.tr\/index.php\/urun\/ergen-beyni\/","title":{"rendered":"Ergen Beyni"},"content":{"rendered":"<p>Dr. Frances E. Jensen ergen beynini yepyeni bir yakla\u015f\u0131mla inceliyor.Ergen beyniyle ilgili efsanelere son veren \u00fcnl\u00fc n\u00f6rolog, hem ebeveynlere hem e\u011fitimcilere hem de gen\u00e7lere \u00e7ok \u00f6nemli tavsiyelerde  bulunuyor.Deneyimlerinden yolan \u00e7\u0131kan doktor kendi \u00e7ocuklar\u0131ndan \u00f6\u011frendikleri  sayesinde ergenlerin asl\u0131nda yabanc\u0131 bir t\u00fcr olmad\u0131klar\u0131n\u0131, yaln\u0131zca yanl\u0131\u015f anla\u015f\u0131lm\u0131\u015f bir t\u00fcr olduklar\u0131n\u0131 ke\u015ffediyor. Evet, ergenler  farkl\u0131, ama bu farkl\u0131l\u0131klar\u0131n\u0131n alt\u0131nda yatan \u00f6nemli fizyolojik ve n\u00f6rolojik nedenler var. Alan\u0131ndaki son geli\u015fmeleri aktaran bu pop\u00fcler bilim kitab\u0131 \u00e7oksatanlar  listesinin ba\u015f\u0131na oturmaya aday\u2026<\/p>\n","protected":false},"excerpt":{"rendered":"<p>Dr. Frances E. Jensen ergen beynini yepyeni bir yakla\u015f\u0131mla inceliyor.Ergen beyniyle ilgili efsanelere son veren \u00fcnl\u00fc n\u00f6rolog, hem ebeveynlere hem e\u011fitimcilere hem de gen\u00e7lere \u00e7ok \u00f6nemli<span class=\"excerpt-hellip\"> [\u2026]<\/span><\/p>\n","protected":false},"featured_media":0,"template":"","meta":{"_monsterinsights_skip_tracking":false,"_monsterinsights_sitenote_active":false,"_monsterinsights_sitenote_note":"","_monsterinsights_sitenote_category":0},"product_brand":[],"product_cat":[13005,13006],"product_tag":[],"class_list":{"0":"post-711077","1":"product","2":"type-product","3":"status-publish","5":"product_cat-bilim-muhendislik","6":"product_cat-populer-bilim","7":"pa_cilt-ciltsiz","8":"pa_tur-kitap","9":"pa_yayinevi-hep-kitap","10":"pa_yazar-frances-e-jensen-amy-ellis-nut","12":"first","13":"instock","14":"sale","15":"shipping-taxable","16":"purchasable","17":"product-type-simple"},"_links":{"self":[{"href":"https:\/\/roveyayinevi.com.tr\/index.php\/wp-json\/wp\/v2\/product\/711077","targetHints":{"allow":["GET"]}}],"collection":[{"href":"https:\/\/roveyayinevi.com.tr\/index.php\/wp-json\/wp\/v2\/product"}],"about":[{"href":"https:\/\/roveyayinevi.com.tr\/index.php\/wp-json\/wp\/v2\/types\/product"}],"wp:attachment":[{"href":"https:\/\/roveyayinevi.com.tr\/index.php\/wp-json\/wp\/v2\/media?parent=711077"}],"wp:term":[{"taxonomy":"product_brand","embeddable":true,"href":"https:\/\/roveyayinevi.com.tr\/index.php\/wp-json\/wp\/v2\/product_brand?post=711077"},{"taxonomy":"product_cat","embeddable":true,"href":"https:\/\/roveyayinevi.com.tr\/index.php\/wp-json\/wp\/v2\/product_cat?post=711077"},{"taxonomy":"product_tag","embeddable":true,"href":"https:\/\/roveyayinevi.com.tr\/index.php\/wp-json\/wp\/v2\/product_tag?post=711077"}],"curies":[{"name":"wp","href":"https:\/\/api.w.org\/{rel}","templated":true}]}}