{"id":711076,"date":"2025-08-27T16:42:02","date_gmt":"2025-08-27T13:42:02","guid":{"rendered":"https:\/\/roveyayinevi.com.tr\/index.php\/urun\/kopek-kitabi-resim-sanatinda-kopekler\/"},"modified":"2026-04-16T02:19:47","modified_gmt":"2026-04-15T23:19:47","slug":"kopek-kitabi-resim-sanatinda-kopekler","status":"publish","type":"product","link":"https:\/\/roveyayinevi.com.tr\/index.php\/urun\/kopek-kitabi-resim-sanatinda-kopekler\/","title":{"rendered":"K\u00f6pek Kitab\u0131: Resim Sanat\u0131nda K\u00f6pekler"},"content":{"rendered":"<p>Kimi zaman en yak\u0131n dostlar\u0131m\u0131z, kimi zaman koruyucular\u0131m\u0131z, kimizaman sevdi\u011fimiz kitaplar\u0131n sevdi\u011fimiz kahramanlar\u0131\u2026 Kediler,k\u00f6pekler, ku\u015flar. Zek\u00e2lar\u0131yla bizi hayrete d\u00fc\u015f\u00fcren, tatl\u0131l\u0131klar\u0131ylaen k\u00f6t\u00fc g\u00fcnlerimizi bile g\u00fczelle\u015ftiren, varl\u0131klar\u0131yla umut verenhayvan dostlar\u0131m\u0131z bu defa da resim sanat\u0131ndaki yans\u0131malar\u0131ylakar\u015f\u0131m\u0131zda. hep kitap, hayvansever okurlara, \u00e7evirdikleri her sayfadab\u00fcy\u00fclenecekleri \u00fc\u00e7 kitap sunuyor: Kedi Kitab\u0131, K\u00f6pek Kitab\u0131,Ku\u015f Kitab\u0131.K\u00f6pek denince ilk akla gelen kelimedir ba\u011fl\u0131l\u0131k. Tabii ki insan vek\u00f6pek ili\u015fkisinde bu ba\u011fl\u0131l\u0131k kar\u015f\u0131l\u0131kl\u0131. Sanat\u00e7\u0131lar resimlerinde deayr\u0131lamam\u0131\u015f sad\u0131k dostlar\u0131ndan. B\u00fcy\u00fck, k\u00fc\u00e7\u00fck, zarif, asil, komik\u2026Bir s\u00fcr\u00fc cins var bu kitapta. \u00dcstelik birbirinden g\u00fczel k\u00f6pek \u00e7izimlerinehem sanat\u00e7\u0131lar\u0131n kendileriyle hem de k\u00f6pek cinsleriyle ilgilibilgiler e\u015flik ediyor. D\u00fcnyan\u0131n d\u00f6rt bir yan\u0131ndan ressamlar ve ill\u00fcstrat\u00f6rlerin\u00e7izimleriyle K\u00f6pek Kitab\u0131, adeta k\u00f6pek dostlar\u0131m\u0131zi\u00e7in bir sayg\u0131 duru\u015fu. <\/p>\n","protected":false},"excerpt":{"rendered":"<p>Kimi zaman en yak\u0131n dostlar\u0131m\u0131z, kimi zaman koruyucular\u0131m\u0131z, kimizaman sevdi\u011fimiz kitaplar\u0131n sevdi\u011fimiz kahramanlar\u0131\u2026 Kediler,k\u00f6pekler, ku\u015flar. Zek\u00e2lar\u0131yla bizi hayrete d\u00fc\u015f\u00fcren, tatl\u0131l\u0131klar\u0131ylaen k\u00f6t\u00fc g\u00fcnlerimizi bile g\u00fczelle\u015ftiren, varl\u0131klar\u0131yla umut<span class=\"excerpt-hellip\"> [\u2026]<\/span><\/p>\n","protected":false},"featured_media":0,"template":"","meta":{"_monsterinsights_skip_tracking":false,"_monsterinsights_sitenote_active":false,"_monsterinsights_sitenote_note":"","_monsterinsights_sitenote_category":0},"product_brand":[],"product_cat":[16169,12408],"product_tag":[],"class_list":{"0":"post-711076","1":"product","2":"type-product","3":"status-publish","5":"product_cat-geleneksel-sanatlar","6":"product_cat-sanat","7":"pa_cilt-ciltsiz","8":"pa_tur-kitap","9":"pa_yayinevi-hep-kitap","10":"pa_yazar-angus-hyland-kendra-wilson","12":"first","13":"instock","14":"sale","15":"shipping-taxable","16":"purchasable","17":"product-type-simple"},"_links":{"self":[{"href":"https:\/\/roveyayinevi.com.tr\/index.php\/wp-json\/wp\/v2\/product\/711076","targetHints":{"allow":["GET"]}}],"collection":[{"href":"https:\/\/roveyayinevi.com.tr\/index.php\/wp-json\/wp\/v2\/product"}],"about":[{"href":"https:\/\/roveyayinevi.com.tr\/index.php\/wp-json\/wp\/v2\/types\/product"}],"wp:attachment":[{"href":"https:\/\/roveyayinevi.com.tr\/index.php\/wp-json\/wp\/v2\/media?parent=711076"}],"wp:term":[{"taxonomy":"product_brand","embeddable":true,"href":"https:\/\/roveyayinevi.com.tr\/index.php\/wp-json\/wp\/v2\/product_brand?post=711076"},{"taxonomy":"product_cat","embeddable":true,"href":"https:\/\/roveyayinevi.com.tr\/index.php\/wp-json\/wp\/v2\/product_cat?post=711076"},{"taxonomy":"product_tag","embeddable":true,"href":"https:\/\/roveyayinevi.com.tr\/index.php\/wp-json\/wp\/v2\/product_tag?post=711076"}],"curies":[{"name":"wp","href":"https:\/\/api.w.org\/{rel}","templated":true}]}}