{"id":711055,"date":"2025-08-27T16:41:51","date_gmt":"2025-08-27T13:41:51","guid":{"rendered":"https:\/\/roveyayinevi.com.tr\/index.php\/urun\/marx-sermaye-ve-iktisadi-aklin-cinneti\/"},"modified":"2026-04-16T02:19:46","modified_gmt":"2026-04-15T23:19:46","slug":"marx-sermaye-ve-iktisadi-aklin-cinneti","status":"publish","type":"product","link":"https:\/\/roveyayinevi.com.tr\/index.php\/urun\/marx-sermaye-ve-iktisadi-aklin-cinneti\/","title":{"rendered":"Marx, Sermaye Ve \u0130ktisadi Akl\u0131n Cinneti"},"content":{"rendered":"<p>Yay\u0131nlan\u0131\u015f\u0131n\u0131n \u00fczerinden 150 y\u0131l ge\u00e7en Marx\u2019\u0131n Kapital\u2019inden, h\u00e2l\u00e2 bir t\u00fcrl\u00fc ala\u015fa\u011f\u0131edilemeyen kapitalizmin n\u00fcvesini olu\u015fturan sermayeye giden uzun yolda, David Harveysermayenin i\u015fleyi\u015f mant\u0131\u011f\u0131n\u0131 \u00e7\u00f6z\u00fcmlerken bir metafora ba\u015fvuruyor: onu do\u011fadaki sud\u00f6ng\u00fcs\u00fcyle e\u015fle\u015ftiriyor. B\u00f6ylece g\u00fcndelik hayat\u0131n en ince detay\u0131na dek i\u015flemi\u015f, fakatkorkun\u00e7 boyutlardaki yabanc\u0131la\u015fma y\u00fcz\u00fcnden varl\u0131\u011f\u0131n\u0131n fark\u0131na var\u0131lamayan sermayeyielle tutulur ve g\u00f6zle g\u00f6r\u00fcl\u00fcr hale getiriyor.S\u00fcrekli dola\u015f\u0131m halindeki sermayenin n\u00fcvesini olu\u015fturdu\u011fu ekonomik sistemin ard\u0131ndakimant\u0131k, bir cinnet durumuna i\u015faret ediyor: N\u00fcfusu katlanarak artan \u015fehirlerde yaln\u0131zca\u00e7al\u0131\u015fmak i\u00e7in ya\u015famak, s\u00fcr\u00fc kabilinden dolu\u015fulan ta\u015f\u0131tlarla bir yerlere ula\u015fmaya\u00e7abalamak, bunca bina bollu\u011fu i\u00e7erisinde insani ko\u015fullarda bar\u0131namamak; bu ba\u015fd\u00f6nd\u00fcr\u00fcc\u00fc sirk\u00fclasyon i\u00e7inde durmaks\u0131z\u0131n s\u00f6m\u00fcr\u00fclmek, kendini ger\u00e7ekle\u015ftirmeara\u00e7lar\u0131ndan ve imk\u00e2nlar\u0131ndan yoksun kalmak&#8230;Sermayeye dayal\u0131 bu cinnet halindeki d\u00fczeni y\u0131kan Ekim Devrimi\u2019nin 100. y\u0131l\u0131nda bized\u00fc\u015fen, ya\u015fad\u0131\u011f\u0131m\u0131z d\u00fcnyay\u0131 kavray\u0131\u015f\u0131m\u0131z\u0131 derinle\u015ftirmek ve harekete ge\u00e7mek. <\/p>\n","protected":false},"excerpt":{"rendered":"<p>Yay\u0131nlan\u0131\u015f\u0131n\u0131n \u00fczerinden 150 y\u0131l ge\u00e7en Marx\u2019\u0131n Kapital\u2019inden, h\u00e2l\u00e2 bir t\u00fcrl\u00fc ala\u015fa\u011f\u0131edilemeyen kapitalizmin n\u00fcvesini olu\u015fturan sermayeye giden uzun yolda, David Harveysermayenin i\u015fleyi\u015f mant\u0131\u011f\u0131n\u0131 \u00e7\u00f6z\u00fcmlerken bir metafora ba\u015fvuruyor:<span class=\"excerpt-hellip\"> [\u2026]<\/span><\/p>\n","protected":false},"featured_media":0,"template":"","meta":{"_monsterinsights_skip_tracking":false,"_monsterinsights_sitenote_active":false,"_monsterinsights_sitenote_note":"","_monsterinsights_sitenote_category":0},"product_brand":[],"product_cat":[14841,13043],"product_tag":[],"class_list":{"0":"post-711055","1":"product","2":"type-product","3":"status-publish","5":"product_cat-arastirma-inceleme-kuram","6":"product_cat-ekonomi","7":"pa_cilt-ciltsiz","8":"pa_tur-kitap","9":"pa_yayinevi-sel-yayincilik","10":"pa_yazar-david-harvey","12":"first","13":"instock","14":"sale","15":"shipping-taxable","16":"purchasable","17":"product-type-simple"},"_links":{"self":[{"href":"https:\/\/roveyayinevi.com.tr\/index.php\/wp-json\/wp\/v2\/product\/711055","targetHints":{"allow":["GET"]}}],"collection":[{"href":"https:\/\/roveyayinevi.com.tr\/index.php\/wp-json\/wp\/v2\/product"}],"about":[{"href":"https:\/\/roveyayinevi.com.tr\/index.php\/wp-json\/wp\/v2\/types\/product"}],"wp:attachment":[{"href":"https:\/\/roveyayinevi.com.tr\/index.php\/wp-json\/wp\/v2\/media?parent=711055"}],"wp:term":[{"taxonomy":"product_brand","embeddable":true,"href":"https:\/\/roveyayinevi.com.tr\/index.php\/wp-json\/wp\/v2\/product_brand?post=711055"},{"taxonomy":"product_cat","embeddable":true,"href":"https:\/\/roveyayinevi.com.tr\/index.php\/wp-json\/wp\/v2\/product_cat?post=711055"},{"taxonomy":"product_tag","embeddable":true,"href":"https:\/\/roveyayinevi.com.tr\/index.php\/wp-json\/wp\/v2\/product_tag?post=711055"}],"curies":[{"name":"wp","href":"https:\/\/api.w.org\/{rel}","templated":true}]}}