{"id":711042,"date":"2025-08-27T16:41:43","date_gmt":"2025-08-27T13:41:43","guid":{"rendered":"https:\/\/roveyayinevi.com.tr\/index.php\/urun\/mavisel-yener-ile-oyku-atolyesi\/"},"modified":"2026-04-16T02:19:46","modified_gmt":"2026-04-15T23:19:46","slug":"mavisel-yener-ile-oyku-atolyesi","status":"publish","type":"product","link":"https:\/\/roveyayinevi.com.tr\/index.php\/urun\/mavisel-yener-ile-oyku-atolyesi\/","title":{"rendered":"Mavisel Yener ile \u00d6yk\u00fc At\u00f6lyesi"},"content":{"rendered":"<p>Kim? Neden? Ne zaman? Nas\u0131l? Nerede? \u00d6yk\u00fc okumay\u0131 sever misin? Yan\u0131t\u0131n \u201cevet\u201dse bu kitap \u00e7ok i\u015fine yarayacak. Tabii \u201chay\u0131r\u201d dersen de \u00e7ok i\u015fine yarayacak\u2026 Bar\u0131\u015f, \u00f6d\u00fcll\u00fc bir k\u0131sa film yar\u0131\u015fmas\u0131na kat\u0131lmay\u0131 d\u00fc\u015f\u00fcn\u00fcyor. Fakat yar\u0131\u015fma i\u00e7in yazaca\u011f\u0131 film \u00f6yk\u00fcs\u00fcyle ilgili akl\u0131na herhangi bir fikir gelmiyor. Esin perisi izinli galiba. Peki, ona yard\u0131m eli uzatmaya ne dersin? Acaba Bar\u0131\u015f k\u0131sa film \u00f6yk\u00fcs\u00fcn\u00fc ne hakk\u0131nda yazsa? \u00d6yk\u00fc nerede ge\u00e7se, karakterleri kimler olsa? Tabii bir de \u00f6yk\u00fcy\u00fc kimin a\u011fz\u0131ndan anlataca\u011f\u0131 ayr\u0131nt\u0131s\u0131 var. K\u00e2\u011f\u0131da kaleme sar\u0131lmadan \u00f6nce biraz g\u00f6zlem yapmak \u015fart oldu. Yoksa Bar\u0131\u015f gibi senin de mi kafan sorularla doldu? Tela\u015fa gerek yok. E\u011fer Mavisel Yener ile \u00d6yk\u00fc At\u00f6lyesi  kitab\u0131n yan\u0131ndaysa Bar\u0131\u015f\u2019a yard\u0131m etmen ve sorulara yan\u0131t bulman \u00e7ok kolay. O zaman ver elini \u00f6yk\u00fc kul\u00fcb\u00fc, ko\u015far ad\u0131m yar\u0131\u015fma \u00f6d\u00fcl\u00fc! Mavisel Yener\u2019in gen\u00e7 okurlar\u0131 kendi \u00f6yk\u00fclerini yazmaya heveslendirmek, \u00f6yk\u00fc yazma yolunda onlara k\u0131lavuzluk etmek \u00fczere haz\u0131rlad\u0131\u011f\u0131 bu benzersiz at\u00f6lye kitab\u0131, gerek kurgusu gerekse i\u00e7inde yer alan etkinlik \u00e7e\u015fitlili\u011fiyle s\u0131ra d\u0131\u015f\u0131 bir \u00e7al\u0131\u015fma. Her \u015feyin d\u00fc\u015flemekle ba\u015flayaca\u011f\u0131n\u0131 dile getiren Yener, \u00e7i\u00e7e\u011fi burnunda \u00f6yk\u00fc yazarlar\u0131n\u0131, gizemli okul kedisi Marul&#8217;un maceralar\u0131n\u0131 okurken ayn\u0131 zamanda kendi \u00f6yk\u00fclerini yaratma ser\u00fcvenine dahil ediyor.   Mavisel Yener, Bar\u0131\u015f, Marul ve dostlar\u0131yla e\u011flenceli bir \u00f6yk\u00fc ser\u00fcvenine kat\u0131lmadan \u00f6nce; karn\u0131n\u0131z\u0131n tok, kaleminizin, k\u00e2\u011f\u0131d\u0131n\u0131z\u0131n haz\u0131r oldu\u011fundan ve Resfebe oyununun kurallar\u0131n\u0131 \u00f6\u011frendi\u011finizden emin olun. O halde Mavisel Yener ile \u00d6yk\u00fc At\u00f6lyesi\u2019ne ho\u015f geldiniz! <\/p>\n","protected":false},"excerpt":{"rendered":"<p>Kim? Neden? Ne zaman? Nas\u0131l? Nerede? \u00d6yk\u00fc okumay\u0131 sever misin? Yan\u0131t\u0131n \u201cevet\u201dse bu kitap \u00e7ok i\u015fine yarayacak. Tabii \u201chay\u0131r\u201d dersen de \u00e7ok i\u015fine yarayacak\u2026 Bar\u0131\u015f, \u00f6d\u00fcll\u00fc<span class=\"excerpt-hellip\"> [\u2026]<\/span><\/p>\n","protected":false},"featured_media":0,"template":"","meta":{"_monsterinsights_skip_tracking":false,"_monsterinsights_sitenote_active":false,"_monsterinsights_sitenote_note":"","_monsterinsights_sitenote_category":0},"product_brand":[],"product_cat":[12275,12274],"product_tag":[],"class_list":{"0":"post-711042","1":"product","2":"type-product","3":"status-publish","5":"product_cat-6-12-yas-kitaplari","6":"product_cat-cocuk-ve-genclik-kitaplari","7":"pa_cilt-ciltsiz","8":"pa_tur-kitap","9":"pa_yayinevi-tudem-yayinlari","10":"pa_yazar-mavisel-yener","12":"first","13":"instock","14":"sale","15":"shipping-taxable","16":"purchasable","17":"product-type-simple"},"_links":{"self":[{"href":"https:\/\/roveyayinevi.com.tr\/index.php\/wp-json\/wp\/v2\/product\/711042","targetHints":{"allow":["GET"]}}],"collection":[{"href":"https:\/\/roveyayinevi.com.tr\/index.php\/wp-json\/wp\/v2\/product"}],"about":[{"href":"https:\/\/roveyayinevi.com.tr\/index.php\/wp-json\/wp\/v2\/types\/product"}],"wp:attachment":[{"href":"https:\/\/roveyayinevi.com.tr\/index.php\/wp-json\/wp\/v2\/media?parent=711042"}],"wp:term":[{"taxonomy":"product_brand","embeddable":true,"href":"https:\/\/roveyayinevi.com.tr\/index.php\/wp-json\/wp\/v2\/product_brand?post=711042"},{"taxonomy":"product_cat","embeddable":true,"href":"https:\/\/roveyayinevi.com.tr\/index.php\/wp-json\/wp\/v2\/product_cat?post=711042"},{"taxonomy":"product_tag","embeddable":true,"href":"https:\/\/roveyayinevi.com.tr\/index.php\/wp-json\/wp\/v2\/product_tag?post=711042"}],"curies":[{"name":"wp","href":"https:\/\/api.w.org\/{rel}","templated":true}]}}