{"id":711036,"date":"2025-08-27T16:41:35","date_gmt":"2025-08-27T13:41:35","guid":{"rendered":"https:\/\/roveyayinevi.com.tr\/index.php\/urun\/sano\/"},"modified":"2026-04-16T02:19:46","modified_gmt":"2026-04-15T23:19:46","slug":"sano","status":"publish","type":"product","link":"https:\/\/roveyayinevi.com.tr\/index.php\/urun\/sano\/","title":{"rendered":"\u015eano"},"content":{"rendered":"<p>\u0130\u015fte b\u00f6yle yenge, senle ben \u00fczerlerine tiyatro ac\u0131s\u0131 \u00e7al\u0131nm\u0131\u015f iki kad\u0131n\u0131z. Bu sanata iki hayat vermi\u015f, iki \u015fehidi olan kad\u0131nlar, ne kadar uza\u011f\u0131nday\u0131z \u015fimdi tiyatronun\u2026 Hayatlar\u0131n\u0131 veren kocalar\u0131m\u0131z\u0131n yan\u0131ndakiler kimlerdi? Vard\u0131ysa \u00f6tekiler, onlarla sahneyi payla\u015fanlar \u015fimdi neredeler? Belki kalm\u0131\u015ft\u0131r bir ikisi, g\u00f6r\u00fcr\u00fcz o zaman sahnede, fuayede, kuliste, bir yerlerde i\u015fte\u2026 Kald\u0131ysa tabii\u2026 Ya biz, evet biz? Ama buraday\u0131z biz de\u011fil mi yenge, tiyatroya iki kurban vermi\u015f, tiyatronun kad\u0131nlar\u0131yla akraba iki ac\u0131l\u0131 kad\u0131n\u2026 M. Sad\u0131k Aslankara, tiyatroya \u00f6zg\u00fcledi\u011fi bir \u00fc\u00e7leme yazd\u0131; Bin Y\u00fcz Bir Giz (1993), Cicoz (2008) ve son olarak \u015eano. Bu k\u0131sa roman\u0131n ana kahraman\u0131, Anadolu\u2019da ya\u015fat\u0131lmaya \u00e7al\u0131\u015f\u0131lan bir tiyatro binas\u0131\u2026 Cumhuriyetin kurulu\u015funda kabaran k\u00fclt\u00fcr sanat co\u015fkusu, halk\u0131n i\u00e7inde ye\u015feren tiyatro a\u015fk\u0131 ve zamanla devlet eliyle yap\u0131lanlar\u0131n yine devlet eliyle y\u0131k\u0131lmas\u0131\u2026 Tiyatroya adanm\u0131\u015f ya\u015famlara bir a\u011f\u0131t. Aslankara\u2019n\u0131n g\u00fczel T\u00fcrk\u00e7esiyle\u2026 <\/p>\n","protected":false},"excerpt":{"rendered":"<p>\u0130\u015fte b\u00f6yle yenge, senle ben \u00fczerlerine tiyatro ac\u0131s\u0131 \u00e7al\u0131nm\u0131\u015f iki kad\u0131n\u0131z. Bu sanata iki hayat vermi\u015f, iki \u015fehidi olan kad\u0131nlar, ne kadar uza\u011f\u0131nday\u0131z \u015fimdi tiyatronun\u2026 Hayatlar\u0131n\u0131<span class=\"excerpt-hellip\"> [\u2026]<\/span><\/p>\n","protected":false},"featured_media":0,"template":"","meta":{"_monsterinsights_skip_tracking":false,"_monsterinsights_sitenote_active":false,"_monsterinsights_sitenote_note":"","_monsterinsights_sitenote_category":0},"product_brand":[],"product_cat":[12409,12408],"product_tag":[],"class_list":{"0":"post-711036","1":"product","2":"type-product","3":"status-publish","5":"product_cat-fotograf-sinema-tiyatro","6":"product_cat-sanat","7":"pa_cilt-ciltsiz","8":"pa_tur-kitap","9":"pa_yayinevi-can-yayinlari","10":"pa_yazar-m-sadik-aslankara","12":"first","13":"instock","14":"sale","15":"shipping-taxable","16":"purchasable","17":"product-type-simple"},"_links":{"self":[{"href":"https:\/\/roveyayinevi.com.tr\/index.php\/wp-json\/wp\/v2\/product\/711036","targetHints":{"allow":["GET"]}}],"collection":[{"href":"https:\/\/roveyayinevi.com.tr\/index.php\/wp-json\/wp\/v2\/product"}],"about":[{"href":"https:\/\/roveyayinevi.com.tr\/index.php\/wp-json\/wp\/v2\/types\/product"}],"wp:attachment":[{"href":"https:\/\/roveyayinevi.com.tr\/index.php\/wp-json\/wp\/v2\/media?parent=711036"}],"wp:term":[{"taxonomy":"product_brand","embeddable":true,"href":"https:\/\/roveyayinevi.com.tr\/index.php\/wp-json\/wp\/v2\/product_brand?post=711036"},{"taxonomy":"product_cat","embeddable":true,"href":"https:\/\/roveyayinevi.com.tr\/index.php\/wp-json\/wp\/v2\/product_cat?post=711036"},{"taxonomy":"product_tag","embeddable":true,"href":"https:\/\/roveyayinevi.com.tr\/index.php\/wp-json\/wp\/v2\/product_tag?post=711036"}],"curies":[{"name":"wp","href":"https:\/\/api.w.org\/{rel}","templated":true}]}}