{"id":711020,"date":"2025-08-27T16:41:25","date_gmt":"2025-08-27T13:41:25","guid":{"rendered":"https:\/\/roveyayinevi.com.tr\/index.php\/urun\/ekim-rus-devriminin-hikayesi\/"},"modified":"2026-04-16T02:19:45","modified_gmt":"2026-04-15T23:19:45","slug":"ekim-rus-devriminin-hikayesi","status":"publish","type":"product","link":"https:\/\/roveyayinevi.com.tr\/index.php\/urun\/ekim-rus-devriminin-hikayesi\/","title":{"rendered":"Ekim &#8211; Rus Devriminin Hikayesi"},"content":{"rendered":"<p>Rusya\u2019n\u0131n Rus olma halinde insan\u0131n ba\u015f\u0131n\u0131 s\u0131k\u00e7a d\u00f6nd\u00fcren bir \u015fey vard\u0131r. \u00dclkenin tarihini \u00f6zellikle Rus olmayanlarla ama bazen de Ruslarla tart\u0131\u015ft\u0131\u011f\u0131n\u0131zda, tart\u0131\u015fma tekrar ve tekrar, romantikle\u015ftirilen bir temele, baz\u0131lar\u0131n\u0131n indirgenemez varsayd\u0131\u011f\u0131 bir an\u0131msamaya, merkezindeki kara kutuyla, anlat\u0131lamaz olan o Rus maneviyat\u0131na sapar. Sadece emsalsiz \u015fekilde \u00fcz\u00fcc\u00fc de\u011fil, a\u00e7\u0131klamalar\u0131n emsaliz \u015fekilde idrak edilemez, ka\u00e7amak a\u00e7\u0131klamalar olu\u015fu da cabas\u0131d\u0131r: \u00c7ok ac\u0131 \u00e7eken Rusya; K\u00fc\u00e7\u00fck Ana Rusya&#8230; Rusya, Virginia Woolf\u2019un Orlando\u2019da ifade etti\u011fi gibi, \u201cg\u00fcnbat\u0131mlar\u0131n\u0131n daha uzun, g\u00fcn a\u011farmalar\u0131n\u0131n daha ani oldu\u011fu ve c\u00fcmlelerin, en iyi \u015fekilde nas\u0131l sonland\u0131r\u0131laca\u011f\u0131 hakk\u0131nda duyulan \u015f\u00fcphe y\u00fcz\u00fcnden, yar\u0131m b\u0131rak\u0131ld\u0131\u011f\u0131 bir yerdir.\u201d Elinizdeki kitapta China Mi\u00e9ville, ideolojik m\u00fccadelelere uzak durarak, devrimci olaylar\u0131n ba\u015f d\u00f6nd\u00fcr\u00fcc\u00fc ger\u00e7ekli\u011fini ke\u015ffe \u00e7\u0131k\u0131yor. Bir rahibin ateist o\u011flundan, Rus devriminin edebi hik\u00e2yesi&#8230; <\/p>\n","protected":false},"excerpt":{"rendered":"<p>Rusya\u2019n\u0131n Rus olma halinde insan\u0131n ba\u015f\u0131n\u0131 s\u0131k\u00e7a d\u00f6nd\u00fcren bir \u015fey vard\u0131r. \u00dclkenin tarihini \u00f6zellikle Rus olmayanlarla ama bazen de Ruslarla tart\u0131\u015ft\u0131\u011f\u0131n\u0131zda, tart\u0131\u015fma tekrar ve tekrar, romantikle\u015ftirilen<span class=\"excerpt-hellip\"> [\u2026]<\/span><\/p>\n","protected":false},"featured_media":0,"template":"","meta":{"_monsterinsights_skip_tracking":false,"_monsterinsights_sitenote_active":false,"_monsterinsights_sitenote_note":"","_monsterinsights_sitenote_category":0},"product_brand":[],"product_cat":[12305,12304],"product_tag":[],"class_list":{"0":"post-711020","1":"product","2":"type-product","3":"status-publish","5":"product_cat-dunya-tarihi","6":"product_cat-tarih","7":"pa_cilt-ciltsiz","8":"pa_tur-kitap","9":"pa_yayinevi-ayrinti-yayinlari","10":"pa_yazar-china-mieville","12":"first","13":"instock","14":"sale","15":"shipping-taxable","16":"purchasable","17":"product-type-simple"},"_links":{"self":[{"href":"https:\/\/roveyayinevi.com.tr\/index.php\/wp-json\/wp\/v2\/product\/711020","targetHints":{"allow":["GET"]}}],"collection":[{"href":"https:\/\/roveyayinevi.com.tr\/index.php\/wp-json\/wp\/v2\/product"}],"about":[{"href":"https:\/\/roveyayinevi.com.tr\/index.php\/wp-json\/wp\/v2\/types\/product"}],"wp:attachment":[{"href":"https:\/\/roveyayinevi.com.tr\/index.php\/wp-json\/wp\/v2\/media?parent=711020"}],"wp:term":[{"taxonomy":"product_brand","embeddable":true,"href":"https:\/\/roveyayinevi.com.tr\/index.php\/wp-json\/wp\/v2\/product_brand?post=711020"},{"taxonomy":"product_cat","embeddable":true,"href":"https:\/\/roveyayinevi.com.tr\/index.php\/wp-json\/wp\/v2\/product_cat?post=711020"},{"taxonomy":"product_tag","embeddable":true,"href":"https:\/\/roveyayinevi.com.tr\/index.php\/wp-json\/wp\/v2\/product_tag?post=711020"}],"curies":[{"name":"wp","href":"https:\/\/api.w.org\/{rel}","templated":true}]}}