{"id":710989,"date":"2025-08-27T16:41:09","date_gmt":"2025-08-27T13:41:09","guid":{"rendered":"https:\/\/roveyayinevi.com.tr\/index.php\/urun\/ketcap-mayonez-sindirim\/"},"modified":"2026-04-16T02:19:44","modified_gmt":"2026-04-15T23:19:44","slug":"ketcap-mayonez-sindirim","status":"publish","type":"product","link":"https:\/\/roveyayinevi.com.tr\/index.php\/urun\/ketcap-mayonez-sindirim\/","title":{"rendered":"Ket\u00e7ap Mayonez Sindirim"},"content":{"rendered":"<p>Ba\u011f\u0131rsaklar\u0131n\u0131z\u0131n hangi b\u00f6l\u00fcm\u00fc i\u015fe yaramaz? Hangi vitaminler sa\u00e7lar\u0131n\u0131z\u0131n d\u00f6k\u00fclmesini \u00f6nler? Yiyecekler nas\u0131l \u00e7\u00fcr\u00fcr? Mikroplar\u0131n gizli sald\u0131r\u0131 planlar\u0131 nelerdir? En ger\u00e7ek bilgiler, cevab\u0131n\u0131 hep merak etti\u011finiz sorular ve en \u00e7\u0131lg\u0131n resimler, bu kitapta sizi bekliyor! \ufffcTan\u0131t\u0131m Metni<\/p>\n","protected":false},"excerpt":{"rendered":"<p>Ba\u011f\u0131rsaklar\u0131n\u0131z\u0131n hangi b\u00f6l\u00fcm\u00fc i\u015fe yaramaz? Hangi vitaminler sa\u00e7lar\u0131n\u0131z\u0131n d\u00f6k\u00fclmesini \u00f6nler? Yiyecekler nas\u0131l \u00e7\u00fcr\u00fcr? Mikroplar\u0131n gizli sald\u0131r\u0131 planlar\u0131 nelerdir? En ger\u00e7ek bilgiler, cevab\u0131n\u0131 hep merak etti\u011finiz sorular<span class=\"excerpt-hellip\"> [\u2026]<\/span><\/p>\n","protected":false},"featured_media":0,"template":"","meta":{"_monsterinsights_skip_tracking":false,"_monsterinsights_sitenote_active":false,"_monsterinsights_sitenote_note":"","_monsterinsights_sitenote_category":0},"product_brand":[],"product_cat":[13829,12274],"product_tag":[],"class_list":{"0":"post-710989","1":"product","2":"type-product","3":"status-publish","5":"product_cat-bilimsel-kitaplar","6":"product_cat-cocuk-ve-genclik-kitaplari","7":"pa_cilt-ciltsiz","8":"pa_tur-kitap","9":"pa_yayinevi-eglenceli-bilgi-yayinlari","10":"pa_yazar-nick-arnold","12":"first","13":"instock","14":"sale","15":"shipping-taxable","16":"purchasable","17":"product-type-simple"},"_links":{"self":[{"href":"https:\/\/roveyayinevi.com.tr\/index.php\/wp-json\/wp\/v2\/product\/710989","targetHints":{"allow":["GET"]}}],"collection":[{"href":"https:\/\/roveyayinevi.com.tr\/index.php\/wp-json\/wp\/v2\/product"}],"about":[{"href":"https:\/\/roveyayinevi.com.tr\/index.php\/wp-json\/wp\/v2\/types\/product"}],"wp:attachment":[{"href":"https:\/\/roveyayinevi.com.tr\/index.php\/wp-json\/wp\/v2\/media?parent=710989"}],"wp:term":[{"taxonomy":"product_brand","embeddable":true,"href":"https:\/\/roveyayinevi.com.tr\/index.php\/wp-json\/wp\/v2\/product_brand?post=710989"},{"taxonomy":"product_cat","embeddable":true,"href":"https:\/\/roveyayinevi.com.tr\/index.php\/wp-json\/wp\/v2\/product_cat?post=710989"},{"taxonomy":"product_tag","embeddable":true,"href":"https:\/\/roveyayinevi.com.tr\/index.php\/wp-json\/wp\/v2\/product_tag?post=710989"}],"curies":[{"name":"wp","href":"https:\/\/api.w.org\/{rel}","templated":true}]}}