{"id":710981,"date":"2025-08-27T16:41:04","date_gmt":"2025-08-27T13:41:04","guid":{"rendered":"https:\/\/roveyayinevi.com.tr\/index.php\/urun\/canavarin-agzinda-abd-komunist-partisi-tarihi-1919-1959\/"},"modified":"2026-04-16T02:19:44","modified_gmt":"2026-04-15T23:19:44","slug":"canavarin-agzinda-abd-komunist-partisi-tarihi-1919-1959","status":"publish","type":"product","link":"https:\/\/roveyayinevi.com.tr\/index.php\/urun\/canavarin-agzinda-abd-komunist-partisi-tarihi-1919-1959\/","title":{"rendered":"Canavar\u0131n A\u011fz\u0131nda ABD Kom\u00fcnist Partisi Tarihi, 1919-1959"},"content":{"rendered":"<p>Emperyalizmin lider \u00fclkesinin topraklar\u0131nda, yani canavar\u0131n a\u011fz\u0131nda bir Kom\u00fcnist Parti hangi politikalar\u0131 geli\u015ftirerek halka hitap edebilir, nas\u0131l bir politik yol izleyerek kom\u00fcnist d\u00fc\u015f\u00fcnceyi toplumda yayg\u0131nla\u015ft\u0131rabilir? Haluk Gerger\u2019in ABD Kom\u00fcnist Partisi\u2019nin tarihini derinlemesine ara\u015ft\u0131rd\u0131\u011f\u0131, neredeyse t\u00fcm belgeleri, Komintern ar\u015fivini, s\u00fcreli yay\u0131nlar\u0131 ve konuyla ilgili \u00e7al\u0131\u015fmalar\u0131 ayr\u0131nt\u0131l\u0131 ve titiz bir \u015fekilde inceleyerek olu\u015fturdu\u011fu Canavar\u0131n A\u011fz\u0131nda adl\u0131 kapsaml\u0131 yap\u0131t\u0131, bu kritik sorunun pe\u015finde \u015fimdi ikinci cildiyle bulu\u015fuyor okurlarla. Detayl\u0131 ara\u015ft\u0131rmas\u0131n\u0131 partinin \u00e7e\u015fitli d\u00f6nemlerinde ya\u015fad\u0131\u011f\u0131 ser\u00fcvenlerle i\u00e7 i\u00e7e geli\u015ftiren Gerger\u2019in kitab\u0131nda, sadece sendikal \u00e7al\u0131\u015fmalar, 1929 bunal\u0131m\u0131n\u0131n yaratt\u0131\u011f\u0131 olanaklar, Komintern\u2019in belirledi\u011fi yeni politikalara uygun d\u00fcmen k\u0131rmalar vb. de\u011fil, entrikalar\u0131, safl a\u015fmalar\u0131, hesapla\u015fma ve ihra\u00e7lar\u0131yla b\u00fct\u00fcn bir tarih var. Haluk Gerger, partinin \u201ckurulu\u015f ve \u00e7ocukluk d\u00f6nemi\u201dni anlatt\u0131\u011f\u0131 ilk cildin ard\u0131ndan, \u201c\u00e7ocukluk hastal\u0131\u011f\u0131ndan ergenlik krizlerine\u201d ya\u015fad\u0131\u011f\u0131 geli\u015fime odakland\u0131\u011f\u0131 ikinci cildin ilk k\u0131sm\u0131nda, Buharin\u2019le Stalin aras\u0131ndaki gerilimin ABD\u2019ye yans\u0131malar\u0131na ve \u201csa\u011f sapma\u201d tart\u0131\u015fmalar\u0131na bak\u0131yor, Amerikan kapitalizminin biricik \u00f6zellikleri var m\u0131d\u0131r diye ara\u015ft\u0131r\u0131yor. \u0130kinci k\u0131sm\u0131, 1929 b\u00fcy\u00fck bunal\u0131m\u0131na, sendikal \u00e7al\u0131\u015fmalara, Stalin\u2019in \u201cs\u0131n\u0131fa kar\u015f\u0131 s\u0131n\u0131f\u201d siyasetinin yans\u0131malar\u0131na, \u201csosyal fa\u015fizm\u201d tart\u0131\u015fmalar\u0131na, parti kadrolar\u0131n\u0131n siyah hareketiyle bulu\u015fmas\u0131na, kitleselle\u015fme \u00e7abalar\u0131na, t\u0131kanma ve sorunlara ay\u0131ran Gerger, \u00fc\u00e7\u00fcnc\u00fc k\u0131s\u0131mda da \u201cHalk Cephesi\u201dnin Amerikan versiyonu olarak Demokratik Cephe\u2019ye odaklan\u0131yor. Amerikan Kom\u00fcnist Partisi\u2019nin ser\u00fcven dolu tarihini anlatan Canavar\u0131n A\u011fz\u0131nda, sadece ABD\u2019nin de\u011fil t\u00fcm d\u00fcnya <\/p>\n","protected":false},"excerpt":{"rendered":"<p>Emperyalizmin lider \u00fclkesinin topraklar\u0131nda, yani canavar\u0131n a\u011fz\u0131nda bir Kom\u00fcnist Parti hangi politikalar\u0131 geli\u015ftirerek halka hitap edebilir, nas\u0131l bir politik yol izleyerek kom\u00fcnist d\u00fc\u015f\u00fcnceyi toplumda yayg\u0131nla\u015ft\u0131rabilir? Haluk<span class=\"excerpt-hellip\"> [\u2026]<\/span><\/p>\n","protected":false},"featured_media":0,"template":"","meta":{"_monsterinsights_skip_tracking":false,"_monsterinsights_sitenote_active":false,"_monsterinsights_sitenote_note":"","_monsterinsights_sitenote_category":0},"product_brand":[],"product_cat":[12370,12304],"product_tag":[],"class_list":{"0":"post-710981","1":"product","2":"type-product","3":"status-publish","5":"product_cat-arastirma-inceleme","6":"product_cat-tarih","7":"pa_cilt-ciltsiz","8":"pa_tur-kitap","9":"pa_yayinevi-yordam-kitap","10":"pa_yazar-haluk-gerger","12":"first","13":"instock","14":"sale","15":"shipping-taxable","16":"purchasable","17":"product-type-simple"},"_links":{"self":[{"href":"https:\/\/roveyayinevi.com.tr\/index.php\/wp-json\/wp\/v2\/product\/710981","targetHints":{"allow":["GET"]}}],"collection":[{"href":"https:\/\/roveyayinevi.com.tr\/index.php\/wp-json\/wp\/v2\/product"}],"about":[{"href":"https:\/\/roveyayinevi.com.tr\/index.php\/wp-json\/wp\/v2\/types\/product"}],"wp:attachment":[{"href":"https:\/\/roveyayinevi.com.tr\/index.php\/wp-json\/wp\/v2\/media?parent=710981"}],"wp:term":[{"taxonomy":"product_brand","embeddable":true,"href":"https:\/\/roveyayinevi.com.tr\/index.php\/wp-json\/wp\/v2\/product_brand?post=710981"},{"taxonomy":"product_cat","embeddable":true,"href":"https:\/\/roveyayinevi.com.tr\/index.php\/wp-json\/wp\/v2\/product_cat?post=710981"},{"taxonomy":"product_tag","embeddable":true,"href":"https:\/\/roveyayinevi.com.tr\/index.php\/wp-json\/wp\/v2\/product_tag?post=710981"}],"curies":[{"name":"wp","href":"https:\/\/api.w.org\/{rel}","templated":true}]}}