{"id":710978,"date":"2025-08-27T16:41:03","date_gmt":"2025-08-27T13:41:03","guid":{"rendered":"https:\/\/roveyayinevi.com.tr\/index.php\/urun\/kuresel-tarihce-1945-79\/"},"modified":"2026-04-16T02:19:44","modified_gmt":"2026-04-15T23:19:44","slug":"kuresel-tarihce-1945-79","status":"publish","type":"product","link":"https:\/\/roveyayinevi.com.tr\/index.php\/urun\/kuresel-tarihce-1945-79\/","title":{"rendered":"K\u00fcresel Tarih\u00e7e, 1945-79"},"content":{"rendered":"<p>\u0130ktisat biliminin ve toplumcu d\u00fc\u015f\u00fcncenin \u00fcretken kalemlerinden ODT\u00dc \u0130ktisat B\u00f6l\u00fcm\u00fc Emekli \u00d6\u011fretim \u00dcyesi Prof. Oktar T\u00fcrel, yeni kitab\u0131nda 1945-79 d\u00f6nemindeki uluslararas\u0131 ekonomik geli\u015fmeleri inceliyor. T\u00fcrel\u2019e g\u00f6re siyasal iktisada ilgi duyanlar i\u00e7in bu d\u00f6nem iki a\u00e7\u0131dan \u00f6nem ta\u015f\u0131yor: Y\u0131k\u0131lm\u0131\u015f bir uluslararas\u0131 ekonomik d\u00fczenin yeniden yap\u0131land\u0131r\u0131larak i\u015flerli\u011fe kavu\u015fturulmas\u0131 ve \u00f6ncesi ve sonras\u0131na k\u0131yasla, bu d\u00f6nemde ger\u00e7ekle\u015fen ekonomik geli\u015fmenin \u00e7ok h\u0131zl\u0131 olmas\u0131. Uluslararas\u0131 d\u00fczenin ciddi kriz e\u015fiklerine yakla\u015ft\u0131\u011f\u0131 g\u00fcn\u00fcm\u00fcz \u015fartlar\u0131nda 1945-79 d\u00f6nemi deneyimlerinden \u00f6\u011frenilecek \u00e7ok \u015fey oldu\u011funu ortaya koyan kitap, iki temel k\u0131s\u0131mdan olu\u015fuyor. G\u00f6rece k\u0131sa olan birinci k\u0131s\u0131m, s\u00f6z konusu d\u00f6nemin siyasal \u201carka plan\u0131\u201dn\u0131 betimliyor. Okura, siyasal\/ekonomik etkile\u015fim ba\u011flant\u0131lar\u0131n\u0131 kavramas\u0131 i\u00e7in rehberlik eden bu k\u0131s\u0131mda be\u015f b\u00f6l\u00fcm yer al\u0131yor: \u0130ki kutuplu uluslararas\u0131 siyasetin olu\u015fumu; Truman Doktrini ve Marshall Plan\u0131; kapitalist \u201cmerkez\u201dde emek\u00e7i s\u0131n\u0131f hareketlerinin g\u00fc\u00e7 yitirmesi; I. So\u011fuk Sava\u015f ve \u201c\u00dc\u00e7\u00fcnc\u00fc D\u00fcnya\u201ddaki geli\u015fmeler. Kitab\u0131n daha hacimli olan ikinci k\u0131sm\u0131nda ise uluslararas\u0131 ekonomik geli\u015fmeler ana \u00e7izgileriyle inceleniyor. Yine be\u015f b\u00f6l\u00fcmden olu\u015fan bu k\u0131sm\u0131n ilk b\u00f6l\u00fcm\u00fcnde, II. D\u00fcnya Sava\u015f\u0131\u2019n\u0131n ard\u0131ndan yap\u0131lanan uluslararas\u0131 ekonomik kurumsalla\u015fma anlat\u0131l\u0131yor. \u0130kinci ve \u00fc\u00e7\u00fcnc\u00fc b\u00f6l\u00fcmler, s\u0131ras\u0131yla, kapitalist \u201cmerkez\u201d ve \u201c\u00e7evre\u201dde ba\u015fl\u0131ca ekonomik geli\u015fmeler ile iktisat politikas\u0131 y\u00f6nelimlerinin g\u00f6zden ge\u00e7irilmesine odaklan\u0131yor. Sava\u015f sonras\u0131ndaki ba\u015fat Keynes\u2019gil paradigman\u0131n 1968-79 alt-d\u00f6neminde ger\u00e7ekle\u015fen \u00e7\u00f6z\u00fcl\u00fc\u015f\u00fc, d\u00f6rd\u00fcnc\u00fc b\u00f6l\u00fcm\u00fcn konusunu olu\u015ftururken, be\u015finci ve son b\u00f6l\u00fcmde ise bu \u00e7\u00f6z\u00fcl\u00fc\u015fe \u201c\u00e7evre\u201dnin ne t\u00fcr tepkiler vererek uyum sa\u011flad\u0131\u011f\u0131 ele al\u0131n\u0131yor. Yak\u0131n tarihte ya\u015fanan iktisadi ve siyasal geli\u015fmeleri, kapitalizmin paradigma de\u011fi\u015fikliklerini ve \u201cmerkez\/\u00e7evre\u201d ili\u015fkilerini, bug\u00fcne etkileriyle birlikte kavramak i\u00e7in \u00e7ok \u00f6nemli bir kaynak&#8230; <\/p>\n","protected":false},"excerpt":{"rendered":"<p>\u0130ktisat biliminin ve toplumcu d\u00fc\u015f\u00fcncenin \u00fcretken kalemlerinden ODT\u00dc \u0130ktisat B\u00f6l\u00fcm\u00fc Emekli \u00d6\u011fretim \u00dcyesi Prof. Oktar T\u00fcrel, yeni kitab\u0131nda 1945-79 d\u00f6nemindeki uluslararas\u0131 ekonomik geli\u015fmeleri inceliyor. T\u00fcrel\u2019e g\u00f6re<span class=\"excerpt-hellip\"> [\u2026]<\/span><\/p>\n","protected":false},"featured_media":0,"template":"","meta":{"_monsterinsights_skip_tracking":false,"_monsterinsights_sitenote_active":false,"_monsterinsights_sitenote_note":"","_monsterinsights_sitenote_category":0},"product_brand":[],"product_cat":[12305,12304],"product_tag":[],"class_list":{"0":"post-710978","1":"product","2":"type-product","3":"status-publish","5":"product_cat-dunya-tarihi","6":"product_cat-tarih","7":"pa_cilt-ciltsiz","8":"pa_tur-kitap","9":"pa_yayinevi-yordam-kitap","10":"pa_yazar-oktar-turel","12":"first","13":"instock","14":"sale","15":"shipping-taxable","16":"purchasable","17":"product-type-simple"},"_links":{"self":[{"href":"https:\/\/roveyayinevi.com.tr\/index.php\/wp-json\/wp\/v2\/product\/710978","targetHints":{"allow":["GET"]}}],"collection":[{"href":"https:\/\/roveyayinevi.com.tr\/index.php\/wp-json\/wp\/v2\/product"}],"about":[{"href":"https:\/\/roveyayinevi.com.tr\/index.php\/wp-json\/wp\/v2\/types\/product"}],"wp:attachment":[{"href":"https:\/\/roveyayinevi.com.tr\/index.php\/wp-json\/wp\/v2\/media?parent=710978"}],"wp:term":[{"taxonomy":"product_brand","embeddable":true,"href":"https:\/\/roveyayinevi.com.tr\/index.php\/wp-json\/wp\/v2\/product_brand?post=710978"},{"taxonomy":"product_cat","embeddable":true,"href":"https:\/\/roveyayinevi.com.tr\/index.php\/wp-json\/wp\/v2\/product_cat?post=710978"},{"taxonomy":"product_tag","embeddable":true,"href":"https:\/\/roveyayinevi.com.tr\/index.php\/wp-json\/wp\/v2\/product_tag?post=710978"}],"curies":[{"name":"wp","href":"https:\/\/api.w.org\/{rel}","templated":true}]}}