{"id":710942,"date":"2025-08-27T16:40:43","date_gmt":"2025-08-27T13:40:43","guid":{"rendered":"https:\/\/roveyayinevi.com.tr\/index.php\/urun\/beyaz-odadan-hikayeler\/"},"modified":"2026-04-16T02:19:43","modified_gmt":"2026-04-15T23:19:43","slug":"beyaz-odadan-hikayeler","status":"publish","type":"product","link":"https:\/\/roveyayinevi.com.tr\/index.php\/urun\/beyaz-odadan-hikayeler\/","title":{"rendered":"Beyaz Odadan Hikayeler"},"content":{"rendered":"<p>\u0130nsanl\u0131k halleri, ge\u00e7mi\u015ften gelece\u011fe hayaller ve s\u0131cak bir nostalji&#8230; Son y\u0131llarda ad\u0131ndan s\u0131k\u00e7a s\u00f6z ettiren tiyatro ve sinema oyuncusu Alper Sald\u0131ran, ki\u015fisel ve mesleki hayat\u0131 \u00fczerinden, hepimizin hayat\u0131na yal\u0131n bir bak\u0131\u015f at\u0131yor. Tan\u0131\u015ft\u0131\u011f\u0131 \u00f6zel insanlardan, ya\u015fad\u0131\u011f\u0131 g\u00fczel anlardan ve g\u00f6rd\u00fcklerinden \u00e7\u0131kard\u0131klar\u0131n\u0131 k\u00e2h hicvederek k\u00e2h hik\u00e2yele\u015ftirerek anlat\u0131yor. Bembeyaz bir tabloyu kendi renkleriyle boyuyor. <\/p>\n","protected":false},"excerpt":{"rendered":"<p>\u0130nsanl\u0131k halleri, ge\u00e7mi\u015ften gelece\u011fe hayaller ve s\u0131cak bir nostalji&#8230; Son y\u0131llarda ad\u0131ndan s\u0131k\u00e7a s\u00f6z ettiren tiyatro ve sinema oyuncusu Alper Sald\u0131ran, ki\u015fisel ve mesleki hayat\u0131 \u00fczerinden,<span class=\"excerpt-hellip\"> [\u2026]<\/span><\/p>\n","protected":false},"featured_media":0,"template":"","meta":{"_monsterinsights_skip_tracking":false,"_monsterinsights_sitenote_active":false,"_monsterinsights_sitenote_note":"","_monsterinsights_sitenote_category":0},"product_brand":[],"product_cat":[12777,12291],"product_tag":[],"class_list":{"0":"post-710942","1":"product","2":"type-product","3":"status-publish","5":"product_cat-deneme","6":"product_cat-edebiyat","7":"pa_cilt-ciltsiz","8":"pa_tur-kitap","9":"pa_yayinevi-kara-karga-yayinlari","10":"pa_yazar-alper-saldiran","12":"first","13":"instock","14":"sale","15":"shipping-taxable","16":"purchasable","17":"product-type-simple"},"_links":{"self":[{"href":"https:\/\/roveyayinevi.com.tr\/index.php\/wp-json\/wp\/v2\/product\/710942","targetHints":{"allow":["GET"]}}],"collection":[{"href":"https:\/\/roveyayinevi.com.tr\/index.php\/wp-json\/wp\/v2\/product"}],"about":[{"href":"https:\/\/roveyayinevi.com.tr\/index.php\/wp-json\/wp\/v2\/types\/product"}],"wp:attachment":[{"href":"https:\/\/roveyayinevi.com.tr\/index.php\/wp-json\/wp\/v2\/media?parent=710942"}],"wp:term":[{"taxonomy":"product_brand","embeddable":true,"href":"https:\/\/roveyayinevi.com.tr\/index.php\/wp-json\/wp\/v2\/product_brand?post=710942"},{"taxonomy":"product_cat","embeddable":true,"href":"https:\/\/roveyayinevi.com.tr\/index.php\/wp-json\/wp\/v2\/product_cat?post=710942"},{"taxonomy":"product_tag","embeddable":true,"href":"https:\/\/roveyayinevi.com.tr\/index.php\/wp-json\/wp\/v2\/product_tag?post=710942"}],"curies":[{"name":"wp","href":"https:\/\/api.w.org\/{rel}","templated":true}]}}