{"id":710931,"date":"2025-08-27T16:40:37","date_gmt":"2025-08-27T13:40:37","guid":{"rendered":"https:\/\/roveyayinevi.com.tr\/index.php\/urun\/uzaylilar-bilim-soruyor-orada-kimse-var-mi\/"},"modified":"2026-04-16T02:19:28","modified_gmt":"2026-04-15T23:19:28","slug":"uzaylilar-bilim-soruyor-orada-kimse-var-mi","status":"publish","type":"product","link":"https:\/\/roveyayinevi.com.tr\/index.php\/urun\/uzaylilar-bilim-soruyor-orada-kimse-var-mi\/","title":{"rendered":"Uzayl\u0131lar Bilim Soruyor : Orada Kimse Var m\u0131?"},"content":{"rendered":"<p>Paradoks ve Kuantum S\u0131n\u0131r\u0131nda Ya\u015fam\u2019\u0131n yazar\u0131ndan  Uzayl\u0131lar Var m\u0131? Cevap evetse: Neye benziyorlar? Nerede ya\u015f\u0131yorlar? Bilin\u00e7 sahibi varl\u0131klar m\u0131? Ve \u015fayet onlar bizi bulsa neler olurdu?Bunlar belki de bug\u00fcne kadar sordu\u011fumuz en b\u00fcy\u00fck sorular. \u00dcnl\u00fc fizik\u00e7i, yazar ve belgesel yap\u0131mc\u0131s\u0131 Profes\u00f6r Jim Al-Khalili, yan\u0131na hayatlar\u0131n\u0131 ger\u00e7e\u011fi bulmaya adam\u0131\u015f d\u00fcnyan\u0131n \u00f6nde gelen bilim insanlar\u0131 ve uzmanlar\u0131n\u0131 da alarak bu b\u00fcy\u00fck sorulara cevap aramaya giri\u015fiyor. Sat\u00fcrn\u2019\u00fcn uydusu Titan\u2019daki buz bloklar\u0131n\u0131 ve hidrokarbon g\u00f6llerini ziyaret etmeye, uzayda ya\u015fayabilen sekiz ayakl\u0131 minik yarat\u0131klarla tan\u0131\u015fmaya, uzayl\u0131lar taraf\u0131ndan ka\u00e7\u0131r\u0131lma iddialar\u0131n\u0131n ard\u0131nda yatan sinirbilimsel sebepleri duymaya haz\u0131r olun. Yolda bir ahtapotun zihnine giriyor, uzayda bir uygarl\u0131k bulma olas\u0131l\u0131\u011f\u0131n\u0131 ya da bir yerlerde ya\u015fam varsa evrimle\u015ferek bizim \u201czeki\u201d diyebilece\u011fimiz bir \u015feye d\u00f6n\u00fc\u015fme ihtimalini hesapl\u0131yor, uzay yolculuklar\u0131n\u0131 ileride tamamen sayborg teknolojisine mi havale edece\u011fiz gibi sorulara cevap ar\u0131yoruz.Galaksinin en u\u00e7 noktalar\u0131ndan taze edinilmi\u015f bilgiler ve bolca merak ile dolu Uzayl\u0131lar, ba\u015f\u0131n\u0131 y\u0131ld\u0131zl\u0131 g\u00f6\u011fe kald\u0131r\u0131p kendine \u201cAcaba yaln\u0131z m\u0131y\u0131z?\u201d sorusunu sormu\u015f herkes i\u00e7in bi\u00e7ilmi\u015f kaftan. <\/p>\n","protected":false},"excerpt":{"rendered":"<p>Paradoks ve Kuantum S\u0131n\u0131r\u0131nda Ya\u015fam\u2019\u0131n yazar\u0131ndan Uzayl\u0131lar Var m\u0131? Cevap evetse: Neye benziyorlar? Nerede ya\u015f\u0131yorlar? Bilin\u00e7 sahibi varl\u0131klar m\u0131? Ve \u015fayet onlar bizi bulsa neler olurdu?Bunlar<span class=\"excerpt-hellip\"> [\u2026]<\/span><\/p>\n","protected":false},"featured_media":0,"template":"","meta":{"_monsterinsights_skip_tracking":false,"_monsterinsights_sitenote_active":false,"_monsterinsights_sitenote_note":"","_monsterinsights_sitenote_category":0},"product_brand":[],"product_cat":[13005,13006],"product_tag":[],"class_list":{"0":"post-710931","1":"product","2":"type-product","3":"status-publish","5":"product_cat-bilim-muhendislik","6":"product_cat-populer-bilim","7":"pa_cilt-ciltsiz","8":"pa_tur-kitap","9":"pa_yayinevi-domingo-yayinevi","10":"pa_yazar-jim-al-khalili","12":"first","13":"instock","14":"sale","15":"shipping-taxable","16":"purchasable","17":"product-type-simple"},"_links":{"self":[{"href":"https:\/\/roveyayinevi.com.tr\/index.php\/wp-json\/wp\/v2\/product\/710931","targetHints":{"allow":["GET"]}}],"collection":[{"href":"https:\/\/roveyayinevi.com.tr\/index.php\/wp-json\/wp\/v2\/product"}],"about":[{"href":"https:\/\/roveyayinevi.com.tr\/index.php\/wp-json\/wp\/v2\/types\/product"}],"wp:attachment":[{"href":"https:\/\/roveyayinevi.com.tr\/index.php\/wp-json\/wp\/v2\/media?parent=710931"}],"wp:term":[{"taxonomy":"product_brand","embeddable":true,"href":"https:\/\/roveyayinevi.com.tr\/index.php\/wp-json\/wp\/v2\/product_brand?post=710931"},{"taxonomy":"product_cat","embeddable":true,"href":"https:\/\/roveyayinevi.com.tr\/index.php\/wp-json\/wp\/v2\/product_cat?post=710931"},{"taxonomy":"product_tag","embeddable":true,"href":"https:\/\/roveyayinevi.com.tr\/index.php\/wp-json\/wp\/v2\/product_tag?post=710931"}],"curies":[{"name":"wp","href":"https:\/\/api.w.org\/{rel}","templated":true}]}}