{"id":710930,"date":"2025-08-27T16:40:36","date_gmt":"2025-08-27T13:40:36","guid":{"rendered":"https:\/\/roveyayinevi.com.tr\/index.php\/urun\/lanetli-topraklar\/"},"modified":"2026-04-16T02:19:28","modified_gmt":"2026-04-15T23:19:28","slug":"lanetli-topraklar","status":"publish","type":"product","link":"https:\/\/roveyayinevi.com.tr\/index.php\/urun\/lanetli-topraklar\/","title":{"rendered":"Lanetli Topraklar"},"content":{"rendered":"<p>\u201cB\u00f6ylece hamak kancas\u0131na ba\u011flanm\u0131\u015f halat\u0131n ucunda as\u0131l\u0131 a\u011fabeyimi ilk g\u00f6ren ben oldum\u2026\u201d   B\u00fcy\u00fck \u015fehir r\u00fcyas\u0131 ve pe\u015finden giden herkesin parampar\u00e7a olan hayat\u0131\u2026 Bu topraklar\u0131n laneti yakalar\u0131n\u0131 hi\u00e7 b\u0131rakmayacakt\u0131.   Torres\u2019e b\u00fcy\u00fck ba\u015far\u0131 getiren Lanetli Topraklar \u00e7a\u011fda\u015f Brezilya edebiyat\u0131n\u0131n modern klasikleri aras\u0131nda yerini alm\u0131\u015ft\u0131r. Fransa, Almanya, \u0130talya, Hollanda, \u0130ngiltere, Amerika ve \u0130srail\u2019de yay\u0131mlanm\u0131\u015f, y\u00fcz elli binden fazla satm\u0131\u015ft\u0131r. <\/p>\n","protected":false},"excerpt":{"rendered":"<p>\u201cB\u00f6ylece hamak kancas\u0131na ba\u011flanm\u0131\u015f halat\u0131n ucunda as\u0131l\u0131 a\u011fabeyimi ilk g\u00f6ren ben oldum\u2026\u201d B\u00fcy\u00fck \u015fehir r\u00fcyas\u0131 ve pe\u015finden giden herkesin parampar\u00e7a olan hayat\u0131\u2026 Bu topraklar\u0131n laneti yakalar\u0131n\u0131<span class=\"excerpt-hellip\"> [\u2026]<\/span><\/p>\n","protected":false},"featured_media":0,"template":"","meta":{"_monsterinsights_skip_tracking":false,"_monsterinsights_sitenote_active":false,"_monsterinsights_sitenote_note":"","_monsterinsights_sitenote_category":0},"product_brand":[],"product_cat":[12291,12711],"product_tag":[],"class_list":{"0":"post-710930","1":"product","2":"type-product","3":"status-publish","5":"product_cat-edebiyat","6":"product_cat-roman-oyku","7":"pa_cilt-ciltsiz","8":"pa_tur-kitap","9":"pa_yayinevi-bilgi-yayinevi","10":"pa_yazar-antonio-torres","12":"first","13":"instock","14":"sale","15":"shipping-taxable","16":"purchasable","17":"product-type-simple"},"_links":{"self":[{"href":"https:\/\/roveyayinevi.com.tr\/index.php\/wp-json\/wp\/v2\/product\/710930","targetHints":{"allow":["GET"]}}],"collection":[{"href":"https:\/\/roveyayinevi.com.tr\/index.php\/wp-json\/wp\/v2\/product"}],"about":[{"href":"https:\/\/roveyayinevi.com.tr\/index.php\/wp-json\/wp\/v2\/types\/product"}],"wp:attachment":[{"href":"https:\/\/roveyayinevi.com.tr\/index.php\/wp-json\/wp\/v2\/media?parent=710930"}],"wp:term":[{"taxonomy":"product_brand","embeddable":true,"href":"https:\/\/roveyayinevi.com.tr\/index.php\/wp-json\/wp\/v2\/product_brand?post=710930"},{"taxonomy":"product_cat","embeddable":true,"href":"https:\/\/roveyayinevi.com.tr\/index.php\/wp-json\/wp\/v2\/product_cat?post=710930"},{"taxonomy":"product_tag","embeddable":true,"href":"https:\/\/roveyayinevi.com.tr\/index.php\/wp-json\/wp\/v2\/product_tag?post=710930"}],"curies":[{"name":"wp","href":"https:\/\/api.w.org\/{rel}","templated":true}]}}