{"id":710924,"date":"2025-08-27T16:40:33","date_gmt":"2025-08-27T13:40:33","guid":{"rendered":"https:\/\/roveyayinevi.com.tr\/index.php\/urun\/eski-insanlar-eski-cemiyetler-osmanli-toplumsal-tarihi-calismalari-1904-1926\/"},"modified":"2026-04-16T02:19:28","modified_gmt":"2026-04-15T23:19:28","slug":"eski-insanlar-eski-cemiyetler-osmanli-toplumsal-tarihi-calismalari-1904-1926","status":"publish","type":"product","link":"https:\/\/roveyayinevi.com.tr\/index.php\/urun\/eski-insanlar-eski-cemiyetler-osmanli-toplumsal-tarihi-calismalari-1904-1926\/","title":{"rendered":"Eski \u0130nsanlar Eski Cemiyetler Osmanl\u0131 Toplumsal Tarihi \u00c7al\u0131\u015fmalar\u0131 (1904-1926)"},"content":{"rendered":"<p>On dokuzuncu y\u00fczy\u0131l boyunca Osmanl\u0131 \u0130mparatorlu\u011fu\u2019nda ya\u015fanan modernle\u015fme, Bat\u0131l\u0131la\u015fma ve sek\u00fclerle\u015fme, toplumsal \u00f6rg\u00fctlenmeler \u00fczerindeki yasaklar\u0131n zamanla k\u0131smen gev\u015fetilmesine ve birtak\u0131m \u00f6rg\u00fctlenmelere gidilmesine izin verdi. Osmanl\u0131 sivil toplum kurulu\u015flar\u0131 olan cemiyetler, Osmanl\u0131 \u0130mparatorlu\u011fu\u2019nda tebaadan vatanda\u015fa ge\u00e7i\u015fin mihenk ta\u015f\u0131d\u0131r. Eski \u0130nsanlar, Eski Cemiyetler yirmi iki Osmanl\u0131 cemiyetini ele alan Osmanl\u0131 toplumsal tarihi \u00e7al\u0131\u015fmalar\u0131ndan olu\u015fuyor. Osmanl\u0131 cemiyetleri \u00fczerine bir \u201cmodel kurma\u201d giri\u015fiminde bulunmad\u0131\u011f\u0131 gibi, \u201cO da var, bu da var\u201d kolayc\u0131l\u0131\u011f\u0131na da ka\u00e7maya \u00e7al\u0131\u015fm\u0131yor. Kenarda k\u00f6\u015fede kalm\u0131\u015f Osmanl\u0131 cemiyetlerinin hik\u00e2yelerini g\u00fcn \u0131\u015f\u0131\u011f\u0131na \u00e7\u0131kararak Osmanl\u0131 toplumsal tarihine \u00f6nemli bir katk\u0131da bulunuyor.  Eski \u0130nsanlar, Eski Cemiyetler\u2026 S\u0131radan insanlar\u0131n, k\u00fc\u00e7\u00fck ayr\u0131nt\u0131lar\u0131n, minicik olaylar\u0131n, tuhaf olgular\u0131n, ehemmiyetsiz \u015feylerin, gayet m\u00fchim tarihi!.. <\/p>\n","protected":false},"excerpt":{"rendered":"<p>On dokuzuncu y\u00fczy\u0131l boyunca Osmanl\u0131 \u0130mparatorlu\u011fu\u2019nda ya\u015fanan modernle\u015fme, Bat\u0131l\u0131la\u015fma ve sek\u00fclerle\u015fme, toplumsal \u00f6rg\u00fctlenmeler \u00fczerindeki yasaklar\u0131n zamanla k\u0131smen gev\u015fetilmesine ve birtak\u0131m \u00f6rg\u00fctlenmelere gidilmesine izin verdi. Osmanl\u0131 sivil<span class=\"excerpt-hellip\"> [\u2026]<\/span><\/p>\n","protected":false},"featured_media":0,"template":"","meta":{"_monsterinsights_skip_tracking":false,"_monsterinsights_sitenote_active":false,"_monsterinsights_sitenote_note":"","_monsterinsights_sitenote_category":0},"product_brand":[],"product_cat":[13517,12304],"product_tag":[],"class_list":{"0":"post-710924","1":"product","2":"type-product","3":"status-publish","5":"product_cat-osmanli-tarihi","6":"product_cat-tarih","7":"pa_cilt-ciltsiz","8":"pa_tur-kitap","9":"pa_yayinevi-dogan-kitap","10":"pa_yazar-yavuz-selim-karakisla","12":"first","13":"instock","14":"sale","15":"shipping-taxable","16":"purchasable","17":"product-type-simple"},"_links":{"self":[{"href":"https:\/\/roveyayinevi.com.tr\/index.php\/wp-json\/wp\/v2\/product\/710924","targetHints":{"allow":["GET"]}}],"collection":[{"href":"https:\/\/roveyayinevi.com.tr\/index.php\/wp-json\/wp\/v2\/product"}],"about":[{"href":"https:\/\/roveyayinevi.com.tr\/index.php\/wp-json\/wp\/v2\/types\/product"}],"wp:attachment":[{"href":"https:\/\/roveyayinevi.com.tr\/index.php\/wp-json\/wp\/v2\/media?parent=710924"}],"wp:term":[{"taxonomy":"product_brand","embeddable":true,"href":"https:\/\/roveyayinevi.com.tr\/index.php\/wp-json\/wp\/v2\/product_brand?post=710924"},{"taxonomy":"product_cat","embeddable":true,"href":"https:\/\/roveyayinevi.com.tr\/index.php\/wp-json\/wp\/v2\/product_cat?post=710924"},{"taxonomy":"product_tag","embeddable":true,"href":"https:\/\/roveyayinevi.com.tr\/index.php\/wp-json\/wp\/v2\/product_tag?post=710924"}],"curies":[{"name":"wp","href":"https:\/\/api.w.org\/{rel}","templated":true}]}}

Eski İnsanlar Eski Cemiyetler Osmanlı Toplumsal Tarihi Çalışmaları (1904-1926)

<p>On dokuzuncu yüzyıl boyunca Osmanlı İmparatorluğu’nda yaşanan modernleşme, Batılılaşma ve sekülerleşme, toplumsal örgütlenmeler üzerindeki yasakların zamanla kısmen gevşetilmesine ve birtakım örgütlenmelere gidilmesine izin verdi. Osmanlı sivil toplum kuruluşları olan cemiyetler, Osmanlı İmparatorluğu’nda tebaadan vatandaşa geçişin mihenk taşıdır. Eski İnsanlar, Eski Cemiyetler yirmi iki Osmanlı cemiyetini ele alan Osmanlı toplumsal tarihi çalışmalarından oluşuyor. Osmanlı cemiyetleri üzerine bir “model kurma” girişiminde bulunmadığı gibi, “O da var, bu da var” kolaycılığına da kaçmaya çalışmıyor. Kenarda köşede kalmış Osmanlı cemiyetlerinin hikâyelerini gün ışığına çıkararak Osmanlı toplumsal tarihine önemli bir katkıda bulunuyor.  Eski İnsanlar, Eski Cemiyetler… Sıradan insanların, küçük ayrıntıların, minicik olayların, tuhaf olguların, ehemmiyetsiz şeylerin, gayet mühim tarihi!.. </p>

<p>On dokuzuncu yüzyıl boyunca Osmanlı İmparatorluğu’nda yaşanan modernleşme, Batılılaşma ve sekülerleşme, toplumsal örgütlenmeler üzerindeki yasakların zamanla kısmen gevşetilmesine ve birtakım örgütlenmelere gidilmesine izin verdi. Osmanlı sivil<span class="excerpt-hellip"> […]</span></p>
