{"id":710902,"date":"2025-08-27T16:40:22","date_gmt":"2025-08-27T13:40:22","guid":{"rendered":"https:\/\/roveyayinevi.com.tr\/index.php\/urun\/sirin-dunyayi-geziyorum-set-5-ktap-takim\/"},"modified":"2026-04-16T02:19:28","modified_gmt":"2026-04-15T23:19:28","slug":"sirin-dunyayi-geziyorum-set-5-ktap-takim","status":"publish","type":"product","link":"https:\/\/roveyayinevi.com.tr\/index.php\/urun\/sirin-dunyayi-geziyorum-set-5-ktap-takim\/","title":{"rendered":"\u015eirin D\u00fcnyay\u0131 Geziyorum Set &#8211; 5 Ktap Tak\u0131m"},"content":{"rendered":"<p>\u015eirin bu kez d\u00fcnyay\u0131 geziyor! \u00d6nceki maceralar\u0131ndan tan\u0131d\u0131\u011f\u0131m\u0131z Lokum, Fisto, Hombili, K\u0131v\u0131r ve s\u0131n\u0131f\u0131ndan daha bir\u00e7ok komik arkada\u015f\u0131 da ona bu gezilerde e\u015flik ediyor.Tabii ki onlar\u0131 \u00e7ok\u00e7a seven, ama onlar\u0131n \u00e7ok\u00e7a \u00e7\u0131ld\u0131rtt\u0131klar\u0131 \u00f6\u011fretmenleri de yanlar\u0131nda!\u015eirin&#8217;i \u00e7ok seven okurlar, bu kez onunla birlikte be\u015f farkl\u0131 \u00fclkeyi gezecek, yine yepyeni \u015feyler \u00f6\u011frenecek, kahkahalarla g\u00fclecek ve \u00e7ok e\u011flenecekler!O zaman d\u00fcnya turu ba\u015flas\u0131n: Bekle bizi Almanya, Fransa, \u0130spanya, \u0130talya ve Rusya! <\/p>\n","protected":false},"excerpt":{"rendered":"<p>\u015eirin bu kez d\u00fcnyay\u0131 geziyor! \u00d6nceki maceralar\u0131ndan tan\u0131d\u0131\u011f\u0131m\u0131z Lokum, Fisto, Hombili, K\u0131v\u0131r ve s\u0131n\u0131f\u0131ndan daha bir\u00e7ok komik arkada\u015f\u0131 da ona bu gezilerde e\u015flik ediyor.Tabii ki onlar\u0131<span class=\"excerpt-hellip\"> [\u2026]<\/span><\/p>\n","protected":false},"featured_media":0,"template":"","meta":{"_monsterinsights_skip_tracking":false,"_monsterinsights_sitenote_active":false,"_monsterinsights_sitenote_note":"","_monsterinsights_sitenote_category":0},"product_brand":[],"product_cat":[12275,12274],"product_tag":[],"class_list":{"0":"post-710902","1":"product","2":"type-product","3":"status-publish","5":"product_cat-6-12-yas-kitaplari","6":"product_cat-cocuk-ve-genclik-kitaplari","7":"pa_cilt-set","8":"pa_tur-kitap","9":"pa_yayinevi-timas-cocuk","10":"pa_yazar-birsen-ekim-ozen","12":"first","13":"instock","14":"sale","15":"shipping-taxable","16":"purchasable","17":"product-type-simple"},"_links":{"self":[{"href":"https:\/\/roveyayinevi.com.tr\/index.php\/wp-json\/wp\/v2\/product\/710902","targetHints":{"allow":["GET"]}}],"collection":[{"href":"https:\/\/roveyayinevi.com.tr\/index.php\/wp-json\/wp\/v2\/product"}],"about":[{"href":"https:\/\/roveyayinevi.com.tr\/index.php\/wp-json\/wp\/v2\/types\/product"}],"wp:attachment":[{"href":"https:\/\/roveyayinevi.com.tr\/index.php\/wp-json\/wp\/v2\/media?parent=710902"}],"wp:term":[{"taxonomy":"product_brand","embeddable":true,"href":"https:\/\/roveyayinevi.com.tr\/index.php\/wp-json\/wp\/v2\/product_brand?post=710902"},{"taxonomy":"product_cat","embeddable":true,"href":"https:\/\/roveyayinevi.com.tr\/index.php\/wp-json\/wp\/v2\/product_cat?post=710902"},{"taxonomy":"product_tag","embeddable":true,"href":"https:\/\/roveyayinevi.com.tr\/index.php\/wp-json\/wp\/v2\/product_tag?post=710902"}],"curies":[{"name":"wp","href":"https:\/\/api.w.org\/{rel}","templated":true}]}}