{"id":710867,"date":"2025-08-27T16:40:03","date_gmt":"2025-08-27T13:40:03","guid":{"rendered":"https:\/\/roveyayinevi.com.tr\/index.php\/urun\/buyuk-ihanet\/"},"modified":"2026-04-16T02:19:27","modified_gmt":"2026-04-15T23:19:27","slug":"buyuk-ihanet","status":"publish","type":"product","link":"https:\/\/roveyayinevi.com.tr\/index.php\/urun\/buyuk-ihanet\/","title":{"rendered":"B\u00fcy\u00fck \u0130hanet"},"content":{"rendered":"<p>G\u00fcvenlik politikalar\u0131 uzman\u0131 Mete Yarar\u2019dan \u00fclke dinamiklerini yerinden oynatacak sars\u0131c\u0131 bir siyasi roman\u2026 B\u00dcY\u00dcK \u0130HANET&#8230; 2014 y\u0131l\u0131nda kaleme ald\u0131\u011f\u0131 60 YILLIK \u0130TT\u0130FAKTA SON G\u00dcN adl\u0131 \u00e7ok satan roman\u0131yla iki y\u0131l \u00f6ncesinden 2016\u2019da ya\u015fanacaklar\u0131 ak\u0131l almaz bir kurguyla anlatan Mete Yarar, serinin ikinci kitab\u0131 B\u00dcY\u00dcK \u0130HANET\u2019le T\u00fcrkiye\u2019nin merkezde oldu\u011fu b\u00fcy\u00fck ve hain plan\u0131n karanl\u0131k y\u00fcz\u00fcn\u00fc yine s\u00fcr\u00fckleyici bir kurgu ve yal\u0131n bir anlat\u0131mla romanla\u015ft\u0131r\u0131yor.  Ger\u00e7ekle kurgunun birbirine kar\u0131\u015ft\u0131\u011f\u0131 B\u00dcY\u00dcK \u0130HANET T\u00fcrkiye\u2019nin do\u011fusunda s\u00fcr\u00fcp giden ter\u00f6rle m\u00fccadeleyi, barikatlar s\u00fcrecini, Suriye ve Irak s\u0131n\u0131rlar\u0131nda uygulanmaya ba\u015flanan hain plan\u0131 ve i\u00e7eriden ihanete u\u011frayarak d\u00fc\u015f\u00fcr\u00fclmeye \u00e7al\u0131\u015f\u0131lan Cumhuriyet ger\u00e7e\u011fini, yepyeni bir bak\u0131\u015f a\u00e7\u0131s\u0131yla tarihe not d\u00fc\u015f\u00fclecek verilerle irdeliyor.   *   *   * \u201cM\u0130T TIR\u2019lar\u0131n\u0131n durduruldu\u011fu g\u00fcn\u00fc hat\u0131rl\u0131yorsun de\u011fil mi? \u0130\u015fte o g\u00fcn yaln\u0131zca bu \u00fclkenin bir g\u00fcvenlik biriminin ara\u00e7lar\u0131 durdurulmad\u0131. Bu o kadar basit bir mesele de\u011fil. Ya\u015fananlar\u0131n t\u00fcm\u00fcne bakt\u0131\u011f\u0131m\u0131zda bizim a\u00e7\u0131m\u0131zdan atlat\u0131lamayacak bir travma bu. 4 Temmuz\u2019da Kuzey Irak\u2019ta Amerikal\u0131lar\u0131n T\u00fcrk \u00d6zel Kuvvetleri\u2019nin ba\u015f\u0131na \u00e7uval ge\u00e7irmelerini nas\u0131l atlatamad\u0131ysak, a\u00e7\u0131k\u00e7as\u0131 M\u0130T TIR\u2019lar\u0131n\u0131n durdurulmas\u0131 da, bu \u00fclkenin g\u00fcvenlik g\u00fc\u00e7lerinin ba\u015f\u0131na ge\u00e7irilmi\u015f \u00e7uvallard\u0131r, atlat\u0131lmas\u0131 kolay de\u011fildir.\u201d <\/p>\n","protected":false},"excerpt":{"rendered":"<p>G\u00fcvenlik politikalar\u0131 uzman\u0131 Mete Yarar\u2019dan \u00fclke dinamiklerini yerinden oynatacak sars\u0131c\u0131 bir siyasi roman\u2026 B\u00dcY\u00dcK \u0130HANET&#8230; 2014 y\u0131l\u0131nda kaleme ald\u0131\u011f\u0131 60 YILLIK \u0130TT\u0130FAKTA SON G\u00dcN adl\u0131 \u00e7ok<span class=\"excerpt-hellip\"> [\u2026]<\/span><\/p>\n","protected":false},"featured_media":0,"template":"","meta":{"_monsterinsights_skip_tracking":false,"_monsterinsights_sitenote_active":false,"_monsterinsights_sitenote_note":"","_monsterinsights_sitenote_category":0},"product_brand":[],"product_cat":[13590,12337],"product_tag":[],"class_list":{"0":"post-710867","1":"product","2":"type-product","3":"status-publish","5":"product_cat-arastirma-inceleme-politika-siyaset","6":"product_cat-politika-siyaset","7":"pa_cilt-ciltsiz","8":"pa_tur-kitap","9":"pa_yayinevi-destek-yayinlari","10":"pa_yazar-mete-yarar","12":"first","13":"instock","14":"sale","15":"shipping-taxable","16":"purchasable","17":"product-type-simple"},"_links":{"self":[{"href":"https:\/\/roveyayinevi.com.tr\/index.php\/wp-json\/wp\/v2\/product\/710867","targetHints":{"allow":["GET"]}}],"collection":[{"href":"https:\/\/roveyayinevi.com.tr\/index.php\/wp-json\/wp\/v2\/product"}],"about":[{"href":"https:\/\/roveyayinevi.com.tr\/index.php\/wp-json\/wp\/v2\/types\/product"}],"wp:attachment":[{"href":"https:\/\/roveyayinevi.com.tr\/index.php\/wp-json\/wp\/v2\/media?parent=710867"}],"wp:term":[{"taxonomy":"product_brand","embeddable":true,"href":"https:\/\/roveyayinevi.com.tr\/index.php\/wp-json\/wp\/v2\/product_brand?post=710867"},{"taxonomy":"product_cat","embeddable":true,"href":"https:\/\/roveyayinevi.com.tr\/index.php\/wp-json\/wp\/v2\/product_cat?post=710867"},{"taxonomy":"product_tag","embeddable":true,"href":"https:\/\/roveyayinevi.com.tr\/index.php\/wp-json\/wp\/v2\/product_tag?post=710867"}],"curies":[{"name":"wp","href":"https:\/\/api.w.org\/{rel}","templated":true}]}}