{"id":710863,"date":"2025-08-27T16:40:01","date_gmt":"2025-08-27T13:40:01","guid":{"rendered":"https:\/\/roveyayinevi.com.tr\/index.php\/urun\/yeni-medya-gelecegin-gazeteciligi\/"},"modified":"2026-01-29T02:35:12","modified_gmt":"2026-01-28T23:35:12","slug":"yeni-medya-gelecegin-gazeteciligi","status":"publish","type":"product","link":"https:\/\/roveyayinevi.com.tr\/index.php\/urun\/yeni-medya-gelecegin-gazeteciligi\/","title":{"rendered":"Yeni Medya Gelece\u011fin Gazetecili\u011fi"},"content":{"rendered":"<p>Yirminci y\u00fczy\u0131l\u0131n sonunda geli\u015fme g\u00f6steren enformasyon ve ileti\u015fim teknolojileri sadece ileti\u015fim alan\u0131nda de\u011fil insan hayat\u0131n\u0131n hemen hemen t\u00fcm alanlar\u0131nda \u00f6nemli de\u011fi\u015fimlere yol a\u00e7m\u0131\u015ft\u0131r. Gazetecilik mesle\u011fi de yeni teknolojiler ile h\u0131zla de\u011fi\u015fmeye ba\u015flam\u0131\u015ft\u0131r.\u00c7ok az ki\u015finin gazeteci oldu\u011fu bir toplumdan, herkesin gazeteciye d\u00f6n\u00fc\u015ft\u00fc\u011f\u00fc bir topluma do\u011fru h\u0131zla ge\u00e7ilmi\u015ftir. Bu yeni toplumsal d\u00fczende, profesyonel gazetecili\u011fin varl\u0131\u011f\u0131na y\u00f6nelik bir tehdidin, s\u0131radan vatanda\u015f\u0131n sesini duyurmas\u0131na y\u00f6nelik de bir f\u0131rsat\u0131n ortaya \u00e7\u0131kt\u0131\u011f\u0131 d\u00fc\u015f\u00fcn\u00fclebilir. Bireylerin isteklerini, duygu ve d\u00fc\u015f\u00fcncelerini daha fazla payla\u015fma, aktarma ve yans\u0131tma imk\u00e2n\u0131n\u0131n ortaya \u00e7\u0131k\u0131\u015f\u0131yla birlikte gazetecilik prati\u011finin en \u00f6nemli unsurlar\u0131 olan haber ve enformasyonun karakterinin k\u00f6kl\u00fc bir de\u011fi\u015fim ge\u00e7irdi\u011fi s\u00f6ylenebilir. Buna kar\u015f\u0131n, toplumsal ve k\u00fclt\u00fcrel geli\u015fmeleri \u00e7\u00f6z\u00fcmlemede sahip oldu\u011fumuz bak\u0131\u015f a\u00e7\u0131s\u0131na ba\u011fl\u0131 olarak tam tersini s\u00f6ylemek de m\u00fcmk\u00fcnd\u00fcr. Gazetecinin hem kaynaklar\u0131, hem okuyucusu, hem de \u00e7al\u0131\u015fma bi\u00e7imi de\u011fi\u015fmi\u015ftir. Bunlar\u0131n da \u00f6tesinde, h\u0131z hi\u00e7 olmad\u0131\u011f\u0131 kadar \u00f6nemli hale gelmi\u015ftir. Eskiden bir g\u00fcn sonraya haber yeti\u015ftirme tela\u015f\u0131 ya\u015fayan gazeteciler art\u0131k an\u0131nda haber iletme yar\u0131\u015f\u0131na girmi\u015flerdir. Ayr\u0131ca haber, bi\u00e7imsel olarak da de\u011fi\u015fmi\u015ftir. Ses, g\u00f6r\u00fcnt\u00fc, metin, grafik, harita, okuyucu yorumlar\u0131 ve daha farkl\u0131 bile\u015fenleri bir araya getiren dijital hikaye anlat\u0131m\u0131na dayal\u0131 haberler, yaln\u0131zca d\u00fcz yaz\u0131 \u015feklinde sunulan haberlerin yerini alm\u0131\u015ft\u0131r. Yeni ileti\u015fim teknolojileriyle meydana gelen yeni gazetecili\u011fin de\u011fi\u015fmeye ve farkl\u0131la\u015fmaya devam edece\u011fi de \u00f6ng\u00f6r\u00fclmektedir. De\u011fi\u015fen gazetecilik anlay\u0131\u015f\u0131, ileti\u015fim bilimciler taraf\u0131ndan kimi zaman olumlu kimi zaman da olumsuz y\u00f6nleri a\u00e7\u0131s\u0131ndan tart\u0131\u015f\u0131lmaktad\u0131r. Yeni medya ile ortaya \u00e7\u0131kan yeni etik sorunlar, profesyonellik ve gazetecilerin istihdam sorunlar\u0131 da bu tart\u0131\u015fmalar\u0131n merkezindedir. <\/p>\n","protected":false},"excerpt":{"rendered":"<p>Yirminci y\u00fczy\u0131l\u0131n sonunda geli\u015fme g\u00f6steren enformasyon ve ileti\u015fim teknolojileri sadece ileti\u015fim alan\u0131nda de\u011fil insan hayat\u0131n\u0131n hemen hemen t\u00fcm alanlar\u0131nda \u00f6nemli de\u011fi\u015fimlere yol a\u00e7m\u0131\u015ft\u0131r. Gazetecilik mesle\u011fi de<span class=\"excerpt-hellip\"> [\u2026]<\/span><\/p>\n","protected":false},"featured_media":0,"template":"","meta":{"_monsterinsights_skip_tracking":false,"_monsterinsights_sitenote_active":false,"_monsterinsights_sitenote_note":"","_monsterinsights_sitenote_category":0},"product_brand":[],"product_cat":[22061,13488],"product_tag":[],"class_list":{"0":"post-710863","1":"product","2":"type-product","3":"status-publish","5":"product_cat-sosyal-medya-ve-iletisim","6":"product_cat-toplum-ve-insan","7":"pa_cilt-ciltsiz","8":"pa_tur-kitap","9":"pa_yayinevi-utopya-yayinevi","10":"pa_yazar-kollektif","12":"first","13":"instock","14":"sale","15":"shipping-taxable","16":"purchasable","17":"product-type-simple"},"_links":{"self":[{"href":"https:\/\/roveyayinevi.com.tr\/index.php\/wp-json\/wp\/v2\/product\/710863","targetHints":{"allow":["GET"]}}],"collection":[{"href":"https:\/\/roveyayinevi.com.tr\/index.php\/wp-json\/wp\/v2\/product"}],"about":[{"href":"https:\/\/roveyayinevi.com.tr\/index.php\/wp-json\/wp\/v2\/types\/product"}],"wp:attachment":[{"href":"https:\/\/roveyayinevi.com.tr\/index.php\/wp-json\/wp\/v2\/media?parent=710863"}],"wp:term":[{"taxonomy":"product_brand","embeddable":true,"href":"https:\/\/roveyayinevi.com.tr\/index.php\/wp-json\/wp\/v2\/product_brand?post=710863"},{"taxonomy":"product_cat","embeddable":true,"href":"https:\/\/roveyayinevi.com.tr\/index.php\/wp-json\/wp\/v2\/product_cat?post=710863"},{"taxonomy":"product_tag","embeddable":true,"href":"https:\/\/roveyayinevi.com.tr\/index.php\/wp-json\/wp\/v2\/product_tag?post=710863"}],"curies":[{"name":"wp","href":"https:\/\/api.w.org\/{rel}","templated":true}]}}

Yeni Medya Geleceğin Gazeteciliği

<p>Yirminci yüzyılın sonunda gelişme gösteren enformasyon ve iletişim teknolojileri sadece iletişim alanında değil insan hayatının hemen hemen tüm alanlarında önemli değişimlere yol açmıştır. Gazetecilik mesleği de yeni teknolojiler ile hızla değişmeye başlamıştır.Çok az kişinin gazeteci olduğu bir toplumdan, herkesin gazeteciye dönüştüğü bir topluma doğru hızla geçilmiştir. Bu yeni toplumsal düzende, profesyonel gazeteciliğin varlığına yönelik bir tehdidin, sıradan vatandaşın sesini duyurmasına yönelik de bir fırsatın ortaya çıktığı düşünülebilir. Bireylerin isteklerini, duygu ve düşüncelerini daha fazla paylaşma, aktarma ve yansıtma imkânının ortaya çıkışıyla birlikte gazetecilik pratiğinin en önemli unsurları olan haber ve enformasyonun karakterinin köklü bir değişim geçirdiği söylenebilir. Buna karşın, toplumsal ve kültürel gelişmeleri çözümlemede sahip olduğumuz bakış açısına bağlı olarak tam tersini söylemek de mümkündür. Gazetecinin hem kaynakları, hem okuyucusu, hem de çalışma biçimi değişmiştir. Bunların da ötesinde, hız hiç olmadığı kadar önemli hale gelmiştir. Eskiden bir gün sonraya haber yetiştirme telaşı yaşayan gazeteciler artık anında haber iletme yarışına girmişlerdir. Ayrıca haber, biçimsel olarak da değişmiştir. Ses, görüntü, metin, grafik, harita, okuyucu yorumları ve daha farklı bileşenleri bir araya getiren dijital hikaye anlatımına dayalı haberler, yalnızca düz yazı şeklinde sunulan haberlerin yerini almıştır. Yeni iletişim teknolojileriyle meydana gelen yeni gazeteciliğin değişmeye ve farklılaşmaya devam edeceği de öngörülmektedir. Değişen gazetecilik anlayışı, iletişim bilimciler tarafından kimi zaman olumlu kimi zaman da olumsuz yönleri açısından tartışılmaktadır. Yeni medya ile ortaya çıkan yeni etik sorunlar, profesyonellik ve gazetecilerin istihdam sorunları da bu tartışmaların merkezindedir. </p>

<p>Yirminci yüzyılın sonunda gelişme gösteren enformasyon ve iletişim teknolojileri sadece iletişim alanında değil insan hayatının hemen hemen tüm alanlarında önemli değişimlere yol açmıştır. Gazetecilik mesleği de<span class="excerpt-hellip"> […]</span></p>
