{"id":710860,"date":"2025-08-27T16:40:00","date_gmt":"2025-08-27T13:40:00","guid":{"rendered":"https:\/\/roveyayinevi.com.tr\/index.php\/urun\/insan-olma-bilinci\/"},"modified":"2026-04-16T02:19:27","modified_gmt":"2026-04-15T23:19:27","slug":"insan-olma-bilinci","status":"publish","type":"product","link":"https:\/\/roveyayinevi.com.tr\/index.php\/urun\/insan-olma-bilinci\/","title":{"rendered":"\u0130nsan Olma Bilinci"},"content":{"rendered":"<p>H\u00e2lihaz\u0131rdaki durumumuzdan (maddi veya manevi) \u015fik\u00e2yet ederiz ve daha iyisini isteriz. A\u011f\u0131z al\u0131\u015fkanl\u0131\u011f\u0131 olarak biri bize, \u201cNas\u0131ls\u0131n?\u201d diye sorsa, bazen de \u201cDaha iyi olmaya \u00e7al\u0131\u015f\u0131yoruz.\u201d deriz. Daha iyi nedir, nerededir? \u2022 Parada m\u0131? \u2022 Makamda m\u0131? \u2022 \u015e\u00f6hrette mi? \u2022 Kar\u015f\u0131 cinste mi? Bu kitab\u0131n temel tezi ve felsefesi, \u201cdaha iyi\u201d kavram\u0131n\u0131 i\u00e7 d\u00fcnya, insan yap\u0131s\u0131 ve insan do\u011fas\u0131 ile tan\u0131mlamas\u0131 ve g\u00fcnl\u00fck ya\u015famdan \u00f6rneklerle bu tezi ispat etmeye \u00e7al\u0131\u015fmas\u0131d\u0131r. G\u00fcn\u00fcm\u00fczde sorunlar farkl\u0131 farkl\u0131 gibi g\u00f6r\u00fcn\u00fcyor ama t\u00fcm sorunlar\u0131n d\u00fc\u011f\u00fcmlendi\u011fi yer; i\u00e7 d\u00fcnyam\u0131z\u0131 ve insanl\u0131\u011f\u0131m\u0131z\u0131 tam olarak bilemeyi\u015fimizdir. Bilemeyince de i\u00e7 d\u00fcnyam\u0131zda i\u00e7 midelerimizi besleyemiyoruz, insani de\u011ferlerde doyam\u0131yoruz. Bu manevi a\u00e7l\u0131k ile daha \u00e7ok para kazanmaya veya stat\u00fcm\u00fcz\u00fc y\u00fckseltmeye h\u0131rslan\u0131yoruz. Oysa sorun maddesel de\u011ferlerde de\u011fil, sorun; insan olma bilincini yeterince tan\u0131mamakta gizli. Bizim d\u00fc\u015f\u00fcnd\u00fc\u011f\u00fcm\u00fcz ve zannetti\u011fimiz gibi olsa, t\u00fcm zenginlerin ve t\u00fcm makam sahiplerinin mutluluktan u\u00e7malar\u0131 gerekirdi. \u00c7evremize bir bakal\u0131m ger\u00e7ekten b\u00f6yle mi? Mutlulu\u011fu her yerde arayan insano\u011flu\u2026 Arad\u0131\u011f\u0131n mutlulu\u011fu bulamad\u0131ysan, bir de i\u00e7 d\u00fcnyana bak ve kendine de\u011fer katacak insanl\u0131k de\u011ferlerini kazanmaya \u00e7al\u0131\u015f. Seni g\u00f6renler, samimiyeti, g\u00fcveni, sevgiyi, sayg\u0131y\u0131, cesareti, vefay\u0131, azmi, kararl\u0131l\u0131\u011f\u0131, \u00e7al\u0131\u015fkanl\u0131\u011f\u0131, sorumlulu\u011fu, sabr\u0131, d\u00fcr\u00fcstl\u00fc\u011f\u00fc, problem \u00e7\u00f6zebilme g\u00fcc\u00fcn\u00fc, \u00f6zg\u00fcveni ve sadakati sende g\u00f6rs\u00fcnler. Sen de bu de\u011ferleri kendinde g\u00f6r. O zaman anlayaca\u011f\u0131z ki, ger\u00e7ek mutluluk, insanca ya\u015faman\u0131n i\u00e7inde gizli. Ne mutlu, insanca ya\u015fama dertlisi olanlara\u2026 <\/p>\n","protected":false},"excerpt":{"rendered":"<p>H\u00e2lihaz\u0131rdaki durumumuzdan (maddi veya manevi) \u015fik\u00e2yet ederiz ve daha iyisini isteriz. A\u011f\u0131z al\u0131\u015fkanl\u0131\u011f\u0131 olarak biri bize, \u201cNas\u0131ls\u0131n?\u201d diye sorsa, bazen de \u201cDaha iyi olmaya \u00e7al\u0131\u015f\u0131yoruz.\u201d deriz.<span class=\"excerpt-hellip\"> [\u2026]<\/span><\/p>\n","protected":false},"featured_media":0,"template":"","meta":{"_monsterinsights_skip_tracking":false,"_monsterinsights_sitenote_active":false,"_monsterinsights_sitenote_note":"","_monsterinsights_sitenote_category":0},"product_brand":[],"product_cat":[12777,12291],"product_tag":[],"class_list":{"0":"post-710860","1":"product","2":"type-product","3":"status-publish","5":"product_cat-deneme","6":"product_cat-edebiyat","7":"pa_cilt-ciltsiz","8":"pa_tur-kitap","9":"pa_yayinevi-yade-yayinlari","10":"pa_yazar-deniz-tonga","12":"first","13":"instock","14":"sale","15":"shipping-taxable","16":"purchasable","17":"product-type-simple"},"_links":{"self":[{"href":"https:\/\/roveyayinevi.com.tr\/index.php\/wp-json\/wp\/v2\/product\/710860","targetHints":{"allow":["GET"]}}],"collection":[{"href":"https:\/\/roveyayinevi.com.tr\/index.php\/wp-json\/wp\/v2\/product"}],"about":[{"href":"https:\/\/roveyayinevi.com.tr\/index.php\/wp-json\/wp\/v2\/types\/product"}],"wp:attachment":[{"href":"https:\/\/roveyayinevi.com.tr\/index.php\/wp-json\/wp\/v2\/media?parent=710860"}],"wp:term":[{"taxonomy":"product_brand","embeddable":true,"href":"https:\/\/roveyayinevi.com.tr\/index.php\/wp-json\/wp\/v2\/product_brand?post=710860"},{"taxonomy":"product_cat","embeddable":true,"href":"https:\/\/roveyayinevi.com.tr\/index.php\/wp-json\/wp\/v2\/product_cat?post=710860"},{"taxonomy":"product_tag","embeddable":true,"href":"https:\/\/roveyayinevi.com.tr\/index.php\/wp-json\/wp\/v2\/product_tag?post=710860"}],"curies":[{"name":"wp","href":"https:\/\/api.w.org\/{rel}","templated":true}]}}