{"id":710848,"date":"2025-08-27T16:39:54","date_gmt":"2025-08-27T13:39:54","guid":{"rendered":"https:\/\/roveyayinevi.com.tr\/index.php\/urun\/atasozleri-hikayeleri-set-5-kitap\/"},"modified":"2026-04-16T02:19:27","modified_gmt":"2026-04-15T23:19:27","slug":"atasozleri-hikayeleri-set-5-kitap","status":"publish","type":"product","link":"https:\/\/roveyayinevi.com.tr\/index.php\/urun\/atasozleri-hikayeleri-set-5-kitap\/","title":{"rendered":"Atas\u00f6zleri Hikayeleri- Set (5 Kitap)"},"content":{"rendered":"<p>Atas\u00f6zleri ile aran\u0131z nas\u0131l? Yeri ve zaman\u0131 geldi\u011finde, siz de atas\u00f6zlerini kullan\u0131yor musunuz? Peki, bu atas\u00f6zleri nas\u0131l ortaya \u00e7\u0131km\u0131\u015f, kimler bulmu\u015f, nas\u0131l bulmu\u015f hi\u00e7 merak ettiniz mi? O zaman sizlerle hem e\u011flenceli hem de \u00f6\u011fretici hik\u00e2yelerle bir yolculu\u011fa \u00e7\u0131kal\u0131m&#8230;  Atas\u00f6zlerinin nas\u0131l ortaya \u00e7\u0131km\u0131\u015f olabileceklerini, anlamlar\u0131n\u0131, hikmetlerini ve hangi durumlarda kullan\u0131ld\u0131klar\u0131n\u0131 hep birlikte hayal edip hep birlikte \u00f6\u011frenelim!<\/p>\n","protected":false},"excerpt":{"rendered":"<p>Atas\u00f6zleri ile aran\u0131z nas\u0131l? Yeri ve zaman\u0131 geldi\u011finde, siz de atas\u00f6zlerini kullan\u0131yor musunuz? Peki, bu atas\u00f6zleri nas\u0131l ortaya \u00e7\u0131km\u0131\u015f, kimler bulmu\u015f, nas\u0131l bulmu\u015f hi\u00e7 merak ettiniz<span class=\"excerpt-hellip\"> [\u2026]<\/span><\/p>\n","protected":false},"featured_media":0,"template":"","meta":{"_monsterinsights_skip_tracking":false,"_monsterinsights_sitenote_active":false,"_monsterinsights_sitenote_note":"","_monsterinsights_sitenote_category":0},"product_brand":[],"product_cat":[30023,13527],"product_tag":[],"class_list":{"0":"post-710848","1":"product","2":"type-product","3":"status-publish","5":"product_cat-edebiyat-sureli-yayinlar","6":"product_cat-sureli-yayinlar","7":"pa_cilt-set","8":"pa_tur-kitap","9":"pa_yayinevi-timas-cocuk","10":"pa_yazar-didem-demirel","11":"pa_yazar-mehmet-salih-sirmacekic","13":"first","14":"instock","15":"sale","16":"shipping-taxable","17":"purchasable","18":"product-type-simple"},"_links":{"self":[{"href":"https:\/\/roveyayinevi.com.tr\/index.php\/wp-json\/wp\/v2\/product\/710848","targetHints":{"allow":["GET"]}}],"collection":[{"href":"https:\/\/roveyayinevi.com.tr\/index.php\/wp-json\/wp\/v2\/product"}],"about":[{"href":"https:\/\/roveyayinevi.com.tr\/index.php\/wp-json\/wp\/v2\/types\/product"}],"wp:attachment":[{"href":"https:\/\/roveyayinevi.com.tr\/index.php\/wp-json\/wp\/v2\/media?parent=710848"}],"wp:term":[{"taxonomy":"product_brand","embeddable":true,"href":"https:\/\/roveyayinevi.com.tr\/index.php\/wp-json\/wp\/v2\/product_brand?post=710848"},{"taxonomy":"product_cat","embeddable":true,"href":"https:\/\/roveyayinevi.com.tr\/index.php\/wp-json\/wp\/v2\/product_cat?post=710848"},{"taxonomy":"product_tag","embeddable":true,"href":"https:\/\/roveyayinevi.com.tr\/index.php\/wp-json\/wp\/v2\/product_tag?post=710848"}],"curies":[{"name":"wp","href":"https:\/\/api.w.org\/{rel}","templated":true}]}}