{"id":710835,"date":"2025-08-27T16:39:42","date_gmt":"2025-08-27T13:39:42","guid":{"rendered":"https:\/\/roveyayinevi.com.tr\/index.php\/urun\/daha-dans-edicem\/"},"modified":"2026-04-16T02:19:26","modified_gmt":"2026-04-15T23:19:26","slug":"daha-dans-edicem","status":"publish","type":"product","link":"https:\/\/roveyayinevi.com.tr\/index.php\/urun\/daha-dans-edicem\/","title":{"rendered":"Daha Dans Edicem"},"content":{"rendered":"<p>bir a\u015fk hik\u00e2yesi deniz t\u00fcrkali&#8230; Bu kitap, Deniz T\u00fcrkali ve Murat \u00c7elikkan\u2019\u0131n d\u00f6rt y\u0131l boyunca s\u00fcrd\u00fcrd\u00fckleri say\u0131s\u0131z g\u00f6r\u00fc\u015fmenin sonucunda ortaya \u00e7\u0131kt\u0131. Asl\u0131nda 25 y\u0131l\u0131 a\u015fan dostluklar\u0131n\u0131n bir \u00fcr\u00fcn\u00fc oldu\u011fu da s\u00f6ylenebilir.  &#8230;daha dans edicem\u2026bir a\u015fk hik\u00e2yesi. Deniz T\u00fcrkali\u2019nin ba\u015f\u0131na iyi k\u00f6t\u00fc, ac\u0131 tatl\u0131 ne gelirse gelsin ya\u015fama duydu\u011fu a\u015fk\u0131n hik\u00e2yesi. Bu a\u015fktan hi\u00e7 vazge\u00e7memesinin hik\u00e2yesi.  T\u00fcrkali\u2019nin hayat\u0131, T\u00fcrkiye\u2019nin bir t\u00fcrl\u00fc bitmek bilmeyen alt\u00fcst olu\u015flar\u0131yla kesi\u015fiyor. 1951 tevkifat\u0131ndan 6-7 Eyl\u00fcl\u2019e, 1960 darbesinden 12 Eyl\u00fcl\u2019e ve g\u00fcn\u00fcm\u00fcze uzan\u0131yor. Bu siyasal ve sosyal d\u00f6n\u00fc\u015f\u00fcm i\u00e7inde sahne ve sinema d\u00fcnyas\u0131n\u0131n y\u0131ld\u0131zlar\u0131yla da tan\u0131\u015f\u0131yor, her ikisine de i\u00e7eriden bir bak\u0131\u015f at\u0131yoruz. Herkesin hayat\u0131na \u00f6yle ya da b\u00f6yle damgas\u0131n\u0131 vuran, baba-k\u0131z, kad\u0131n-erkek, anne-\u00e7ocuk ili\u015fkilerine uzan\u0131yoruz.  Bahsi ge\u00e7en d\u00f6nem hepimizi ilgilendirse de anlat\u0131lan sadece Deniz T\u00fcrkali\u2019nin hik\u00e2yesi. Ama her \u015feyden \u00f6nce tutkunun ve a\u015fk\u0131n hik\u00e2yesi. <\/p>\n","protected":false},"excerpt":{"rendered":"<p>bir a\u015fk hik\u00e2yesi deniz t\u00fcrkali&#8230; Bu kitap, Deniz T\u00fcrkali ve Murat \u00c7elikkan\u2019\u0131n d\u00f6rt y\u0131l boyunca s\u00fcrd\u00fcrd\u00fckleri say\u0131s\u0131z g\u00f6r\u00fc\u015fmenin sonucunda ortaya \u00e7\u0131kt\u0131. Asl\u0131nda 25 y\u0131l\u0131 a\u015fan dostluklar\u0131n\u0131n<span class=\"excerpt-hellip\"> [\u2026]<\/span><\/p>\n","protected":false},"featured_media":0,"template":"","meta":{"_monsterinsights_skip_tracking":false,"_monsterinsights_sitenote_active":false,"_monsterinsights_sitenote_note":"","_monsterinsights_sitenote_category":0},"product_brand":[],"product_cat":[12777,12291],"product_tag":[],"class_list":{"0":"post-710835","1":"product","2":"type-product","3":"status-publish","5":"product_cat-deneme","6":"product_cat-edebiyat","7":"pa_cilt-ciltsiz","8":"pa_tur-kitap","9":"pa_yayinevi-dogan-kitap","10":"pa_yazar-murat-celikhan","12":"first","13":"instock","14":"sale","15":"shipping-taxable","16":"purchasable","17":"product-type-simple"},"_links":{"self":[{"href":"https:\/\/roveyayinevi.com.tr\/index.php\/wp-json\/wp\/v2\/product\/710835","targetHints":{"allow":["GET"]}}],"collection":[{"href":"https:\/\/roveyayinevi.com.tr\/index.php\/wp-json\/wp\/v2\/product"}],"about":[{"href":"https:\/\/roveyayinevi.com.tr\/index.php\/wp-json\/wp\/v2\/types\/product"}],"wp:attachment":[{"href":"https:\/\/roveyayinevi.com.tr\/index.php\/wp-json\/wp\/v2\/media?parent=710835"}],"wp:term":[{"taxonomy":"product_brand","embeddable":true,"href":"https:\/\/roveyayinevi.com.tr\/index.php\/wp-json\/wp\/v2\/product_brand?post=710835"},{"taxonomy":"product_cat","embeddable":true,"href":"https:\/\/roveyayinevi.com.tr\/index.php\/wp-json\/wp\/v2\/product_cat?post=710835"},{"taxonomy":"product_tag","embeddable":true,"href":"https:\/\/roveyayinevi.com.tr\/index.php\/wp-json\/wp\/v2\/product_tag?post=710835"}],"curies":[{"name":"wp","href":"https:\/\/api.w.org\/{rel}","templated":true}]}}