{"id":710820,"date":"2025-08-27T16:39:34","date_gmt":"2025-08-27T13:39:34","guid":{"rendered":"https:\/\/roveyayinevi.com.tr\/index.php\/urun\/bu-ne-bicim-hikaye-boyle\/"},"modified":"2026-04-16T02:19:26","modified_gmt":"2026-04-15T23:19:26","slug":"bu-ne-bicim-hikaye-boyle","status":"publish","type":"product","link":"https:\/\/roveyayinevi.com.tr\/index.php\/urun\/bu-ne-bicim-hikaye-boyle\/","title":{"rendered":"Bu Ne Bi\u00e7im Hikaye B\u00f6yle"},"content":{"rendered":"<p>Tekstilci bir anne\/baban\u0131n tek o\u011flu olarak 17 Nisan 1987 y\u0131l\u0131nda \u0130zmit\u2019te d\u00fcnyaya geldi. 1995 y\u0131l\u0131nda bir k\u0131z karde\u015fi oldu. 1998 y\u0131l\u0131nda annesi ve babas\u0131 bo\u015fand\u0131. 2000-2001 d\u00f6neminde \u0130stanbul\u2019a gelip 2005\u2019te Bah\u00e7elievler Anadolu Lisesi\u2019ni bitirdi. 3 sene boyunca konservatuvar s\u0131navlar\u0131na haz\u0131rland\u0131. 2007 y\u0131l\u0131nda Beykent \u00dcniversitesi Oyunculuk b\u00f6l\u00fcm\u00fcn\u00fc burslu kazand\u0131. Sahne ve G\u00f6steri Sanatlar\u0131 Y\u00f6netimi de okuyup 2011 y\u0131l\u0131nda mezun oldu. <\/p>\n","protected":false},"excerpt":{"rendered":"<p>Tekstilci bir anne\/baban\u0131n tek o\u011flu olarak 17 Nisan 1987 y\u0131l\u0131nda \u0130zmit\u2019te d\u00fcnyaya geldi. 1995 y\u0131l\u0131nda bir k\u0131z karde\u015fi oldu. 1998 y\u0131l\u0131nda annesi ve babas\u0131 bo\u015fand\u0131. 2000-2001<span class=\"excerpt-hellip\"> [\u2026]<\/span><\/p>\n","protected":false},"featured_media":0,"template":"","meta":{"_monsterinsights_skip_tracking":false,"_monsterinsights_sitenote_active":false,"_monsterinsights_sitenote_note":"","_monsterinsights_sitenote_category":0},"product_brand":[],"product_cat":[12312,12304],"product_tag":[],"class_list":{"0":"post-710820","1":"product","2":"type-product","3":"status-publish","5":"product_cat-diger","6":"product_cat-tarih","7":"pa_cilt-ciltsiz","8":"pa_tur-kitap","9":"pa_yayinevi-inkilap-kitabevi","10":"pa_yazar-ali-bicim","12":"first","13":"instock","14":"sale","15":"shipping-taxable","16":"purchasable","17":"product-type-simple"},"_links":{"self":[{"href":"https:\/\/roveyayinevi.com.tr\/index.php\/wp-json\/wp\/v2\/product\/710820","targetHints":{"allow":["GET"]}}],"collection":[{"href":"https:\/\/roveyayinevi.com.tr\/index.php\/wp-json\/wp\/v2\/product"}],"about":[{"href":"https:\/\/roveyayinevi.com.tr\/index.php\/wp-json\/wp\/v2\/types\/product"}],"wp:attachment":[{"href":"https:\/\/roveyayinevi.com.tr\/index.php\/wp-json\/wp\/v2\/media?parent=710820"}],"wp:term":[{"taxonomy":"product_brand","embeddable":true,"href":"https:\/\/roveyayinevi.com.tr\/index.php\/wp-json\/wp\/v2\/product_brand?post=710820"},{"taxonomy":"product_cat","embeddable":true,"href":"https:\/\/roveyayinevi.com.tr\/index.php\/wp-json\/wp\/v2\/product_cat?post=710820"},{"taxonomy":"product_tag","embeddable":true,"href":"https:\/\/roveyayinevi.com.tr\/index.php\/wp-json\/wp\/v2\/product_tag?post=710820"}],"curies":[{"name":"wp","href":"https:\/\/api.w.org\/{rel}","templated":true}]}}