{"id":710805,"date":"2025-08-27T16:39:26","date_gmt":"2025-08-27T13:39:26","guid":{"rendered":"https:\/\/roveyayinevi.com.tr\/index.php\/urun\/nitel-arastirmalarda-etik\/"},"modified":"2026-04-16T02:19:26","modified_gmt":"2026-04-15T23:19:26","slug":"nitel-arastirmalarda-etik","status":"publish","type":"product","link":"https:\/\/roveyayinevi.com.tr\/index.php\/urun\/nitel-arastirmalarda-etik\/","title":{"rendered":"Nitel Ara\u015ft\u0131rmalarda Etik"},"content":{"rendered":"<p>Nitel ara\u015ft\u0131rma, \u00e7ok uzun zaman \u00f6nce pek \u00e7ok bilimsel paradigma gibi gereklilikten ortaya \u00e7\u0131km\u0131\u015ft\u0131r. \u00d6zellikle 1900\u2019l\u00fc y\u0131llar\u0131n ilk yar\u0131s\u0131nda Amerika Birle\u015fik Devletleri\u2019nde h\u0131zl\u0131 bir \u015fekilde geli\u015fen nitel ara\u015ft\u0131rma, bug\u00fcn d\u00fcnyan\u0131n her ye-rinde g\u00fc\u00e7l\u00fc bir ara\u015ft\u0131rma y\u00f6ntemi olarak kendi yerini bulmu\u015ftur. Nitel ara\u015ft\u0131rma geli\u015ftik\u00e7e, bu ara\u015ft\u0131rma y\u00f6ntemlerinin uygulama ve raporlama s\u00fcre\u00e7leri \u00e7e\u015fitlilik g\u00f6stermeye ba\u015flam\u0131\u015ft\u0131r. S\u00f6z konusu uygulama \u00e7e\u015fitlili\u011fi bazen istenmeyen ve bilimsellikten uzak baz\u0131 \u00e7\u0131kar\u0131mlar\u0131n yap\u0131lmas\u0131na da neden olmu\u015ftur. Zaman i\u00e7erisinde bu kitab\u0131n ve ba\u015fka nitel ara\u015ft\u0131rma kitaplar\u0131n\u0131n da i\u00e7erisinde \u00f6rnek olarak verilen baz\u0131 olaylar bilimsel ara\u015ft\u0131rmalarda etik konusunu \u00e7ok k\u0131ymetli ve gereklili\u011fi tart\u0131\u015f\u0131lamaz bir noktaya getirmi\u015ftir. Nitel ara\u015ft\u0131rmalar do\u011fas\u0131 gere\u011fi etik a\u00e7\u0131s\u0131ndan \u00e7ok daha hassas olunmas\u0131 gereken y\u00f6ntemlerden olu\u015fur. Kat\u0131l\u0131mc\u0131 g\u00f6zlem veya ki\u015fisel dok\u00fcmanlar\u0131n analizi gibi y\u00f6ntemler ara\u015ft\u0131rmac\u0131 \u00fczerinde etik bask\u0131y\u0131 artt\u0131ran unsurlard\u0131r. Ayr\u0131ca nitel ara\u015ft\u0131rmalar elde ettikleri bulgular\u0131 raporla\u015ft\u0131rma a\u015famas\u0131nda g\u00fc\u00e7 odaklar\u0131, ki\u015fi veya kurum mahremiyeti a\u00e7\u0131s\u0131ndan yo\u011fun etik sorumluluklar bar\u0131nd\u0131r-maktad\u0131r. <\/p>\n","protected":false},"excerpt":{"rendered":"<p>Nitel ara\u015ft\u0131rma, \u00e7ok uzun zaman \u00f6nce pek \u00e7ok bilimsel paradigma gibi gereklilikten ortaya \u00e7\u0131km\u0131\u015ft\u0131r. \u00d6zellikle 1900\u2019l\u00fc y\u0131llar\u0131n ilk yar\u0131s\u0131nda Amerika Birle\u015fik Devletleri\u2019nde h\u0131zl\u0131 bir \u015fekilde geli\u015fen<span class=\"excerpt-hellip\"> [\u2026]<\/span><\/p>\n","protected":false},"featured_media":0,"template":"","meta":{"_monsterinsights_skip_tracking":false,"_monsterinsights_sitenote_active":false,"_monsterinsights_sitenote_note":"","_monsterinsights_sitenote_category":0},"product_brand":[],"product_cat":[12573,12566],"product_tag":[],"class_list":{"0":"post-710805","1":"product","2":"type-product","3":"status-publish","5":"product_cat-akademik-kitaplar","6":"product_cat-egitim","7":"pa_cilt-ciltsiz","8":"pa_tur-kitap","9":"pa_yayinevi-ani-yayincilik","10":"pa_yazar-sibel-balci","12":"first","13":"instock","14":"sale","15":"shipping-taxable","16":"purchasable","17":"product-type-simple"},"_links":{"self":[{"href":"https:\/\/roveyayinevi.com.tr\/index.php\/wp-json\/wp\/v2\/product\/710805","targetHints":{"allow":["GET"]}}],"collection":[{"href":"https:\/\/roveyayinevi.com.tr\/index.php\/wp-json\/wp\/v2\/product"}],"about":[{"href":"https:\/\/roveyayinevi.com.tr\/index.php\/wp-json\/wp\/v2\/types\/product"}],"wp:attachment":[{"href":"https:\/\/roveyayinevi.com.tr\/index.php\/wp-json\/wp\/v2\/media?parent=710805"}],"wp:term":[{"taxonomy":"product_brand","embeddable":true,"href":"https:\/\/roveyayinevi.com.tr\/index.php\/wp-json\/wp\/v2\/product_brand?post=710805"},{"taxonomy":"product_cat","embeddable":true,"href":"https:\/\/roveyayinevi.com.tr\/index.php\/wp-json\/wp\/v2\/product_cat?post=710805"},{"taxonomy":"product_tag","embeddable":true,"href":"https:\/\/roveyayinevi.com.tr\/index.php\/wp-json\/wp\/v2\/product_tag?post=710805"}],"curies":[{"name":"wp","href":"https:\/\/api.w.org\/{rel}","templated":true}]}}