{"id":710801,"date":"2025-08-27T16:39:23","date_gmt":"2025-08-27T13:39:23","guid":{"rendered":"https:\/\/roveyayinevi.com.tr\/index.php\/urun\/bir-dostluk-masali-ciltli\/"},"modified":"2026-04-16T02:19:25","modified_gmt":"2026-04-15T23:19:25","slug":"bir-dostluk-masali-ciltli","status":"publish","type":"product","link":"https:\/\/roveyayinevi.com.tr\/index.php\/urun\/bir-dostluk-masali-ciltli\/","title":{"rendered":"Bir Dostluk Masal\u0131 (Ciltli)"},"content":{"rendered":"<p>Ormandaki t\u00fcm f\u0131nd\u0131klar a\u015fk\u0131na, tam zaman\u0131nda geldin!Biz de senin kadar yard\u0131msever bir kitap kurdu ar\u0131yorduk uzun zamand\u0131r.\u015eans\u0131n varm\u0131\u015f ki bu kitaba rastlad\u0131n!Bak, g\u00fcne\u015f, da\u011flar\u0131n arkas\u0131nda gerinmeye ba\u015flad\u0131 bile \u00e7oktan.O zaman neden h\u00e2l\u00e2 ko\u015fmuyorsun Postac\u0131 Saka Ku\u015fu&#8217;nun ard\u0131ndan\u2026Koca kuyru\u011fu, \u00e7izgili s\u0131rt \u00e7antas\u0131 ve sevimli y\u00fcz ifadesiyle etraf\u0131na ne\u015fe sa\u00e7an Sincap, ayn\u0131 zamanda \u00e7ok da yard\u0131mseverdir. Bir sabah uyand\u0131\u011f\u0131nda kovu\u011funda gizemli bir mektup bulur ve tela\u015fla yola koyulur. Ormanda kar\u015f\u0131la\u015ft\u0131\u011f\u0131 hayvanlar pe\u015fi s\u0131ra Sincap&#8217;tan yard\u0131m isterler. Yol boyunca, Geyik Bey\u2019in boynuzlar\u0131n\u0131 \u00e7i\u00e7eklerle s\u00fcsleyen, \u015fevkle \u00f6rg\u00fc \u00f6ren kaplumba\u011fa i\u00e7in y\u00fcn yumak pe\u015fine d\u00fc\u015fen dostumuz kurda, da\u011f s\u0131\u00e7an\u0131na, tilkiye, sansara, kurba\u011falara, nehirdeki bal\u0131klara derken neredeyse b\u00fct\u00fcn orman sakinlerine yard\u0131mc\u0131 olur. Peki ya buldu\u011fu o esrarengiz mektup? Sincap as\u0131l hedefine ula\u015fabilecek midir?Akdenizli sanat\u00e7\u0131lar Susanna Isern ve Marco Som\u00e0 imzal\u0131 bu e\u011flenceli resimli kitap, dostlu\u011fu y\u00fccelten g\u00fc\u00e7l\u00fc hik\u00e2yesinin yan\u0131 s\u0131ra ormanda ge\u00e7en ola\u011fan\u00fcst\u00fc bir d\u00fc\u015f\u00fc and\u0131ran naif resimleriyle g\u00f6zlere hitap ediyor.   Kalpleri yumu\u015fatan s\u0131cac\u0131k \u00f6yk\u00fcs\u00fcyle her ya\u015ftan okurun be\u011fenisini kazanacak Bir Dostluk Masal\u0131, yard\u0131mla\u015fman\u0131n, dostlu\u011fun ve sevginin hayat\u0131m\u0131za katt\u0131\u011f\u0131 g\u00fczellikleri an\u0131msat\u0131rken y\u00fczlerde tatl\u0131 bir tebess\u00fcm b\u0131rak\u0131yor. <\/p>\n","protected":false},"excerpt":{"rendered":"<p>Ormandaki t\u00fcm f\u0131nd\u0131klar a\u015fk\u0131na, tam zaman\u0131nda geldin!Biz de senin kadar yard\u0131msever bir kitap kurdu ar\u0131yorduk uzun zamand\u0131r.\u015eans\u0131n varm\u0131\u015f ki bu kitaba rastlad\u0131n!Bak, g\u00fcne\u015f, da\u011flar\u0131n arkas\u0131nda gerinmeye<span class=\"excerpt-hellip\"> [\u2026]<\/span><\/p>\n","protected":false},"featured_media":0,"template":"","meta":{"_monsterinsights_skip_tracking":false,"_monsterinsights_sitenote_active":false,"_monsterinsights_sitenote_note":"","_monsterinsights_sitenote_category":0},"product_brand":[],"product_cat":[12913,12274],"product_tag":[],"class_list":{"0":"post-710801","1":"product","2":"type-product","3":"status-publish","5":"product_cat-3-6-yas-kitaplari","6":"product_cat-cocuk-ve-genclik-kitaplari","7":"pa_cilt-ciltli","8":"pa_tur-kitap","9":"pa_yayinevi-ucanbalik-yayincilik","10":"pa_yazar-susanna-isern","12":"first","13":"instock","14":"sale","15":"shipping-taxable","16":"purchasable","17":"product-type-simple"},"_links":{"self":[{"href":"https:\/\/roveyayinevi.com.tr\/index.php\/wp-json\/wp\/v2\/product\/710801","targetHints":{"allow":["GET"]}}],"collection":[{"href":"https:\/\/roveyayinevi.com.tr\/index.php\/wp-json\/wp\/v2\/product"}],"about":[{"href":"https:\/\/roveyayinevi.com.tr\/index.php\/wp-json\/wp\/v2\/types\/product"}],"wp:attachment":[{"href":"https:\/\/roveyayinevi.com.tr\/index.php\/wp-json\/wp\/v2\/media?parent=710801"}],"wp:term":[{"taxonomy":"product_brand","embeddable":true,"href":"https:\/\/roveyayinevi.com.tr\/index.php\/wp-json\/wp\/v2\/product_brand?post=710801"},{"taxonomy":"product_cat","embeddable":true,"href":"https:\/\/roveyayinevi.com.tr\/index.php\/wp-json\/wp\/v2\/product_cat?post=710801"},{"taxonomy":"product_tag","embeddable":true,"href":"https:\/\/roveyayinevi.com.tr\/index.php\/wp-json\/wp\/v2\/product_tag?post=710801"}],"curies":[{"name":"wp","href":"https:\/\/api.w.org\/{rel}","templated":true}]}}