{"id":710798,"date":"2025-08-27T16:39:22","date_gmt":"2025-08-27T13:39:22","guid":{"rendered":"https:\/\/roveyayinevi.com.tr\/index.php\/urun\/cizgilerle-silide-allendeli-yillar\/"},"modified":"2026-04-16T02:19:25","modified_gmt":"2026-04-15T23:19:25","slug":"cizgilerle-silide-allendeli-yillar","status":"publish","type":"product","link":"https:\/\/roveyayinevi.com.tr\/index.php\/urun\/cizgilerle-silide-allendeli-yillar\/","title":{"rendered":"\u00c7izgilerle \u015eili\u2019de Allende\u2019li Y\u0131llar"},"content":{"rendered":"<p>\u015eili\u2019de Allende \u00f6nderli\u011findeki HalkBirli\u011fi (Unidad Popular) sosyalizme yasal v ebar\u0131\u015f\u00e7\u0131l yoldan ge\u00e7ince, o gu\u0308ne dek siyasal iktidar\u0131 daha \u201c\u00e7at\u0131\u015fmal\u0131\u201d su\u0308relerle ele ge\u00e7irebilen devrimciler, teoriye ve prati\u011fe dair yeni tart\u0131\u015fmalara ba\u015flad\u0131. \ufffcTan\u0131t\u0131m Metni<\/p>\n","protected":false},"excerpt":{"rendered":"<p>\u015eili\u2019de Allende \u00f6nderli\u011findeki HalkBirli\u011fi (Unidad Popular) sosyalizme yasal v ebar\u0131\u015f\u00e7\u0131l yoldan ge\u00e7ince, o gu\u0308ne dek siyasal iktidar\u0131 daha \u201c\u00e7at\u0131\u015fmal\u0131\u201d su\u0308relerle ele ge\u00e7irebilen devrimciler, teoriye ve prati\u011fe<span class=\"excerpt-hellip\"> [\u2026]<\/span><\/p>\n","protected":false},"featured_media":0,"template":"","meta":{"_monsterinsights_skip_tracking":false,"_monsterinsights_sitenote_active":false,"_monsterinsights_sitenote_note":"","_monsterinsights_sitenote_category":0},"product_brand":[],"product_cat":[12338,12337],"product_tag":[],"class_list":{"0":"post-710798","1":"product","2":"type-product","3":"status-publish","5":"product_cat-dunya-siyaseti-ve-politikasi","6":"product_cat-politika-siyaset","7":"pa_cilt-ciltsiz","8":"pa_tur-kitap","9":"pa_yayinevi-yordam-kitap","10":"pa_yazar-carlos-reyes-rodrigo-elgueta","12":"first","13":"instock","14":"sale","15":"shipping-taxable","16":"purchasable","17":"product-type-simple"},"_links":{"self":[{"href":"https:\/\/roveyayinevi.com.tr\/index.php\/wp-json\/wp\/v2\/product\/710798","targetHints":{"allow":["GET"]}}],"collection":[{"href":"https:\/\/roveyayinevi.com.tr\/index.php\/wp-json\/wp\/v2\/product"}],"about":[{"href":"https:\/\/roveyayinevi.com.tr\/index.php\/wp-json\/wp\/v2\/types\/product"}],"wp:attachment":[{"href":"https:\/\/roveyayinevi.com.tr\/index.php\/wp-json\/wp\/v2\/media?parent=710798"}],"wp:term":[{"taxonomy":"product_brand","embeddable":true,"href":"https:\/\/roveyayinevi.com.tr\/index.php\/wp-json\/wp\/v2\/product_brand?post=710798"},{"taxonomy":"product_cat","embeddable":true,"href":"https:\/\/roveyayinevi.com.tr\/index.php\/wp-json\/wp\/v2\/product_cat?post=710798"},{"taxonomy":"product_tag","embeddable":true,"href":"https:\/\/roveyayinevi.com.tr\/index.php\/wp-json\/wp\/v2\/product_tag?post=710798"}],"curies":[{"name":"wp","href":"https:\/\/api.w.org\/{rel}","templated":true}]}}