{"id":710797,"date":"2025-08-27T16:39:21","date_gmt":"2025-08-27T13:39:21","guid":{"rendered":"https:\/\/roveyayinevi.com.tr\/index.php\/urun\/kapitalizmden-uygarliga\/"},"modified":"2026-04-16T02:19:25","modified_gmt":"2026-04-15T23:19:25","slug":"kapitalizmden-uygarliga","status":"publish","type":"product","link":"https:\/\/roveyayinevi.com.tr\/index.php\/urun\/kapitalizmden-uygarliga\/","title":{"rendered":"Kapitalizmden Uygarl\u0131\u011fa"},"content":{"rendered":"<p>Kapitalizm m\u00fcmk\u00fcn olan tek ufuk mudur, yoksa \u201csosyalist perspektif\u201d h\u00e2l\u00e2 g\u00fcndemde midir? \u0130nsan uygarl\u0131\u011f\u0131n\u0131n bug\u00fcn kar\u015f\u0131 kar\u015f\u0131ya kald\u0131\u011f\u0131 m\u00fccadele ba\u015fl\u0131klar\u0131n\u0131 nas\u0131l tan\u0131mlay\u0131p \u00e7\u00f6z\u00fcmleyebiliriz? Barbar kapitalist\/emperyalist s\u00fcr\u00fcklenmeye kar\u015f\u0131 insanc\u0131l bir alternatifi nas\u0131l olu\u015fturabiliriz? 21. y\u00fczy\u0131l sosyalizmi \u201cger\u00e7ek\u00e7i\u201d, m\u00fcmk\u00fcn bir hedef midir yoksa saf ve basit bir \u00fctopya, bir imk\u00e2ns\u0131zl\u0131k m\u0131d\u0131r? \ufffcTan\u0131t\u0131m Metni<\/p>\n","protected":false},"excerpt":{"rendered":"<p>Kapitalizm m\u00fcmk\u00fcn olan tek ufuk mudur, yoksa \u201csosyalist perspektif\u201d h\u00e2l\u00e2 g\u00fcndemde midir? \u0130nsan uygarl\u0131\u011f\u0131n\u0131n bug\u00fcn kar\u015f\u0131 kar\u015f\u0131ya kald\u0131\u011f\u0131 m\u00fccadele ba\u015fl\u0131klar\u0131n\u0131 nas\u0131l tan\u0131mlay\u0131p \u00e7\u00f6z\u00fcmleyebiliriz? Barbar kapitalist\/emperyalist s\u00fcr\u00fcklenmeye<span class=\"excerpt-hellip\"> [\u2026]<\/span><\/p>\n","protected":false},"featured_media":0,"template":"","meta":{"_monsterinsights_skip_tracking":false,"_monsterinsights_sitenote_active":false,"_monsterinsights_sitenote_note":"","_monsterinsights_sitenote_category":0},"product_brand":[],"product_cat":[16098,12337],"product_tag":[],"class_list":{"0":"post-710797","1":"product","2":"type-product","3":"status-publish","5":"product_cat-politik-akimlar-hareketler","6":"product_cat-politika-siyaset","7":"pa_cilt-ciltsiz","8":"pa_tur-kitap","9":"pa_yayinevi-yordam-kitap","10":"pa_yazar-samir-amin","12":"first","13":"instock","14":"sale","15":"shipping-taxable","16":"purchasable","17":"product-type-simple"},"_links":{"self":[{"href":"https:\/\/roveyayinevi.com.tr\/index.php\/wp-json\/wp\/v2\/product\/710797","targetHints":{"allow":["GET"]}}],"collection":[{"href":"https:\/\/roveyayinevi.com.tr\/index.php\/wp-json\/wp\/v2\/product"}],"about":[{"href":"https:\/\/roveyayinevi.com.tr\/index.php\/wp-json\/wp\/v2\/types\/product"}],"wp:attachment":[{"href":"https:\/\/roveyayinevi.com.tr\/index.php\/wp-json\/wp\/v2\/media?parent=710797"}],"wp:term":[{"taxonomy":"product_brand","embeddable":true,"href":"https:\/\/roveyayinevi.com.tr\/index.php\/wp-json\/wp\/v2\/product_brand?post=710797"},{"taxonomy":"product_cat","embeddable":true,"href":"https:\/\/roveyayinevi.com.tr\/index.php\/wp-json\/wp\/v2\/product_cat?post=710797"},{"taxonomy":"product_tag","embeddable":true,"href":"https:\/\/roveyayinevi.com.tr\/index.php\/wp-json\/wp\/v2\/product_tag?post=710797"}],"curies":[{"name":"wp","href":"https:\/\/api.w.org\/{rel}","templated":true}]}}

Kapitalizmden Uygarlığa

<p>Kapitalizm mümkün olan tek ufuk mudur, yoksa “sosyalist perspektif” hâlâ gündemde midir? İnsan uygarlığının bugün karşı karşıya kaldığı mücadele başlıklarını nasıl tanımlayıp çözümleyebiliriz? Barbar kapitalist/emperyalist sürüklenmeye karşı insancıl bir alternatifi nasıl oluşturabiliriz? 21. yüzyıl sosyalizmi “gerçekçi”, mümkün bir hedef midir yoksa saf ve basit bir ütopya, bir imkânsızlık mıdır? ￼Tanıtım Metni</p>

<p>Kapitalizm mümkün olan tek ufuk mudur, yoksa “sosyalist perspektif” hâlâ gündemde midir? İnsan uygarlığının bugün karşı karşıya kaldığı mücadele başlıklarını nasıl tanımlayıp çözümleyebiliriz? Barbar kapitalist/emperyalist sürüklenmeye<span class="excerpt-hellip"> […]</span></p>
