{"id":710788,"date":"2025-08-27T16:39:17","date_gmt":"2025-08-27T13:39:17","guid":{"rendered":"https:\/\/roveyayinevi.com.tr\/index.php\/urun\/buyuyen-kitaplar-dizisi-1-uctu-uctu\/"},"modified":"2026-04-11T13:38:21","modified_gmt":"2026-04-11T10:38:21","slug":"buyuyen-kitaplar-dizisi-1-uctu-uctu","status":"publish","type":"product","link":"https:\/\/roveyayinevi.com.tr\/index.php\/urun\/buyuyen-kitaplar-dizisi-1-uctu-uctu\/","title":{"rendered":"B\u00fcy\u00fcyen Kitaplar Dizisi 1 &#8211; U\u00e7tu U\u00e7tu"},"content":{"rendered":"<p>\u00c7\u0131nar Yay\u0131nlar\u0131\u2019n\u0131n B\u00fcy\u00fcyen Kitaplar serisinin ilk kitab\u0131 \u201cU\u00e7tu U\u00e7tu\u201d \u00e7ocuklara yepyeni d\u00fcnyalar\u0131n kap\u0131s\u0131n\u0131 a\u00e7\u0131yor. <\/p>\n","protected":false},"excerpt":{"rendered":"<p>\u00c7\u0131nar Yay\u0131nlar\u0131\u2019n\u0131n B\u00fcy\u00fcyen Kitaplar serisinin ilk kitab\u0131 \u201cU\u00e7tu U\u00e7tu\u201d \u00e7ocuklara yepyeni d\u00fcnyalar\u0131n kap\u0131s\u0131n\u0131 a\u00e7\u0131yor.<\/p>\n","protected":false},"featured_media":0,"template":"","meta":{"_monsterinsights_skip_tracking":false,"_monsterinsights_sitenote_active":false,"_monsterinsights_sitenote_note":"","_monsterinsights_sitenote_category":0},"product_brand":[],"product_cat":[12274,12284],"product_tag":[],"class_list":{"0":"post-710788","1":"product","2":"type-product","3":"status-publish","5":"product_cat-cocuk-ve-genclik-kitaplari","6":"product_cat-hikayeler","7":"pa_cilt-ciltsiz","8":"pa_tur-kitap","9":"pa_yayinevi-cinar-yayinlari","10":"pa_yazar-sebnem-isiguzel","12":"first","13":"instock","14":"sale","15":"shipping-taxable","16":"purchasable","17":"product-type-simple"},"_links":{"self":[{"href":"https:\/\/roveyayinevi.com.tr\/index.php\/wp-json\/wp\/v2\/product\/710788","targetHints":{"allow":["GET"]}}],"collection":[{"href":"https:\/\/roveyayinevi.com.tr\/index.php\/wp-json\/wp\/v2\/product"}],"about":[{"href":"https:\/\/roveyayinevi.com.tr\/index.php\/wp-json\/wp\/v2\/types\/product"}],"wp:attachment":[{"href":"https:\/\/roveyayinevi.com.tr\/index.php\/wp-json\/wp\/v2\/media?parent=710788"}],"wp:term":[{"taxonomy":"product_brand","embeddable":true,"href":"https:\/\/roveyayinevi.com.tr\/index.php\/wp-json\/wp\/v2\/product_brand?post=710788"},{"taxonomy":"product_cat","embeddable":true,"href":"https:\/\/roveyayinevi.com.tr\/index.php\/wp-json\/wp\/v2\/product_cat?post=710788"},{"taxonomy":"product_tag","embeddable":true,"href":"https:\/\/roveyayinevi.com.tr\/index.php\/wp-json\/wp\/v2\/product_tag?post=710788"}],"curies":[{"name":"wp","href":"https:\/\/api.w.org\/{rel}","templated":true}]}}