{"id":710784,"date":"2025-08-27T16:39:15","date_gmt":"2025-08-27T13:39:15","guid":{"rendered":"https:\/\/roveyayinevi.com.tr\/index.php\/urun\/hayvanlara-nicin-bakariz\/"},"modified":"2026-04-16T02:19:25","modified_gmt":"2026-04-15T23:19:25","slug":"hayvanlara-nicin-bakariz","status":"publish","type":"product","link":"https:\/\/roveyayinevi.com.tr\/index.php\/urun\/hayvanlara-nicin-bakariz\/","title":{"rendered":"Hayvanlara Ni\u00e7in Bakar\u0131z?"},"content":{"rendered":"<p>\u0130nsanlar ve hayvanlar aras\u0131ndaki ili\u015fkiye dair d\u00fc\u015f\u00fcnsel bir yolculuk&#8230; \u201cHayvanat bah\u00e7esi ancak hayal k\u0131r\u0131kl\u0131\u011f\u0131 yaratabilir. Hayvanat bah\u00e7elerinin kamusal amac\u0131 ziyaret\u00e7ilere hayvanlara bakma olana\u011f\u0131 sa\u011flamakt\u0131r. Oysa hayvanat bah\u00e7esine gelen hi\u00e7bir yabanc\u0131 bir hayvanla g\u00f6z g\u00f6ze gelemez. Olsa olsa hayvan\u0131n bak\u0131\u015f\u0131 \u015f\u00f6yle bir parlar, sonra ona bakandan uzakla\u015f\u0131r. Hayvanlar ba\u015fka yana bakarlar. G\u00f6rmeden uzaklara bakarlar. D\u0131\u015f d\u00fcnyay\u0131 mekanik olarak tararlar. Kar\u015f\u0131la\u015fmalara kar\u015f\u0131 ba\u011f\u0131\u015f\u0131kl\u0131k kazanm\u0131\u015flard\u0131r, \u00e7\u00fcnk\u00fc hi\u00e7bir \u015feyin art\u0131k onlar\u0131n dikkatini \u00e7ekecek kadar merkezi bir \u00f6nemi kalmam\u0131\u015ft\u0131r.\u201d \u00dclkemizde G\u00f6rme Bi\u00e7imleri isimli yap\u0131t\u0131yla tan\u0131nan \u0130ngiliz yazar, ele\u015ftirmen, \u015fair John Berger, hayvanlar ve insanlar aras\u0131ndaki ileti\u015fimi sorgulad\u0131\u011f\u0131 Hayvanlara Ni\u00e7in Bakar\u0131z? kitab\u0131nda g\u00fcn\u00fcm\u00fcz toplumuna dair etkileyici bir bak\u0131\u015f sunmakta. Cevat \u00c7apan taraf\u0131ndan T\u00fcrk\u00e7ele\u015ftirilen eser, yak\u0131n ge\u00e7mi\u015fte kaybetti\u011fimiz Berger\u2019\u0131n insan, hayvan ve do\u011fa denklemini ele ald\u0131\u011f\u0131, 21. y\u00fczy\u0131l insan\u0131n\u0131 bunun \u00fczerine sorgulamaya te\u015fvik etti\u011fi, farkl\u0131 makalelerden olu\u015fuyor. Hayvanat bah\u00e7eleri neden var? Modern kapitalist toplumlarda insanlarla hayvanlar aras\u0131ndaki ili\u015fki nas\u0131l kayboldu? Eski \u00e7a\u011flarda hayvanlara bakt\u0131\u011f\u0131m\u0131zda ne g\u00f6r\u00fcyorduk, \u015fimdi ne g\u00f6r\u00fcyoruz? Bunlar gibi, hem \u015fa\u015f\u0131rt\u0131c\u0131  hem de ele\u015ftirel sorularla okurlar\u0131n\u0131 d\u00fc\u015f\u00fcnsel bir yolculu\u011fa \u00e7\u0131karan Berger, kendine has, mesafesiz \u00fcslubuyla, g\u00f6z ard\u0131 etmeyi reddedip bizleri al\u0131\u015f\u0131ld\u0131k olan\u0131 sorgulamaya, derinlikli d\u00fc\u015f\u00fcnmeye davet ediyor. <\/p>\n","protected":false},"excerpt":{"rendered":"<p>\u0130nsanlar ve hayvanlar aras\u0131ndaki ili\u015fkiye dair d\u00fc\u015f\u00fcnsel bir yolculuk&#8230; \u201cHayvanat bah\u00e7esi ancak hayal k\u0131r\u0131kl\u0131\u011f\u0131 yaratabilir. Hayvanat bah\u00e7elerinin kamusal amac\u0131 ziyaret\u00e7ilere hayvanlara bakma olana\u011f\u0131 sa\u011flamakt\u0131r. Oysa hayvanat<span class=\"excerpt-hellip\"> [\u2026]<\/span><\/p>\n","protected":false},"featured_media":0,"template":"","meta":{"_monsterinsights_skip_tracking":false,"_monsterinsights_sitenote_active":false,"_monsterinsights_sitenote_note":"","_monsterinsights_sitenote_category":0},"product_brand":[],"product_cat":[12312,12304],"product_tag":[],"class_list":{"0":"post-710784","1":"product","2":"type-product","3":"status-publish","5":"product_cat-diger","6":"product_cat-tarih","7":"pa_cilt-ciltsiz","8":"pa_tur-kitap","9":"pa_yayinevi-delidolu","10":"pa_yazar-john-berger","12":"first","13":"instock","14":"sale","15":"shipping-taxable","16":"purchasable","17":"product-type-simple"},"_links":{"self":[{"href":"https:\/\/roveyayinevi.com.tr\/index.php\/wp-json\/wp\/v2\/product\/710784","targetHints":{"allow":["GET"]}}],"collection":[{"href":"https:\/\/roveyayinevi.com.tr\/index.php\/wp-json\/wp\/v2\/product"}],"about":[{"href":"https:\/\/roveyayinevi.com.tr\/index.php\/wp-json\/wp\/v2\/types\/product"}],"wp:attachment":[{"href":"https:\/\/roveyayinevi.com.tr\/index.php\/wp-json\/wp\/v2\/media?parent=710784"}],"wp:term":[{"taxonomy":"product_brand","embeddable":true,"href":"https:\/\/roveyayinevi.com.tr\/index.php\/wp-json\/wp\/v2\/product_brand?post=710784"},{"taxonomy":"product_cat","embeddable":true,"href":"https:\/\/roveyayinevi.com.tr\/index.php\/wp-json\/wp\/v2\/product_cat?post=710784"},{"taxonomy":"product_tag","embeddable":true,"href":"https:\/\/roveyayinevi.com.tr\/index.php\/wp-json\/wp\/v2\/product_tag?post=710784"}],"curies":[{"name":"wp","href":"https:\/\/api.w.org\/{rel}","templated":true}]}}