{"id":710782,"date":"2025-08-27T16:39:14","date_gmt":"2025-08-27T13:39:14","guid":{"rendered":"https:\/\/roveyayinevi.com.tr\/index.php\/urun\/asktan-olumden-baska-bir-sey-kalmadi-metin-erksan-ile-soylesiler\/"},"modified":"2026-04-16T02:19:25","modified_gmt":"2026-04-15T23:19:25","slug":"asktan-olumden-baska-bir-sey-kalmadi-metin-erksan-ile-soylesiler","status":"publish","type":"product","link":"https:\/\/roveyayinevi.com.tr\/index.php\/urun\/asktan-olumden-baska-bir-sey-kalmadi-metin-erksan-ile-soylesiler\/","title":{"rendered":"A\u015fktan, \u00d6l\u00fcmden Ba\u015fka Bir \u015eey Kalmad\u0131: Metin Erksan \u0130le S\u00f6yle\u015filer"},"content":{"rendered":"<p>\u201cKarag\u00f6z ve Hacivat besbelli, toplumu \u00e7ok \u015fiddetli bir \u015fekilde siyasal, ekonomik, toplumsal olarak ele\u015ftiriyorlard\u0131. Bundan rahats\u0131z olan siyasal yetke, en son yapaca\u011f\u0131 \u015feyi ilk ba\u015fta yapt\u0131. Kafalar\u0131n\u0131 vurdurdu. Buradan bizim \u00e7ok b\u00fcy\u00fck \u015feyler \u00e7\u0131karmam\u0131z laz\u0131m. Yani Karag\u00f6z\u2019\u00fcn bi\u00e7imsel \u00f6zellikleri d\u0131\u015f\u0131nda, evvela m\u00fcthi\u015f bir muhtevas\u0131 var.\u201d <\/p>\n","protected":false},"excerpt":{"rendered":"<p>\u201cKarag\u00f6z ve Hacivat besbelli, toplumu \u00e7ok \u015fiddetli bir \u015fekilde siyasal, ekonomik, toplumsal olarak ele\u015ftiriyorlard\u0131. Bundan rahats\u0131z olan siyasal yetke, en son yapaca\u011f\u0131 \u015feyi ilk ba\u015fta yapt\u0131.<span class=\"excerpt-hellip\"> [\u2026]<\/span><\/p>\n","protected":false},"featured_media":0,"template":"","meta":{"_monsterinsights_skip_tracking":false,"_monsterinsights_sitenote_active":false,"_monsterinsights_sitenote_note":"","_monsterinsights_sitenote_category":0},"product_brand":[],"product_cat":[12364,12826],"product_tag":[],"class_list":{"0":"post-710782","1":"product","2":"type-product","3":"status-publish","5":"product_cat-genel-konular","6":"product_cat-soylesi","7":"pa_cilt-ciltsiz","8":"pa_tur-kitap","9":"pa_yayinevi-kirmizi-kedi-yayinevi","10":"pa_yazar-metin-erksan","12":"first","13":"instock","14":"sale","15":"shipping-taxable","16":"purchasable","17":"product-type-simple"},"_links":{"self":[{"href":"https:\/\/roveyayinevi.com.tr\/index.php\/wp-json\/wp\/v2\/product\/710782","targetHints":{"allow":["GET"]}}],"collection":[{"href":"https:\/\/roveyayinevi.com.tr\/index.php\/wp-json\/wp\/v2\/product"}],"about":[{"href":"https:\/\/roveyayinevi.com.tr\/index.php\/wp-json\/wp\/v2\/types\/product"}],"wp:attachment":[{"href":"https:\/\/roveyayinevi.com.tr\/index.php\/wp-json\/wp\/v2\/media?parent=710782"}],"wp:term":[{"taxonomy":"product_brand","embeddable":true,"href":"https:\/\/roveyayinevi.com.tr\/index.php\/wp-json\/wp\/v2\/product_brand?post=710782"},{"taxonomy":"product_cat","embeddable":true,"href":"https:\/\/roveyayinevi.com.tr\/index.php\/wp-json\/wp\/v2\/product_cat?post=710782"},{"taxonomy":"product_tag","embeddable":true,"href":"https:\/\/roveyayinevi.com.tr\/index.php\/wp-json\/wp\/v2\/product_tag?post=710782"}],"curies":[{"name":"wp","href":"https:\/\/api.w.org\/{rel}","templated":true}]}}